000
CXUS54 KFWD 270730
CF6DFW
PRELIMINARY LOCAL CLIMATOLOGICAL DATA (WS FORM: F-6)

                                          STATION:   DALLAS FORT WORTH
                                          MONTH:     MAY
                                          YEAR:      2015
                                          LATITUDE:   32 54 N
                                          LONGITUDE:  97  2 W

  TEMPERATURE IN F:       :PCPN:    SNOW:  WIND      :SUNSHINE: SKY     :PK WND
================================================================================
1   2   3   4   5  6A  6B    7    8   9   10  11  12  13   14  15   16   17  18
                                     12Z  AVG MX 2MIN
DY MAX MIN AVG DEP HDD CDD  WTR  SNW DPTH SPD SPD DIR MIN PSBL S-S WX    SPD DR
================================================================================

 1  82  54  68  -2   0   3 0.00  0.0    0  5.5 12 240   M    M   2        13 150
 2  81  59  70   0   0   5 0.00  0.0    0  8.0 16 180   M    M   2        22 210
 3  79  60  70   0   0   5 0.00  0.0    0 11.3 20 160   M    M   3        28 200
 4  81  65  73   3   0   8 0.00  0.0    0 13.1 23 140   M    M   7        27 140
 5  81  61  71   0   0   6 0.14  0.0    0 15.5 30 130   M    M   8 13     38 140
 6  82  68  75   4   0  10 0.43  0.0    0 15.3 24 170   M    M   9 13     31 170
 7  82  64  73   2   0   8 1.34  0.0    0 12.2 31 230   M    M   9 13     43 260
 8  83  67  75   3   0  10    T  0.0    0 12.2 29 150   M    M   8 13     36 150
 9  82  69  76   4   0  11 0.04  0.0    0 13.0 26 170   M    M   9 13     34 170
10  79  63  71  -1   0   6 1.49  0.0    0 10.2 31 250   M    M  10 13     39 240
11  73  60  67  -5   0   2 0.00  0.0    0 11.2 21 350   M    M   8        26  20
12  72  58  65  -8   0   0 0.06  0.0    0  8.3 16  60   M    M  10 13     20  60
13  69  62  66  -7   0   1 1.11  0.0    0 10.1 18 250   M    M   9 13     25 140
14  83  64  74   1   0   9    T  0.0    0 10.3 18 150   M    M   9 1      23 140
15  78  68  73  -1   0   8 0.01  0.0    0 12.0 21 170   M    M   9        26 180
16  84  69  77   3   0  12    T  0.0    0 16.3 28 160   M    M   9 3      35 150
17  79  64  72  -2   0   7 1.68  0.0    0  9.5 31 170   M    M   8 13     40 170
18  88  64  76   2   0  11 0.00  0.0    0  5.6 20 140   M    M   4 1      25 130
19  80  70  75   0   0  10    T  0.0    0 12.1 23 130   M    M  10 3      30 130
20  86  62  74  -1   0   9    T  0.0    0 12.8 22  10   M    M   8        27  10
21  66  55  61 -14   4   0 0.57  0.0    0 10.3 25  30   M    M  10 13     32  40
22  68  57  63 -13   2   0 0.55  0.0    0  7.5 17 120   M    M  10 13     22 110
23  81  67  74  -2   0   9 0.73  0.0    0 12.8 28 150   M    M   9 13     38 140
24  76  63  70  -6   0   5 3.30  0.0    0  9.7 21 190   M    M   8 13     24 200
25  76  59  68  -8   0   3 0.43  0.0    0 10.4 30 320   M    M   9 123    43 280
26  81  58  70  -7   0   5 0.43  0.0    0  9.7 36 180   M    M   9 13     47 190
================================================================================
SM 2052 1630         6 163 12.31     0.0 284.9          M      206
================================================================================
AV 78.9 62.7                              11.0 FASTST   M    M   8    MAX(MPH)
                                 MISC ---->  # 36 180               # 47  190
================================================================================
NOTES:
# LAST OF SEVERAL OCCURRENCES

COLUMN 17 PEAK WIND IN M.P.H.

PRELIMINARY LOCAL CLIMATOLOGICAL DATA (WS FORM: F-6) , PAGE 2

                                          STATION:  DALLAS FORT WORTH
                                          MONTH:    MAY
                                          YEAR:     2015
                                          LATITUDE:   32 54 N
                                          LONGITUDE:  97  2 W

[TEMPERATURE DATA]      [PRECIPITATION DATA]       SYMBOLS USED IN COLUMN 16

AVERAGE MONTHLY: 70.8   TOTAL FOR MONTH:  12.31    1 = FOG OR MIST
DPTR FM NORMAL:  -2.3   DPTR FM NORMAL:    8.20    2 = FOG REDUCING VISIBILITY
HIGHEST:    88 ON 18    GRTST 24HR  4.02 ON 23-24      TO 1/4 MILE OR LESS
LOWEST:     54 ON  1                               3 = THUNDER
                        SNOW, ICE PELLETS, HAIL    4 = ICE PELLETS
                        TOTAL MONTH:   0.0 INCH    5 = HAIL
                        GRTST 24HR     0.0         6 = FREEZING RAIN OR DRIZZLE
                        GRTST DEPTH:   0           7 = DUSTSTORM OR SANDSTORM:
                                                       VSBY 1/2 MILE OR LESS
                                                   8 = SMOKE OR HAZE
[NO. OF DAYS WITH]      [WEATHER - DAYS WITH]      9 = BLOWING SNOW
                                                   X = TORNADO
MAX 32 OR BELOW:   0    0.01 INCH OR MORE:  15
MAX 90 OR ABOVE:   0    0.10 INCH OR MORE:  12
MIN 32 OR BELOW:   0    0.50 INCH OR MORE:   8
MIN  0 OR BELOW:   0    1.00 INCH OR MORE:   5

[HDD (BASE 65) ]
TOTAL THIS MO.     6    CLEAR  (SCALE 0-3)   3
DPTR FM NORMAL     0    PTCLDY (SCALE 4-7)   7
TOTAL FM JUL 1  2399    CLOUDY (SCALE 8-10) 16
DPTR FM NORMAL   117

[CDD (BASE 65) ]
TOTAL THIS MO.   163
DPTR FM NORMAL   -59    [PRESSURE DATA]
TOTAL FM JAN 1   286    HIGHEST SLP M ON M
DPTR FM NORMAL   -74    LOWEST  SLP 29.68 ON 16

[REMARKS]
