000
CXUS54 KAMA 211015
CF6DHT
PRELIMINARY LOCAL CLIMATOLOGICAL DATA (WS FORM: F-6)

                                          STATION:   DALHART
                                          MONTH:     NOVEMBER
                                          YEAR:      2017
                                          LATITUDE:   36  1 N
                                          LONGITUDE: 102 33 W

  TEMPERATURE IN F:       :PCPN:    SNOW:  WIND      :SUNSHINE: SKY     :PK WND
================================================================================
1   2   3   4   5  6A  6B    7    8   9   10  11  12  13   14  15   16   17  18
                                     12Z  AVG MX 2MIN
DY MAX MIN AVG DEP HDD CDD  WTR  SNW DPTH SPD SPD DIR MIN PSBL S-S WX    SPD DR
================================================================================

 1  83  37  60  10   5   0 0.00  0.0    0 11.4 20 250   M    M   0        25 250
 2  68  37  53   3  12   0 0.00  0.0    0 11.2 20  30   M    M   0 1      23  40
 3  71  38  55   6  10   0 0.00  0.0    0  8.4 20 190   M    M   5 1      24 190
 4  85  48  67  18   0   2 0.00  0.0    0 10.3 25 260   M    M   0        33 270
 5  80  39  60  11   5   0 0.00  0.0    0 12.1 22  80   M    M   0 1      30 260
 6  63  37  50   2  15   0 0.00  0.0    0  8.4 21 100   M    M   5 128    24 100
 7  46  31  39  -9  26   0 0.01  0.3    0 12.3 18  50   M    M   9 18     22  50
 8  49  30  40  -7  25   0 0.12  2.0    2  4.8 12 210   M    M   6 1      17 250
 9  59  27  43  -4  22   0 0.00  0.0    0  7.6 15 160   M    M   0        18 150
10  70  39  55   9  10   0 0.00  0.0    0 15.5 23 180   M    M   4 1      30 180
11  72  43  58  12   7   0 0.00  0.0    0  9.7 22 210   M    M   1 1      27 210
12  51  36  44  -2  21   0 0.00  0.0    0 10.4 23  20   M    M   5 18     29  10
13  67  45  56  11   9   0 0.00  0.0    0 13.1 24 220   M    M   5 1      30 220
14  84  36  60  15   5   0 0.00  0.0    0 10.1 20 340   M    M   0 1      25 340
15  59  42  51   7  14   0 0.00  0.0    0 14.0 26  20   M    M   0        34 350
16  78  36  57  13   8   0 0.00  0.0    0 11.8 23 210   M    M   0        29 220
17  87  48  68  25   0   3 0.00  0.0    0 16.4 32 240   M    M   0        42 250
18  62  29  46   3  19   0    T  0.0    0 16.9 38 360   M    M   2        45  10
19  62  21  42   0  23   0 0.00  0.0    0 11.4 26 210   M    M   0        32 210
20  70  20  45   3  20   0 0.00  0.0    0  8.1 14 310   M    M   0        17 320
================================================================================
SM 1366  719       256   5  0.13     2.3 223.9          M       42
================================================================================
AV 68.3 36.0                              11.2 FASTST   M    M   2    MAX(MPH)
                                 MISC ---->  # 38 360               # 45   10
================================================================================
NOTES:
# LAST OF SEVERAL OCCURRENCES

COLUMN 17 PEAK WIND IN M.P.H.

PRELIMINARY LOCAL CLIMATOLOGICAL DATA (WS FORM: F-6) , PAGE 2

                                          STATION:  DALHART
                                          MONTH:    NOVEMBER
                                          YEAR:     2017
                                          LATITUDE:   36  1 N
                                          LONGITUDE: 102 33 W

[TEMPERATURE DATA]      [PRECIPITATION DATA]       SYMBOLS USED IN COLUMN 16

AVERAGE MONTHLY: 52.1   TOTAL FOR MONTH:   0.13    1 = FOG OR MIST
DPTR FM NORMAL:   6.0   DPTR FM NORMAL:   -0.31    2 = FOG REDUCING VISIBILITY
HIGHEST:    87 ON 17    GRTST 24HR  0.12 ON  8- 8      TO 1/4 MILE OR LESS
LOWEST:     20 ON 20                               3 = THUNDER
                        SNOW, ICE PELLETS, HAIL    4 = ICE PELLETS
                        TOTAL MONTH:   2.3 INCHES  5 = HAIL
                        GRTST 24HR   2.0 ON  8- 8  6 = FREEZING RAIN OR DRIZZLE
                        GRTST DEPTH:   2 ON  8     7 = DUSTSTORM OR SANDSTORM:
                                                       VSBY 1/2 MILE OR LESS
                                                   8 = SMOKE OR HAZE
[NO. OF DAYS WITH]      [WEATHER - DAYS WITH]      9 = BLOWING SNOW
                                                   X = TORNADO
MAX 32 OR BELOW:   0    0.01 INCH OR MORE:   2
MAX 90 OR ABOVE:   0    0.10 INCH OR MORE:   1
MIN 32 OR BELOW:   6    0.50 INCH OR MORE:   0
MIN  0 OR BELOW:   0    1.00 INCH OR MORE:   0

[HDD (BASE 65) ]
TOTAL THIS MO.   256    CLEAR  (SCALE 0-3)  13
DPTR FM NORMAL  -121    PTCLDY (SCALE 4-7)   6
TOTAL FM JUL 1   533    CLOUDY (SCALE 8-10)  1
DPTR FM NORMAL  -204

[CDD (BASE 65) ]
TOTAL THIS MO.     5
DPTR FM NORMAL     5    [PRESSURE DATA]
TOTAL FM JAN 1  1349    HIGHEST SLP M ON M
DPTR FM NORMAL   211    LOWEST  SLP 29.50 ON  1

[REMARKS]
