000
CXUS54 KAMA 291015
CF6DHT
PRELIMINARY LOCAL CLIMATOLOGICAL DATA (WS FORM: F-6)

                                          STATION:   DALHART
                                          MONTH:     MAY
                                          YEAR:      2017
                                          LATITUDE:   36  1 N
                                          LONGITUDE: 102 33 W

  TEMPERATURE IN F:       :PCPN:    SNOW:  WIND      :SUNSHINE: SKY     :PK WND
================================================================================
1   2   3   4   5  6A  6B    7    8   9   10  11  12  13   14  15   16   17  18
                                     12Z  AVG MX 2MIN
DY MAX MIN AVG DEP HDD CDD  WTR  SNW DPTH SPD SPD DIR MIN PSBL S-S WX    SPD DR
================================================================================

 1  71  31  51  -7  14   0 0.00  0.0    M  8.2 17 190   M    M   0        21 210
 2  75  41  58  -1   7   0 0.02  0.0    0 13.1 39 360   M    M   1 3      54 360
 3  63  40  52  -7  13   0 0.01  0.0    0 13.8 38  10   M    M   7 1      45  20
 4  72  36  54  -6  11   0 0.00  0.0    0  7.5 13  30   M    M   0        18  60
 5  80  40  60   0   5   0 0.00  0.0    0  8.7 17 210   M    M   0        20 210
 6  86  48  67   7   0   2 0.00  0.0    0 12.9 25 150   M    M   0        31 150
 7  87  49  68   8   0   3 0.00  0.0    0 15.9 35 170   M    M   0        45 150
 8  83  53  68   7   0   3 0.00  0.0    0 14.4 30 130   M    M   2        38 120
 9  77  55  66   5   0   1 0.56  0.0    0 12.4 24 320   M    M   7 13     31 320
10  75  49  62   0   3   0 0.17  0.0    0 10.5 30 270   M    M   4 13     39 270
11  66  47  57  -5   8   0 0.00  0.0    0 18.3 30 360   M    M   5        38 350
12  73  43  58  -4   7   0 0.00  0.0    0  7.3 13 120   M    M   0        22  10
13  86  43  65   3   0   0 0.00  0.0    0 14.6 28 190   M    M   0        35 210
14  91  48  70   7   0   5 0.01    M    0 10.2 37 180   M    M   0 3      46 180
15  88  56  72   9   0   7 0.00  0.0    0 15.9 31 180   M    M   0        40 190
16  86  49  68   5   0   3 0.00  0.0    0 15.6 40 250   M    M   0 8      49 250
17  79  49  64   0   1   0 0.06  0.0    0 17.4 37 300   M    M   1 1      45 300
18  79  43  61  -3   4   0 0.00  0.0    0 15.9 31 210   M    M   0 8      39 210
19  64  45  55  -9  10   0 0.07    M    0 17.8 29 350   M    M   7 13     35 360
20  69  34  52 -13  13   0 0.00  0.0    0  7.1 14 330   M    M   1        20 320
21  80  40  60  -5   5   0 0.14  0.0    0 15.1 32 190   M    M   2        40 180
22  70  50  60  -5   5   0 0.26  0.0    0  9.3 30 360   M    M   7 13     38  10
23  67  45  56 -10   9   0    T  0.0    0 16.3 33 360   M    M   6        40 360
24  83  40  62  -4   3   0 0.00  0.0    0 11.4 26 240   M    M   0        33 240
25  92  49  71   5   0   6 0.00  0.0    0 13.4 31 230   M    M   0 8      39 220
26  86  55  71   4   0   6 0.00  0.0    0 12.0 20 360   M    M   0        23 360
27  81  48  65  -2   0   0 0.00  0.0    0 14.8 40 360   M    M   2 8      50  10
28  78  51  65  -2   0   0 0.00  0.0    0 10.8 23  10   M    M   2        27 350
================================================================================
SM 2187 1277       118  36  1.30     0.0 360.6          M       54
================================================================================
AV 78.1 45.6                              12.9 FASTST   M    M   2    MAX(MPH)
                                 MISC ---->  # 40 250               # 54  360
================================================================================
NOTES:
# LAST OF SEVERAL OCCURRENCES

COLUMN 17 PEAK WIND IN M.P.H.

PRELIMINARY LOCAL CLIMATOLOGICAL DATA (WS FORM: F-6) , PAGE 2

                                          STATION:  DALHART
                                          MONTH:    MAY
                                          YEAR:     2017
                                          LATITUDE:   36  1 N
                                          LONGITUDE: 102 33 W

[TEMPERATURE DATA]      [PRECIPITATION DATA]       SYMBOLS USED IN COLUMN 16

AVERAGE MONTHLY: 61.9   TOTAL FOR MONTH:   1.30    1 = FOG OR MIST
DPTR FM NORMAL:  -1.0   DPTR FM NORMAL:   -0.68    2 = FOG REDUCING VISIBILITY
HIGHEST:    92 ON 25    GRTST 24HR  0.56 ON  9- 9      TO 1/4 MILE OR LESS
LOWEST:     31 ON  1                               3 = THUNDER
                        SNOW, ICE PELLETS, HAIL    4 = ICE PELLETS
                        TOTAL MONTH:   0.0 INCH    5 = HAIL
                        GRTST 24HR     0.0         6 = FREEZING RAIN OR DRIZZLE
                        GRTST DEPTH:   0           7 = DUSTSTORM OR SANDSTORM:
                                                       VSBY 1/2 MILE OR LESS
                                                   8 = SMOKE OR HAZE
[NO. OF DAYS WITH]      [WEATHER - DAYS WITH]      9 = BLOWING SNOW
                                                   X = TORNADO
MAX 32 OR BELOW:   0    0.01 INCH OR MORE:   9
MAX 90 OR ABOVE:   2    0.10 INCH OR MORE:   4
MIN 32 OR BELOW:   1    0.50 INCH OR MORE:   1
MIN  0 OR BELOW:   0    1.00 INCH OR MORE:   0

[HDD (BASE 65) ]
TOTAL THIS MO.   118    CLEAR  (SCALE 0-3)  21
DPTR FM NORMAL     7    PTCLDY (SCALE 4-7)   7
TOTAL FM JUL 1  3634    CLOUDY (SCALE 8-10)  0
DPTR FM NORMAL -1079

[CDD (BASE 65) ]
TOTAL THIS MO.    36
DPTR FM NORMAL   -17    [PRESSURE DATA]
TOTAL FM JAN 1    71    HIGHEST SLP M ON M
DPTR FM NORMAL    12    LOWEST  SLP 29.37 ON 16

[REMARKS]
