316
CXUS54 KEPZ 221200
CF6DMN
PRELIMINARY LOCAL CLIMATOLOGICAL DATA (WS FORM: F-6)

                                          STATION:   DEMING
                                          MONTH:     SEPTEMBER
                                          YEAR:      2017
                                          LATITUDE:   32 15 N
                                          LONGITUDE: 107 42 W

  TEMPERATURE IN F:       :PCPN:    SNOW:  WIND      :SUNSHINE: SKY     :PK WND
================================================================================
1   2   3   4   5  6A  6B    7    8   9   10  11  12  13   14  15   16   17  18
                                     12Z  AVG MX 2MIN
DY MAX MIN AVG DEP HDD CDD  WTR  SNW DPTH SPD SPD DIR MIN PSBL S-S WX    SPD DR
================================================================================

 1  91  60  76   0   0  11 0.00  0.0    0  7.0 14 170   M    M   0        21  90
 2  90  60  75  -1   0  10 0.00  0.0    0  6.2 14 110   M    M   0        18 110
 3  95  59  77   1   0  12 0.00  0.0    0  5.1 16 130   M    M   0        20 120
 4  93  59  76   0   0  11 0.00  0.0    0  5.1 15 100   M    M   0        20  90
 5  92  63  78   2   0  13 0.00  0.0    0 10.3 20 120   M    M   0        25 120
 6   M  62   M   M   M   M 0.00  0.0    0  8.2 12  80   M    M   0         M  M
 7  93   M   M   M   M   M 0.00  0.0    0  4.6 10 200   M    M   0         M  M
 8  92  59  76   1   0  11    T  0.0    0  5.9 20 130   M    M   2 3      31 160
 9  90  62  76   1   0  11 0.37  0.0    0  6.3 29 260   M    M   4 3      41 270
10  89  59  74   0   0   9 0.00  0.0    0  8.1 17  80   M    M   1        24  90
11  91  64  78   4   0  13 0.00  0.0    0  7.3 14  80   M    M   0        18  80
12  95  56  76   2   0  11 0.00  0.0    0  4.1 10 300   M    M   0        14 240
13  99  58  79   5   0  14 0.00  0.0    0  7.6 22  40   M    M   0        29  30
14  95  60  78   4   0  13 0.00  0.0    0  8.9 24 230   M    M   0        30 230
15  91  66  79   6   0  14 0.00  0.0    0 11.1 23 260   M    M   1        31 260
16  90  58  74   1   0   9 0.00  0.0    0  5.2 15 260   M    M   2        19 210
17  91  58  75   2   0  10 0.21  0.0    0  5.8 32 290   M    M   2 3      40 290
18  91  55  73   1   0   8 0.00  0.0    0  6.5 20 280   M    M   0 8      27 230
19  91  56  74   2   0   9 0.00  0.0    0 11.0 25 280   M    M   1 8      34 250
20  90  56  73   1   0   8 0.00  0.0    0  9.5 22 290   M    M   0 8      29 290
21  91  58  75   4   0  10 0.00  0.0    0  8.4 21 260   M    M   1        27 240
================================================================================
SM 1840 1188         0 207  0.58     0.0 152.2          M       14
================================================================================
AV 92.0 59.4                               7.2 FASTST   M    M   1    MAX(MPH)
                                 MISC ---->  # 32 290               # 41  270
================================================================================
NOTES:
# LAST OF SEVERAL OCCURRENCES

COLUMN 17 PEAK WIND IN M.P.H.

PRELIMINARY LOCAL CLIMATOLOGICAL DATA (WS FORM: F-6) , PAGE 2

                                          STATION:  DEMING
                                          MONTH:    SEPTEMBER
                                          YEAR:     2017
                                          LATITUDE:   32 15 N
                                          LONGITUDE: 107 42 W

[TEMPERATURE DATA]      [PRECIPITATION DATA]       SYMBOLS USED IN COLUMN 16

AVERAGE MONTHLY: 75.7   TOTAL FOR MONTH:   0.58    1 = FOG OR MIST
DPTR FM NORMAL:   1.6   DPTR FM NORMAL:   -0.34    2 = FOG REDUCING VISIBILITY
HIGHEST:    99 ON 13    GRTST 24HR  0.37 ON  9- 9      TO 1/4 MILE OR LESS
LOWEST:     55 ON 18                               3 = THUNDER
                        SNOW, ICE PELLETS, HAIL    4 = ICE PELLETS
                        TOTAL MONTH:   0.0 INCH    5 = HAIL
                        GRTST 24HR     0.0         6 = FREEZING RAIN OR DRIZZLE
                        GRTST DEPTH:   0           7 = DUSTSTORM OR SANDSTORM:
                                                       VSBY 1/2 MILE OR LESS
                                                   8 = SMOKE OR HAZE
[NO. OF DAYS WITH]      [WEATHER - DAYS WITH]      9 = BLOWING SNOW
                                                   X = TORNADO
MAX 32 OR BELOW:   0    0.01 INCH OR MORE:   2
MAX 90 OR ABOVE:  19    0.10 INCH OR MORE:   2
MIN 32 OR BELOW:   0    0.50 INCH OR MORE:   0
MIN  0 OR BELOW:   0    1.00 INCH OR MORE:   0

[HDD (BASE 65) ]
TOTAL THIS MO.     0    CLEAR  (SCALE 0-3)  20
DPTR FM NORMAL     0    PTCLDY (SCALE 4-7)   1
TOTAL FM JUL 1     0    CLOUDY (SCALE 8-10)  0
DPTR FM NORMAL     0

[CDD (BASE 65) ]
TOTAL THIS MO.   207
DPTR FM NORMAL    15    [PRESSURE DATA]
TOTAL FM JAN 1  1736    HIGHEST SLP M ON M
DPTR FM NORMAL   114    LOWEST  SLP 29.61 ON 13

[REMARKS]
