000
CXUS55 KCAE 301400
CF6DNL
PRELIMINARY LOCAL CLIMATOLOGICAL DATA (WS FORM: F-6)

                                          STATION:   AUGUSTA DANIEL FIELD GA
                                          MONTH:     SEPTEMBER
                                          YEAR:      2014
                                          LATITUDE:   33 28 N
                                          LONGITUDE:  82  2 W

  TEMPERATURE IN F:       :PCPN:    SNOW:  WIND      :SUNSHINE: SKY     :PK WND
================================================================================
1   2   3   4   5  6A  6B    7    8   9   10  11  12  13   14  15   16   17  18
                                     12Z  AVG MX 2MIN
DY MAX MIN AVG DEP HDD CDD  WTR  SNW DPTH SPD SPD DIR MIN PSBL S-S WX    SPD DR
================================================================================

 1  98  74  86   7   0  21 0.05    M    M  3.6 16 350   M    M   1 3      23 340
 2  96  74  85   6   0  20 0.17    M    M  4.6 26 150   M    M   1 3      35 170
 3  95  72  84   5   0  19 0.10    M    M  4.7 15 320   M    M   2 13     20 180
 4  94  75  85   7   0  20    T    M    M  5.8 17 160   M    M   1 13     22 160
 5  94  75  85   7   0  20 0.00    M    M  5.5 15 130   M    M   2        20 160
 6  92  75  84   6   0  19 0.00    M    M  4.3 12 190   M    M   4 1      17 170
 7  91  75  83   5   0  18 0.20    M    M  4.7 15 320   M    M   3 13     21 320
 8  85  72  79   1   0  14    T    M    M  6.3 14 350   M    M   8        18 350
 9  83  70  77   0   0  12 0.00    M    M  5.4  9  80   M    M   9        13  10
10  88  71  80   3   0  15 0.00    M    M  3.4  9 100   M    M   5        13 150
11  95  73  84   7   0  19 0.00    M    M  3.3 10 210   M    M   3 1      15 260
12  95  76  86   9   0  21 0.00    M    M  4.7 15 310   M    M   2 3      19 290
13  89  75  82   6   0  17 0.04    M    M  4.7 17 180   M    M   2 13     22 170
14  76  72  74  -2   0   9 1.81    M    M  6.0 13  40   M    M  10 13     17  50
15  77  70  74  -2   0   9 0.09    M    M  3.2  8  30   M    M  10 18     10  40
16  90  71  81   5   0  16 0.53    M    M  3.1 15  70   M    M   5 13     20  60
17  86  70  78   3   0  13 0.69    M    M  4.0 14  30   M    M   4 138    17  30
18  85  68  77   2   0  12 0.00    M    M  4.4 13 180   M    M   6 1      16 180
19  84  70  77   2   0  12    T    M    M  8.1 18  90   M    M   3        26  80
20  86  67  77   3   0  12 0.00    M    M  9.5 17  60   M    M   0        25  50
21  89  65  77   3   0  12 0.00    M    M  6.3 14 280   M    M   0        20 260
22  76  67  72  -2   0   7 0.13    M    M  5.8 15  50   M    M   7 1      19  60
23  77  58  68  -6   0   3 0.00    M    M 10.0 17  20   M    M   6        22  20
24  67  56  62 -11   3   0 0.08    M    M  9.2 17 350   M    M   9 1      24  40
25  71  63  67  -6   0   2    T    M    M  6.9 12  10   M    M  10 1      16 360
26  73  67  70  -3   0   5    T    M    M  8.1 14  50   M    M  10 18     18  30
27  81  68  75   3   0  10    T    M    M  7.3 14  60   M    M  10        17  60
28  81  69  75   3   0  10    T    M    M  7.4 14  60   M    M   9        19  80
29  74  68  71  -1   0   6 0.15    M    M  5.8 10  50   M    M  10 1      13  40
================================================================================
SM 2468 2026         3 373  4.04    M    166.1          M      152
================================================================================
AV 85.1 69.9                               5.7 FASTST   M    M   5    MAX(MPH)
                                 MISC ---->  # 26 150               # 35  170
================================================================================
NOTES:
# LAST OF SEVERAL OCCURRENCES

COLUMN 17 PEAK WIND IN M.P.H.

PRELIMINARY LOCAL CLIMATOLOGICAL DATA (WS FORM: F-6) , PAGE 2

                                          STATION:  AUGUSTA DANIEL FIELD GA
                                          MONTH:    SEPTEMBER
                                          YEAR:     2014
                                          LATITUDE:   33 28 N
                                          LONGITUDE:  82  2 W

[TEMPERATURE DATA]      [PRECIPITATION DATA]       SYMBOLS USED IN COLUMN 16

AVERAGE MONTHLY: 77.5   TOTAL FOR MONTH:   4.04    1 = FOG OR MIST
DPTR FM NORMAL:   1.8   DPTR FM NORMAL:    0.76    2 = FOG REDUCING VISIBILITY
HIGHEST:    98 ON  1    GRTST 24HR  1.85 ON 13-14      TO 1/4 MILE OR LESS
LOWEST:     56 ON 24                               3 = THUNDER
                        SNOW, ICE PELLETS, HAIL    4 = ICE PELLETS
                        TOTAL MONTH:    M          5 = HAIL
                        GRTST 24HR    M  ON   M    6 = FREEZING RAIN OR DRIZZLE
                        GRTST DEPTH:  M  ON   M    7 = DUSTSTORM OR SANDSTORM:
                                                       VSBY 1/2 MILE OR LESS
                                                   8 = SMOKE OR HAZE
[NO. OF DAYS WITH]      [WEATHER - DAYS WITH]      9 = BLOWING SNOW
                                                   X = TORNADO
MAX 32 OR BELOW:   0    0.01 INCH OR MORE:  12
MAX 90 OR ABOVE:  10    0.10 INCH OR MORE:   8
MIN 32 OR BELOW:   0    0.50 INCH OR MORE:   3
MIN  0 OR BELOW:   0    1.00 INCH OR MORE:   1

[HDD (BASE 65) ]
TOTAL THIS MO.     3    CLEAR  (SCALE 0-3)  10
DPTR FM NORMAL     3    PTCLDY (SCALE 4-7)  10
TOTAL FM JUL 1     3    CLOUDY (SCALE 8-10)  9
DPTR FM NORMAL     3

[CDD (BASE 65) ]
TOTAL THIS MO.   373
DPTR FM NORMAL    61    [PRESSURE DATA]
TOTAL FM JAN 1  2444    HIGHEST SLP M ON M
DPTR FM NORMAL   321    LOWEST  SLP 29.85 ON 21

[REMARKS]
