000
CXUS55 KCAE 191400
CF6DNL
PRELIMINARY LOCAL CLIMATOLOGICAL DATA (WS FORM: F-6)

                                          STATION:   AUGUSTA DANIEL FIELD GA
                                          MONTH:     OCTOBER
                                          YEAR:      2017
                                          LATITUDE:   33 28 N
                                          LONGITUDE:  82  2 W

  TEMPERATURE IN F:       :PCPN:    SNOW:  WIND      :SUNSHINE: SKY     :PK WND
================================================================================
1   2   3   4   5  6A  6B    7    8   9   10  11  12  13   14  15   16   17  18
                                     12Z  AVG MX 2MIN
DY MAX MIN AVG DEP HDD CDD  WTR  SNW DPTH SPD SPD DIR MIN PSBL S-S WX    SPD DR
================================================================================

 1  77  59  68  -3   0   3 0.00    M    M 11.3 21  60   M    M   0        25  70
 2  84  61  73   2   0   8 0.00    M    M  8.9 16  70   M    M   1        20  50
 3  85  63  74   4   0   9 0.00    M    M  9.1 16  70   M    M   1        21  70
 4  84  62  73   3   0   8 0.00    M    M  7.8 15  80   M    M   0        19  70
 5  87  62  75   5   0  10 0.00    M    M  6.9 14  40   M    M   1 8      19 100
 6  89  67  78   9   0  13 0.00  0.0    0  6.8 15  70   M    M   3        21  60
 7  89  73  81  12   0  16 0.01    M    M  4.4 10 150   M    M   6 1      14 150
 8  88  77  83  15   0  18 0.38    M    M  9.8 21 140   M    M   8 1      29 150
 9  90  77  84  16   0  19 0.00    M    M  6.6 16 180   M    M   5        22 190
10  91  76  84  16   0  19    T    M    M  3.7  9 170   M    M   6 1      13 180
11  91  76  84  16   0  19 0.00    M    M  4.7  9 110   M    M   6 1      13 150
12  93  75  84  17   0  19 0.00    M    M  2.8  8 110   M    M   3 1      12 320
13  86  70  78  11   0  13 0.00    M    M  7.3 16  70   M    M   6 8      20  40
14  77  67  72   6   0   7 0.00    M    M  4.4 12  60   M    M   6        16  50
15  86  65  76  10   0  11 0.00    M    M  2.5  7 110   M    M   5 128    11 140
16  80  60  70   4   0   5 0.02    M    M  7.0 18  40   M    M   3        27  40
17  72  50  61  -5   4   0 0.00    M    M  8.6 18  30   M    M   0        24  60
18  75  49  62  -3   3   0 0.00    M    M  7.4 16  70   M    M   0        22  50
================================================================================
SM 1524 1189         7 197  0.41     0.0 120.0          M       60
================================================================================
AV 84.7 66.1                               6.7 FASTST   M    M   3    MAX(MPH)
                                 MISC ---->  # 21  60               # 29  150
================================================================================
NOTES:
# LAST OF SEVERAL OCCURRENCES

COLUMN 17 PEAK WIND IN M.P.H.

PRELIMINARY LOCAL CLIMATOLOGICAL DATA (WS FORM: F-6) , PAGE 2

                                          STATION:  AUGUSTA DANIEL FIELD GA
                                          MONTH:    OCTOBER
                                          YEAR:     2017
                                          LATITUDE:   33 28 N
                                          LONGITUDE:  82  2 W

[TEMPERATURE DATA]      [PRECIPITATION DATA]       SYMBOLS USED IN COLUMN 16

AVERAGE MONTHLY: 75.4   TOTAL FOR MONTH:   0.41    1 = FOG OR MIST
DPTR FM NORMAL:   7.3   DPTR FM NORMAL:   -1.74    2 = FOG REDUCING VISIBILITY
HIGHEST:    93 ON 12    GRTST 24HR  0.38 ON  8- 8      TO 1/4 MILE OR LESS
LOWEST:     49 ON 18                               3 = THUNDER
                        SNOW, ICE PELLETS, HAIL    4 = ICE PELLETS
                        TOTAL MONTH:   0.0 INCH    5 = HAIL
                        GRTST 24HR     0.0         6 = FREEZING RAIN OR DRIZZLE
                        GRTST DEPTH:   0           7 = DUSTSTORM OR SANDSTORM:
                                                       VSBY 1/2 MILE OR LESS
                                                   8 = SMOKE OR HAZE
[NO. OF DAYS WITH]      [WEATHER - DAYS WITH]      9 = BLOWING SNOW
                                                   X = TORNADO
MAX 32 OR BELOW:   0    0.01 INCH OR MORE:   3
MAX 90 OR ABOVE:   4    0.10 INCH OR MORE:   1
MIN 32 OR BELOW:   0    0.50 INCH OR MORE:   0
MIN  0 OR BELOW:   0    1.00 INCH OR MORE:   0

[HDD (BASE 65) ]
TOTAL THIS MO.     7    CLEAR  (SCALE 0-3)   8
DPTR FM NORMAL   -19    PTCLDY (SCALE 4-7)   9
TOTAL FM JUL 1     7    CLOUDY (SCALE 8-10)  1
DPTR FM NORMAL   -22

[CDD (BASE 65) ]
TOTAL THIS MO.   197
DPTR FM NORMAL   116    [PRESSURE DATA]
TOTAL FM JAN 1  2910    HIGHEST SLP M ON M
DPTR FM NORMAL   698    LOWEST  SLP 29.83 ON  8

[REMARKS]
