000
CXUS55 KGJT 311000
CF6DRO
PRELIMINARY LOCAL CLIMATOLOGICAL DATA (WS FORM: F-6)

                                          STATION:   DURANGO AIRPORT CO
                                          MONTH:     MAY
                                          YEAR:      2016
                                          LATITUDE:   37  9 N
                                          LONGITUDE: 107 45 W

  TEMPERATURE IN F:       :PCPN:    SNOW:  WIND      :SUNSHINE: SKY     :PK WND
================================================================================
1   2   3   4   5  6A  6B    7    8   9   10  11  12  13   14  15   16   17  18
                                     12Z  AVG MX 2MIN
DY MAX MIN AVG DEP HDD CDD  WTR  SNW DPTH SPD SPD DIR MIN PSBL S-S WX    SPD DR
================================================================================

 1  42  32  37 -12  28   0 0.48    M    M  5.8 20 130   M    M  10 1      24 130
 2  58  33  46  -3  19   0 0.00    M    M  4.8 21 330   M    M   4        26 330
 3  66  29  48  -1  17   0 0.00    M    M  4.4 15 210   M    M   0        19 220
 4  70  31  51   2  14   0 0.00    M    M  4.3 14 260   M    M   0        18 250
 5  74  32  53   3  12   0 0.00    M    M  6.8 17 120   M    M   1        25 120
 6  74  37  56   6   9   0    T    M    M 12.5 37 170   M    M   4        56 170
 7  52  34  43  -7  22   0 0.01    M    M  5.8 31 210   M    M   5 3      40 210
 8  57  30  44  -7  21   0 0.06    M    M  6.5 28 270   M    M   4 38     33 270
 9  66  39  53   2  12   0 0.12    M    M 10.5 30 270   M    M   4        37 270
10  68  33  51   0  14   0 0.02    M    M  8.5 28 250   M    M   4 3      34 280
11  62  34  48  -4  17   0 0.04    M    M  6.3 23 270   M    M   3 1      29 260
12  70  24  47  -5  18   0 0.00    M    M  4.7 16 260   M    M   0        24 220
13  77  28  53   1  12   0 0.00    M    M  6.0 21 260   M    M   0        27 250
14  77  33  55   3  10   0    T    M    M  6.5 24 230   M    M   2        34 230
15  71  45  58   5   7   0    T    M    M  8.1 26 300   M    M   5 3      36 300
16  62  42  52  -1  13   0 0.06    M    M  7.7 25  10   M    M   6 3      33 280
17  63  34  49  -4  16   0 0.02    M    M  5.1 20 210   M    M   5        26 180
18  55  37  46  -8  19   0 0.11    M    M  5.7 20 140   M    M   7 13     25 130
19  64  35  50  -4  15   0 0.00    M    M  5.8 24 220   M    M   4 3      29 220
20  74  37  56   2   9   0 0.00    M    M  5.7 21 210   M    M   5        28 220
21  76  38  57   2   8   0 0.00    M    M  7.5 24 220   M    M   0        31 210
22  71  33  52  -3  13   0 0.00    M    M  7.6 24 260   M    M   1        32 260
23  70  30  50  -5  15   0 0.00    M    M  5.4 18 250   M    M   0        25 250
24  72  29  51  -5  14   0 0.00    M    M  8.9 24 220   M    M   0        38 210
25  70  31  51  -5  14   0 0.00    M    M  5.3 18 220   M    M   0        27 220
26  62  42  52  -4  13   0 0.00    M    M  9.9 24 340   M    M   5 3      34 320
27  64  36  50  -6  15   0 0.04    M    M  6.0 28 350   M    M   4 3      37 350
28  71  31  51  -6  14   0 0.00    M    M  4.5 17 270   M    M   1        23 260
29  79  37  58   1   7   0 0.00    M    M  5.1 22 270   M    M   0        29 250
30  77  34  56  -1   9   0 0.00    M    M  6.1 21 350   M    M   0        27 220
================================================================================
SM 2014 1020       426   0  0.96    M    197.8          M       84
================================================================================
AV 67.1 34.0                               6.6 FASTST   M    M   3    MAX(MPH)
                                 MISC ---->  # 37 170               # 56  170
================================================================================
NOTES:
# LAST OF SEVERAL OCCURRENCES

COLUMN 17 PEAK WIND IN M.P.H.

PRELIMINARY LOCAL CLIMATOLOGICAL DATA (WS FORM: F-6) , PAGE 2

                                          STATION:  DURANGO AIRPORT CO
                                          MONTH:    MAY
                                          YEAR:     2016
                                          LATITUDE:   37  9 N
                                          LONGITUDE: 107 45 W

[TEMPERATURE DATA]      [PRECIPITATION DATA]       SYMBOLS USED IN COLUMN 16

AVERAGE MONTHLY: 50.6   TOTAL FOR MONTH:   0.96    1 = FOG OR MIST
DPTR FM NORMAL:  -2.4   DPTR FM NORMAL:    0.18    2 = FOG REDUCING VISIBILITY
HIGHEST:    79 ON 29    GRTST 24HR  0.48 ON 30- 1      TO 1/4 MILE OR LESS
LOWEST:     24 ON 12                               3 = THUNDER
                        SNOW, ICE PELLETS, HAIL    4 = ICE PELLETS
                        TOTAL MONTH:    M          5 = HAIL
                        GRTST 24HR    M  ON   M    6 = FREEZING RAIN OR DRIZZLE
                        GRTST DEPTH:  M  ON   M    7 = DUSTSTORM OR SANDSTORM:
                                                       VSBY 1/2 MILE OR LESS
                                                   8 = SMOKE OR HAZE
[NO. OF DAYS WITH]      [WEATHER - DAYS WITH]      9 = BLOWING SNOW
                                                   X = TORNADO
MAX 32 OR BELOW:   0    0.01 INCH OR MORE:  10
MAX 90 OR ABOVE:   0    0.10 INCH OR MORE:   3
MIN 32 OR BELOW:  11    0.50 INCH OR MORE:   0
MIN  0 OR BELOW:   0    1.00 INCH OR MORE:   0

[HDD (BASE 65) ]
TOTAL THIS MO.   426    CLEAR  (SCALE 0-3)  15
DPTR FM NORMAL    63    PTCLDY (SCALE 4-7)  14
TOTAL FM JUL 1  7151    CLOUDY (SCALE 8-10)  1
DPTR FM NORMAL   152

[CDD (BASE 65) ]
TOTAL THIS MO.     0
DPTR FM NORMAL     0    [PRESSURE DATA]
TOTAL FM JAN 1     0    HIGHEST SLP M ON M
DPTR FM NORMAL     0    LOWEST  SLP 29.49 ON  9

[REMARKS]
