000
CXUS55 KGJT 221000
CF6DRO
PRELIMINARY LOCAL CLIMATOLOGICAL DATA (WS FORM: F-6)

                                          STATION:   DURANGO AIRPORT CO
                                          MONTH:     OCTOBER
                                          YEAR:      2017
                                          LATITUDE:   37  9 N
                                          LONGITUDE: 107 45 W

  TEMPERATURE IN F:       :PCPN:    SNOW:  WIND      :SUNSHINE: SKY     :PK WND
================================================================================
1   2   3   4   5  6A  6B    7    8   9   10  11  12  13   14  15   16   17  18
                                     12Z  AVG MX 2MIN
DY MAX MIN AVG DEP HDD CDD  WTR  SNW DPTH SPD SPD DIR MIN PSBL S-S WX    SPD DR
================================================================================

 1  69  38  54   1  11   0 0.00    M    M  6.1 21 250   M    M   4 12     29 250
 2  67  39  53   1  12   0 0.00    M    M  8.7 26 210   M    M   3        35 190
 3  71  34  53   1  12   0 0.00    M    M  5.3 13 150   M    M   0        16 130
 4  77  43  60   8   5   0 0.00    M    M  7.9 22 210   M    M   3        28 220
 5  72  45  59   8   6   0 0.00    M    M  5.5 20 130   M    M   4        24 120
 6  65  37  51   0  14   0 0.00    M    M 12.0 36 280   M    M   2 12     43 270
 7  67  24  46  -4  19   0 0.00    M    M  4.1 14 260   M    M   0        17 250
 8  71  27  49  -1  16   0 0.00    M    M  7.2 21 250   M    M   0        26 220
 9  50  27  39 -11  26   0    T    M    M  8.3 28 220   M    M   2        34 210
10  60  22  41  -8  24   0 0.00    M    M  4.8 12 140   M    M   0        17 170
11  66  24  45  -4  20   0 0.00    M    M  4.1 12  80   M    M   0        14 130
12  71  31  51   3  14   0 0.00    M    M  6.3 24 250   M    M   0        30 230
13  69  27  48   0  17   0 0.00    M    M  5.6 21 220   M    M   0        27 210
14  65  27  46  -2  19   0 0.00    M    M 10.5 33 270   M    M   0        43 260
15  67  19  43  -4  22   0 0.00    M    M  4.3 13 260   M    M   0        17 270
16  72  20  46  -1  19   0 0.00    M    M  5.3 17 210   M    M   0        21 220
17  71  22  47   1  18   0 0.00    M    M  5.2 16 210   M    M   0        20 210
18  73  27  50   4  15   0 0.00    M    M  4.1 13 250   M    M   0        17 260
19  71  32  52   6  13   0 0.00    M    M  5.4 15 220   M    M   3        19 220
20  68  36  52   7  13   0    T    M    M  9.9 35 270   M    M   5        43 270
21  57  27  42  -3  23   0 0.00    M    M 13.0 28 250   M    M   2        36 270
================================================================================
SM 1419  628       338   0    T     M    143.6          M       28
================================================================================
AV 67.6 29.9                               6.8 FASTST   M    M   1    MAX(MPH)
                                 MISC ---->  # 36 280               # 43  270
================================================================================
NOTES:
# LAST OF SEVERAL OCCURRENCES

COLUMN 17 PEAK WIND IN M.P.H.

PRELIMINARY LOCAL CLIMATOLOGICAL DATA (WS FORM: F-6) , PAGE 2

                                          STATION:  DURANGO AIRPORT CO
                                          MONTH:    OCTOBER
                                          YEAR:     2017
                                          LATITUDE:   37  9 N
                                          LONGITUDE: 107 45 W

[TEMPERATURE DATA]      [PRECIPITATION DATA]       SYMBOLS USED IN COLUMN 16

AVERAGE MONTHLY: 48.7   TOTAL FOR MONTH:      T    1 = FOG OR MIST
DPTR FM NORMAL:  -0.1   DPTR FM NORMAL:   -0.98    2 = FOG REDUCING VISIBILITY
HIGHEST:    77 ON  4    GRTST 24HR  0.28 ON 30- 1      TO 1/4 MILE OR LESS
LOWEST:     19 ON 15                               3 = THUNDER
                        SNOW, ICE PELLETS, HAIL    4 = ICE PELLETS
                        TOTAL MONTH:    M          5 = HAIL
                        GRTST 24HR    M  ON   M    6 = FREEZING RAIN OR DRIZZLE
                        GRTST DEPTH:  M  ON   M    7 = DUSTSTORM OR SANDSTORM:
                                                       VSBY 1/2 MILE OR LESS
                                                   8 = SMOKE OR HAZE
[NO. OF DAYS WITH]      [WEATHER - DAYS WITH]      9 = BLOWING SNOW
                                                   X = TORNADO
MAX 32 OR BELOW:   0    0.01 INCH OR MORE:   0
MAX 90 OR ABOVE:   0    0.10 INCH OR MORE:   0
MIN 32 OR BELOW:  14    0.50 INCH OR MORE:   0
MIN  0 OR BELOW:   0    1.00 INCH OR MORE:   0

[HDD (BASE 65) ]
TOTAL THIS MO.   338    CLEAR  (SCALE 0-3)  18
DPTR FM NORMAL    -2    PTCLDY (SCALE 4-7)   3
TOTAL FM JUL 1   535    CLOUDY (SCALE 8-10)  0
DPTR FM NORMAL   -29

[CDD (BASE 65) ]
TOTAL THIS MO.     0
DPTR FM NORMAL     0    [PRESSURE DATA]
TOTAL FM JAN 1   351    HIGHEST SLP M ON M
DPTR FM NORMAL   108    LOWEST  SLP 29.44 ON  8

[REMARKS]
