000
CXUS55 KTWC 300855
CF6DUG
PRELIMINARY LOCAL CLIMATOLOGICAL DATA (WS FORM: F-6)

                                          STATION:   DOUGLAS AZ
                                          MONTH:     JULY
                                          YEAR:      2016
                                          LATITUDE:   31 28 N
                                          LONGITUDE: 109 36 W

  TEMPERATURE IN F:       :PCPN:    SNOW:  WIND      :SUNSHINE: SKY     :PK WND
================================================================================
1   2   3   4   5  6A  6B    7    8   9   10  11  12  13   14  15   16   17  18
                                     12Z  AVG MX 2MIN
DY MAX MIN AVG DEP HDD CDD  WTR  SNW DPTH SPD SPD DIR MIN PSBL S-S WX    SPD DR
================================================================================

 1  77  65  71 -10   0   6 0.24    M    M  7.5 20 350   M    M   6 138    23 340
 2  90  62  76  -5   0  11 0.00    M    M  4.8 18 270   M    M   2        26 270
 3  95  67  81   0   0  16 0.00    M    M  6.7 15 320   M    M   0        18 320
 4  98  65  82   1   0  17 0.00    M    M  7.6 26 230   M    M   0        34 240
 5  98  67  83   2   0  18 0.27    M    M  6.5 23 170   M    M   1 3      32 260
 6  92  67  80  -1   0  15 0.00    M    M  9.0 24 160   M    M   0 3      30 150
 7  91  71  81   0   0  16 0.02    M    M  8.1 18 330   M    M   2 3      24 340
 8  96  68  82   1   0  17 0.00    M    M  8.0 24 130   M    M   1        28 130
 9  99  68  84   3   0  19 0.00    M    M  7.2 16 310   M    M   1        24 290
10 100  70  85   4   0  20 0.00    M    M  7.1 21 290   M    M   1        28 290
11  99  69  84   3   0  19 0.00    M    M 10.4 23 230   M    M   0        29 240
12  99  67  83   3   0  18 0.00    M    M  7.5 18 290   M    M   0        25 250
13 100  68  84   4   0  19 0.00    M    M  8.3 21 260   M    M   0 3      26 250
14 102  70  86   6   0  21 0.00    M    M  9.7 22 360   M    M   0        32 360
15 102  67  85   5   0  20 0.00    M    M 10.3 31 170   M    M   0        42 170
16 100  70  85   5   0  20 0.00    M    M 10.0 31 110   M    M   1 3      39 120
17  94  63  79  -1   0  14 1.75    M    M 10.0 28 230   M    M   4 13     36 230
18  92  63  78  -2   0  13 0.66  0.0    M  8.9 33 280   M    M   M 3      39 280
19  95  67  81   1   0  16 0.25  0.0    M  5.3 39 160   M    M   M 3      47 160
20  95  65  80   0   0  15 0.00  0.0    M  7.2 23 120   M    M   M 3      29 120
21  99  67  83   3   0  18 0.03  0.0    M  5.3 22  70   M    M   M 38     28  20
22  98  66  82   2   0  17 0.09  0.0    M  6.2 30 360   M    M   M 3      44 340
23  99  69  84   5   0  19 0.00  0.0    M  7.1 14 330   M    M   M 3      17 330
24  97  65  81   2   0  16 0.14  0.0    M 10.8 52 120   M    M   M 13     65 120
25  90  66  78  -1   0  13 0.00    M    M  4.4 13 330   M    M   0        16 330
26  94  71  83   4   0  18 0.00    M    M  7.8 18 160   M    M   1 3      24 310
27  93  69  81   2   0  16 0.05    M    M  6.7 35  80   M    M   2 3      47  90
28  96  67  82   3   0  17 0.00    M    M  6.1 16  90   M    M   1        21  90
29  98  69  84   5   0  19 0.00    M    M  8.0 22 340   M    M   1        28 340
================================================================================
SM 2778 1948         0 483  3.50     0.0 222.5          M       24
================================================================================
AV 95.8 67.2                               7.7 FASTST   M    M   1    MAX(MPH)
                                 MISC ---->  # 52 120               # 65  120
================================================================================
NOTES:
# LAST OF SEVERAL OCCURRENCES

COLUMN 17 PEAK WIND IN M.P.H.

PRELIMINARY LOCAL CLIMATOLOGICAL DATA (WS FORM: F-6) , PAGE 2

                                          STATION:  DOUGLAS AZ
                                          MONTH:    JULY
                                          YEAR:     2016
                                          LATITUDE:   31 28 N
                                          LONGITUDE: 109 36 W

[TEMPERATURE DATA]      [PRECIPITATION DATA]       SYMBOLS USED IN COLUMN 16

AVERAGE MONTHLY: 81.5   TOTAL FOR MONTH:   3.50    1 = FOG OR MIST
DPTR FM NORMAL:   1.3   DPTR FM NORMAL:    0.80    2 = FOG REDUCING VISIBILITY
HIGHEST:   102 ON 15,14 GRTST 24HR  2.24 ON 17-18      TO 1/4 MILE OR LESS
LOWEST:     62 ON  2                               3 = THUNDER
                        SNOW, ICE PELLETS, HAIL    4 = ICE PELLETS
                        TOTAL MONTH:   0.0 INCH    5 = HAIL
                        GRTST 24HR     0.0         6 = FREEZING RAIN OR DRIZZLE
                        GRTST DEPTH:  M  ON   M    7 = DUSTSTORM OR SANDSTORM:
                                                       VSBY 1/2 MILE OR LESS
                                                   8 = SMOKE OR HAZE
[NO. OF DAYS WITH]      [WEATHER - DAYS WITH]      9 = BLOWING SNOW
                                                   X = TORNADO
MAX 32 OR BELOW:   0    0.01 INCH OR MORE:  10
MAX 90 OR ABOVE:  28    0.10 INCH OR MORE:   6
MIN 32 OR BELOW:   0    0.50 INCH OR MORE:   2
MIN  0 OR BELOW:   0    1.00 INCH OR MORE:   1

[HDD (BASE 65) ]
TOTAL THIS MO.     0    CLEAR  (SCALE 0-3)  20
DPTR FM NORMAL     0    PTCLDY (SCALE 4-7)   2
TOTAL FM JUL 1     0    CLOUDY (SCALE 8-10)  0
DPTR FM NORMAL     0

[CDD (BASE 65) ]
TOTAL THIS MO.   483
DPTR FM NORMAL    43    [PRESSURE DATA]
TOTAL FM JAN 1  1099    HIGHEST SLP M ON M
DPTR FM NORMAL    63    LOWEST  SLP 29.62 ON 29

[REMARKS]
