000
CXUS55 KTWC 260855
CF6DUG
PRELIMINARY LOCAL CLIMATOLOGICAL DATA (WS FORM: F-6)

                                          STATION:   DOUGLAS AZ
                                          MONTH:     MAY
                                          YEAR:      2016
                                          LATITUDE:   31 28 N
                                          LONGITUDE: 109 36 W

  TEMPERATURE IN F:       :PCPN:    SNOW:  WIND      :SUNSHINE: SKY     :PK WND
================================================================================
1   2   3   4   5  6A  6B    7    8   9   10  11  12  13   14  15   16   17  18
                                     12Z  AVG MX 2MIN
DY MAX MIN AVG DEP HDD CDD  WTR  SNW DPTH SPD SPD DIR MIN PSBL S-S WX    SPD DR
================================================================================

 1  75  42  59  -7   6   0 0.00    M    M  9.7 21 240   M    M   2        27 260
 2  78  44  61  -5   4   0 0.00    M    M  7.0 18  90   M    M   0        30  90
 3  87  45  66   0   0   1 0.00    M    M  6.4 21  80   M    M   0        26  90
 4  90  66  78  12   0  13 0.00    M    M 14.2 23 120   M    M   0        30 120
 5  90  56  73   6   0   8 0.00    M    M 14.3 30 190   M    M   0        37 210
 6  82  55  69   2   0   4 0.00    M    M 19.7 40 200   M    M   0        49 190
 7  78  40  59  -8   6   0 0.00    M    M  8.9 24 240   M    M   0        31 240
 8  75  41  58 -10   7   0 0.00    M    M 10.7 25 270   M    M   0        32 230
 9  81  40  61  -7   4   0 0.00    M    M  7.7 21 230   M    M   M        26 250
10  86  42  64  -4   1   0 0.00    M    M  6.6 20 240   M    M   0        26 250
11  89  46  68   0   0   3 0.00    M    M  4.6 16 320   M    M   0        20 300
12  92  47  70   1   0   5 0.00    M    M  5.0 18 150   M    M   M        23 150
13  95  48  72   3   0   7 0.00    M    M  6.2 30 250   M    M   M        39 250
14  93  56  75   6   0  10    T    M    M  7.2 36 190   M    M   M 8      46 190
15  90  58  74   4   0   9 0.00    M    M 14.9 38 240   M    M   M        47 240
16  87  50  69  -1   0   4 0.00    M    M 14.3 32 250   M    M   0        42 230
17  84  57  71   1   0   6 0.00    M    M 11.5 25 200   M    M   1        32 240
18  83  52  68  -2   0   3 0.00    M    M 10.0 25 240   M    M   1        35 220
19  85  44  65  -6   0   0 0.00    M    M  6.2 15 280   M    M   1        25 240
20  88  54  71   0   0   6 0.00    M    M  9.4 23 200   M    M   0        31 180
21  87  54  71   0   0   6 0.00    M    M  9.8 25 230   M    M   0        33 230
22  88  55  72   0   0   7 0.00    M    M 12.8 26 220   M    M   0        38 220
23  89  49  69  -3   0   4 0.00    M    M 12.2 30 260   M    M   0        35 250
24  88  56  72   0   0   7 0.00    M    M 11.6 31 240   M    M   0        37 240
25  87  51  69  -3   0   4 0.00    M    M 15.7 35 240   M    M   0        44 240
================================================================================
SM 2147 1248        28 107    T     M    256.6          M        5
================================================================================
AV 85.9 49.9                              10.3 FASTST   M    M   0    MAX(MPH)
                                 MISC ---->  # 40 200               # 49  190
================================================================================
NOTES:
# LAST OF SEVERAL OCCURRENCES

COLUMN 17 PEAK WIND IN M.P.H.

PRELIMINARY LOCAL CLIMATOLOGICAL DATA (WS FORM: F-6) , PAGE 2

                                          STATION:  DOUGLAS AZ
                                          MONTH:    MAY
                                          YEAR:     2016
                                          LATITUDE:   31 28 N
                                          LONGITUDE: 109 36 W

[TEMPERATURE DATA]      [PRECIPITATION DATA]       SYMBOLS USED IN COLUMN 16

AVERAGE MONTHLY: 67.9   TOTAL FOR MONTH:      T    1 = FOG OR MIST
DPTR FM NORMAL:  -1.1   DPTR FM NORMAL:   -0.22    2 = FOG REDUCING VISIBILITY
HIGHEST:    95 ON 13    GRTST 24HR    T  ON 14-14      TO 1/4 MILE OR LESS
LOWEST:     40 ON  9, 7                            3 = THUNDER
                        SNOW, ICE PELLETS, HAIL    4 = ICE PELLETS
                        TOTAL MONTH:    M          5 = HAIL
                        GRTST 24HR    M  ON   M    6 = FREEZING RAIN OR DRIZZLE
                        GRTST DEPTH:  M  ON   M    7 = DUSTSTORM OR SANDSTORM:
                                                       VSBY 1/2 MILE OR LESS
                                                   8 = SMOKE OR HAZE
[NO. OF DAYS WITH]      [WEATHER - DAYS WITH]      9 = BLOWING SNOW
                                                   X = TORNADO
MAX 32 OR BELOW:   0    0.01 INCH OR MORE:   0
MAX 90 OR ABOVE:   6    0.10 INCH OR MORE:   0
MIN 32 OR BELOW:   0    0.50 INCH OR MORE:   0
MIN  0 OR BELOW:   0    1.00 INCH OR MORE:   0

[HDD (BASE 65) ]
TOTAL THIS MO.    28    CLEAR  (SCALE 0-3)  20
DPTR FM NORMAL     8    PTCLDY (SCALE 4-7)   0
TOTAL FM JUL 1  2621    CLOUDY (SCALE 8-10)  0
DPTR FM NORMAL   100

[CDD (BASE 65) ]
TOTAL THIS MO.   107
DPTR FM NORMAL   -15    [PRESSURE DATA]
TOTAL FM JAN 1   125    HIGHEST SLP M ON M
DPTR FM NORMAL   -27    LOWEST  SLP 29.63 ON 15

[REMARKS]
