000
CXUS55 KTWC 210855
CF6DUG
PRELIMINARY LOCAL CLIMATOLOGICAL DATA (WS FORM: F-6)

                                          STATION:   DOUGLAS AZ
                                          MONTH:     OCTOBER
                                          YEAR:      2017
                                          LATITUDE:   31 28 N
                                          LONGITUDE: 109 36 W

  TEMPERATURE IN F:       :PCPN:    SNOW:  WIND      :SUNSHINE: SKY     :PK WND
================================================================================
1   2   3   4   5  6A  6B    7    8   9   10  11  12  13   14  15   16   17  18
                                     12Z  AVG MX 2MIN
DY MAX MIN AVG DEP HDD CDD  WTR  SNW DPTH SPD SPD DIR MIN PSBL S-S WX    SPD DR
================================================================================

 1  91  53  72   2   0   7 0.00  0.0    0  9.8 25 220   M    M   0        33 220
 2  89  59  74   5   0   9 0.00  0.0    0 13.8 29 230   M    M   0        40 240
 3  89  51  70   1   0   5 0.00  0.0    M  5.1 16 200   M    M   M        22 150
 4  92  52  72   4   0   7 0.00  0.0    M  5.1 14  90   M    M   M        20 150
 5  94  62  78  10   0  13 0.00  0.0    M  6.3 18 330   M    M   M        24 320
 6  93  58  76   8   0  11 0.00  0.0    M  8.8 24 330   M    M   M        32 320
 7  89  41  65  -2   0   0 0.00  0.0    M  5.9 13 350   M    M   M        15 320
 8  88  38  63  -4   2   0 0.00  0.0    M  9.0 24 220   M    M   M        30 220
 9  84  54  69   2   0   4 0.00  0.0    M 10.3 24 220   M    M   M        30 230
10  81  48  65  -1   0   0 0.00  0.0    M  9.0 24  90   M    M   M        31  90
11  88  44  66   0   0   1 0.00  0.0    M  5.9 16 160   M    M   M        17 150
12  89  54  72   6   0   7 0.00  0.0    M  5.6 18 230   M    M   M        42 240
13  88  53  71   6   0   6    T  0.0    M  5.7 15 220   M    M   M        19 210
14  90  54  72   7   0   7 0.00  0.0    M  6.1 17 330   M    M   M        26 310
15  86  46  66   1   0   1 0.00  0.0    M  9.2 20  80   M    M   M        26 120
16  85  48  67   3   0   2 0.00  0.0    0  9.6 20  80   M    M   M        24 110
17  87  54  71   7   0   6 0.00  0.0    0  4.1 12 360   M    M   M        14 320
18  89  60  75  11   0  10 0.00  0.0    0  4.6 20 300   M    M   M        28 290
19  87  52  70   7   0   5 0.00  0.0    0  7.0 17 230   M    M   M        28 250
20  86  57  72   9   0   7 0.00  0.0    0 13.0 26 230   M    M   M        32 230
================================================================================
SM 1765 1038         2 108    T      0.0 153.9          M        0
================================================================================
AV 88.3 51.9                               7.7 FASTST   M    M   0    MAX(MPH)
                                 MISC ---->  # 29 230               # 42  240
================================================================================
NOTES:
# LAST OF SEVERAL OCCURRENCES

COLUMN 17 PEAK WIND IN M.P.H.

PRELIMINARY LOCAL CLIMATOLOGICAL DATA (WS FORM: F-6) , PAGE 2

                                          STATION:  DOUGLAS AZ
                                          MONTH:    OCTOBER
                                          YEAR:     2017
                                          LATITUDE:   31 28 N
                                          LONGITUDE: 109 36 W

[TEMPERATURE DATA]      [PRECIPITATION DATA]       SYMBOLS USED IN COLUMN 16

AVERAGE MONTHLY: 70.1   TOTAL FOR MONTH:      T    1 = FOG OR MIST
DPTR FM NORMAL:   3.9   DPTR FM NORMAL:   -0.63    2 = FOG REDUCING VISIBILITY
HIGHEST:    94 ON  5    GRTST 24HR    T  ON 13-13      TO 1/4 MILE OR LESS
LOWEST:     38 ON  8                               3 = THUNDER
                        SNOW, ICE PELLETS, HAIL    4 = ICE PELLETS
                        TOTAL MONTH:   0.0 INCH    5 = HAIL
                        GRTST 24HR     0.0         6 = FREEZING RAIN OR DRIZZLE
                        GRTST DEPTH:   0           7 = DUSTSTORM OR SANDSTORM:
                                                       VSBY 1/2 MILE OR LESS
                                                   8 = SMOKE OR HAZE
[NO. OF DAYS WITH]      [WEATHER - DAYS WITH]      9 = BLOWING SNOW
                                                   X = TORNADO
MAX 32 OR BELOW:   0    0.01 INCH OR MORE:   0
MAX 90 OR ABOVE:   5    0.10 INCH OR MORE:   0
MIN 32 OR BELOW:   0    0.50 INCH OR MORE:   0
MIN  0 OR BELOW:   0    1.00 INCH OR MORE:   0

[HDD (BASE 65) ]
TOTAL THIS MO.     2    CLEAR  (SCALE 0-3)   2
DPTR FM NORMAL   -28    PTCLDY (SCALE 4-7)   0
TOTAL FM JUL 1     6    CLOUDY (SCALE 8-10)  0
DPTR FM NORMAL   -26

[CDD (BASE 65) ]
TOTAL THIS MO.   108
DPTR FM NORMAL    54    [PRESSURE DATA]
TOTAL FM JAN 1  1891    HIGHEST SLP M ON M
DPTR FM NORMAL    86    LOWEST  SLP 29.59 ON  2

[REMARKS]
