000
CXUS51 KPBZ 300901
CF6DUJ
PRELIMINARY LOCAL CLIMATOLOGICAL DATA (WS FORM: F-6)

                                          STATION:   DUBOIS
                                          MONTH:     SEPTEMBER
                                          YEAR:      2014
                                          LATITUDE:   41 10 N
                                          LONGITUDE:  78 54 W

  TEMPERATURE IN F:       :PCPN:    SNOW:  WIND      :SUNSHINE: SKY     :PK WND
================================================================================
1   2   3   4   5  6A  6B    7    8   9   10  11  12  13   14  15   16   17  18
                                     12Z  AVG MX 2MIN
DY MAX MIN AVG DEP HDD CDD  WTR  SNW DPTH SPD SPD DIR MIN PSBL S-S WX    SPD DR
================================================================================

 1  79  68  74   9   0   9 0.05    M    M  6.5 13 230   M    M   8 1      18 230
 2  78  63  71   6   0   6 0.31    M    M  8.9 21 270   M    M   8 13     26 240
 3  77  59  68   4   0   3 0.00    M    M  3.2  8 230   M    M   3 12     11 150
 4  81  58  70   6   0   5 0.00    M    M  4.1 13 240   M    M   1 1      17 240
 5  83  60  72   8   0   7 0.00    M    M  4.9 15 230   M    M   2 12     19 230
 6  76  56  66   3   0   1 0.08    M    M  7.6 16 260   M    M   6 13     22 300
 7  71  47  59  -4   6   0 0.00    M    M  3.3  9 340   M    M   1 1      12 340
 8  72  49  61  -2   4   0 0.00    M    M  8.3 18 110   M    M   1        24 120
 9  71  55  63   1   2   0 0.00    M    M  8.6 15 130   M    M   7        21 140
10  75  61  68   6   0   3 0.16    M    M  9.4 15 130   M    M   4 1      21 130
11  69  54  62   0   3   0 0.21    M    M 10.6 22 290   M    M  10 1      31 270
12  61  49  55  -6  10   0 0.00    M    M  5.7 13 100   M    M  10 1      17 120
13  62  43  53  -8  12   0 0.10    M    M  9.3 20 290   M    M   7 1      26 290
14  61  40  51 -10  14   0 0.00    M    M  2.0  8 260   M    M   5 12     11 240
15  64  39  52  -8  13   0 0.04    M    M  3.6 14 240   M    M   4 12     19 260
16  63  45  54  -6  11   0 0.14    M    M  4.6 14 260   M    M   6 1      17 280
17  66  43  55  -4  10   0 0.00    M    M  3.1 14 240   M    M   5 1      22  30
18  67  44  56  -3   9   0 0.00    M    M  5.0 13 350   M    M   3 1      16  20
19  67  41  54  -5  11   0 0.00    M    M  7.7 14 130   M    M   3 12     19 130
20  75  57  66   8   0   1 0.00    M    M  8.7 18 230   M    M   5        29 230
21  74  53  64   6   1   0 0.37    M    M 10.0 21 220   M    M   6 18     29 220
22  53  41  47 -10  18   0 0.00    M    M 10.7 20 310   M    M   9 1      28 290
23  67  37  52  -5  13   0 0.00    M    M  2.0  8 360   M    M   0 1      13 360
24  70  46  58   1   7   0 0.00    M    M  8.1 17 120   M    M   0 1      25 110
25  69  51  60   4   5   0 0.00    M    M  4.4 10 100   M    M   1        13 100
26  73  46  60   4   5   0 0.00    M    M  5.1 12  30   M    M   0 1      17  70
27  77  49  63   8   2   0 0.00    M    M  3.6 12 130   M    M   0        14 120
28  74  49  62   7   3   0 0.00    M    M  2.8  9 240   M    M   0 1      14 260
29  74  50  62   7   3   0 0.00    M    M  3.2 15 240   M    M   2 12     21 230
================================================================================
SM 2049 1453       162  35  1.46    M    175.0          M      117
================================================================================
AV 70.7 50.1                               6.0 FASTST   M    M   4    MAX(MPH)
                                 MISC ---->  # 22 290               # 31  270
================================================================================
NOTES:
# LAST OF SEVERAL OCCURRENCES

COLUMN 17 PEAK WIND IN M.P.H.

PRELIMINARY LOCAL CLIMATOLOGICAL DATA (WS FORM: F-6) , PAGE 2

                                          STATION:  DUBOIS
                                          MONTH:    SEPTEMBER
                                          YEAR:     2014
                                          LATITUDE:   41 10 N
                                          LONGITUDE:  78 54 W

[TEMPERATURE DATA]      [PRECIPITATION DATA]       SYMBOLS USED IN COLUMN 16

AVERAGE MONTHLY: 60.4   TOTAL FOR MONTH:   1.46    1 = FOG OR MIST
DPTR FM NORMAL:   0.3   DPTR FM NORMAL:   -2.07    2 = FOG REDUCING VISIBILITY
HIGHEST:    83 ON  5    GRTST 24HR  0.73 ON 31- 1      TO 1/4 MILE OR LESS
LOWEST:     37 ON 23                               3 = THUNDER
                        SNOW, ICE PELLETS, HAIL    4 = ICE PELLETS
                        TOTAL MONTH:    M          5 = HAIL
                        GRTST 24HR    M  ON   M    6 = FREEZING RAIN OR DRIZZLE
                        GRTST DEPTH:  M  ON   M    7 = DUSTSTORM OR SANDSTORM:
                                                       VSBY 1/2 MILE OR LESS
                                                   8 = SMOKE OR HAZE
[NO. OF DAYS WITH]      [WEATHER - DAYS WITH]      9 = BLOWING SNOW
                                                   X = TORNADO
MAX 32 OR BELOW:   0    0.01 INCH OR MORE:   9
MAX 90 OR ABOVE:   0    0.10 INCH OR MORE:   6
MIN 32 OR BELOW:   0    0.50 INCH OR MORE:   0
MIN  0 OR BELOW:   0    1.00 INCH OR MORE:   0

[HDD (BASE 65) ]
TOTAL THIS MO.   162    CLEAR  (SCALE 0-3)  13
DPTR FM NORMAL   -10    PTCLDY (SCALE 4-7)  13
TOTAL FM JUL 1   234    CLOUDY (SCALE 8-10)  3
DPTR FM NORMAL     0

[CDD (BASE 65) ]
TOTAL THIS MO.    35
DPTR FM NORMAL     7    [PRESSURE DATA]
TOTAL FM JAN 1   410    HIGHEST SLP  0.00 ON 17
DPTR FM NORMAL    51    LOWEST  SLP  0.00 ON 17

[REMARKS]
