000
CXUS51 KPBZ 240901
CF6DUJ
PRELIMINARY LOCAL CLIMATOLOGICAL DATA (WS FORM: F-6)

                                          STATION:   DUBOIS
                                          MONTH:     OCTOBER
                                          YEAR:      2014
                                          LATITUDE:   41 10 N
                                          LONGITUDE:  78 54 W

  TEMPERATURE IN F:       :PCPN:    SNOW:  WIND      :SUNSHINE: SKY     :PK WND
================================================================================
1   2   3   4   5  6A  6B    7    8   9   10  11  12  13   14  15   16   17  18
                                     12Z  AVG MX 2MIN
DY MAX MIN AVG DEP HDD CDD  WTR  SNW DPTH SPD SPD DIR MIN PSBL S-S WX    SPD DR
================================================================================

 1  71  50  61   7   4   0 0.00    M    M  4.9 12 110   M    M   5 12     16 120
 2  70  50  60   6   5   0 0.00    M    M  6.4 12 130   M    M   4 12     17 130
 3  68  56  62   9   3   0 0.23    M    M 11.1 21 130   M    M   7 1      31 160
 4  59  35  47  -6  18   0 0.13    M    M 13.6 28 240   M    M   8 1      38 240
 5  47  36  42 -10  23   0 0.00    M    M 10.0 22 240   M    M   9        28 250
 6  65  43  54   2  11   0 0.21    M    M  8.2 17 230   M    M   9 1      23 230
 7  64  53  59   7   6   0 0.21    M    M  9.7 15 220   M    M   8 1      25 220
 8  59  44  52   1  13   0 0.01    M    M 12.8 29 260   M    M   8        39 250
 9  55  38  47  -4  18   0 0.00    M    M  9.0 20 260   M    M   0        26 250
10  58  35  47  -4  18   0 0.00    M    M  3.5 10  10   M    M   4 12     13  20
11  57  37  47  -3  18   0 0.00    M    M  6.5 14 350   M    M   3        18 330
12  60  31  46  -4  19   0 0.00    M    M  7.7 14 120   M    M   2        21 110
13  64  51  58   8   7   0 0.07    M    M 10.0 16 130   M    M   9 1      20 130
14  74  59  67  17   0   2 0.26    M    M 11.6 22 130   M    M   6 18     32 130
15  66  54  60  11   5   0 0.59    M    M  5.0 25 260   M    M   9 12     31 260
16  59  50  55   6  10   0    T    M    M  7.2 14 260   M    M  10 12     17 260
17  62  51  57   8   8   0 0.04    M    M 10.3 21 200   M    M   9 1      29 240
18  59  40  50   2  15   0 0.13    M    M 13.8 22 260   M    M  10 1      31 280
19  50  37  44  -4  21   0 0.00    M    M  9.2 20 270   M    M   5        26 320
20  54  36  45  -3  20   0 0.03    M    M  6.4 18 230   M    M   8        24 220
21  50  46  48   0  17   0 0.80    M    M  6.2 10 320   M    M  10 1      14 220
22  47  43  45  -2  20   0 0.00    M    M 12.2 20 360   M    M  10        27 340
23  59  42  51   4  14   0 0.00    M    M 12.1 24 320   M    M   4        31 340
================================================================================
SM 1377 1017       293   2  2.71    M    207.4          M      157
================================================================================
AV 59.9 44.2                               9.0 FASTST   M    M   7    MAX(MPH)
                                 MISC ---->  # 29 260               # 39  250
================================================================================
NOTES:
# LAST OF SEVERAL OCCURRENCES

COLUMN 17 PEAK WIND IN M.P.H.

PRELIMINARY LOCAL CLIMATOLOGICAL DATA (WS FORM: F-6) , PAGE 2

                                          STATION:  DUBOIS
                                          MONTH:    OCTOBER
                                          YEAR:     2014
                                          LATITUDE:   41 10 N
                                          LONGITUDE:  78 54 W

[TEMPERATURE DATA]      [PRECIPITATION DATA]       SYMBOLS USED IN COLUMN 16

AVERAGE MONTHLY: 52.0   TOTAL FOR MONTH:   2.71    1 = FOG OR MIST
DPTR FM NORMAL:   1.8   DPTR FM NORMAL:    0.40    2 = FOG REDUCING VISIBILITY
HIGHEST:    74 ON 14    GRTST 24HR  0.85 ON 14-15      TO 1/4 MILE OR LESS
LOWEST:     31 ON 12                               3 = THUNDER
                        SNOW, ICE PELLETS, HAIL    4 = ICE PELLETS
                        TOTAL MONTH:    M          5 = HAIL
                        GRTST 24HR    M  ON   M    6 = FREEZING RAIN OR DRIZZLE
                        GRTST DEPTH:  M  ON   M    7 = DUSTSTORM OR SANDSTORM:
                                                       VSBY 1/2 MILE OR LESS
                                                   8 = SMOKE OR HAZE
[NO. OF DAYS WITH]      [WEATHER - DAYS WITH]      9 = BLOWING SNOW
                                                   X = TORNADO
MAX 32 OR BELOW:   0    0.01 INCH OR MORE:  12
MAX 90 OR ABOVE:   0    0.10 INCH OR MORE:   8
MIN 32 OR BELOW:   1    0.50 INCH OR MORE:   2
MIN  0 OR BELOW:   0    1.00 INCH OR MORE:   0

[HDD (BASE 65) ]
TOTAL THIS MO.   293    CLEAR  (SCALE 0-3)   3
DPTR FM NORMAL   -48    PTCLDY (SCALE 4-7)  10
TOTAL FM JUL 1   530    CLOUDY (SCALE 8-10) 10
DPTR FM NORMAL   -57

[CDD (BASE 65) ]
TOTAL THIS MO.     2
DPTR FM NORMAL     2    [PRESSURE DATA]
TOTAL FM JAN 1   412    HIGHEST SLP M ON M
DPTR FM NORMAL    52    LOWEST  SLP 29.61 ON 17

[REMARKS]
