000
CXUS51 KPBZ 010804
CF6DUJ
PRELIMINARY LOCAL CLIMATOLOGICAL DATA (WS FORM: F-6)

                                          STATION:   DUBOIS
                                          MONTH:     JUNE
                                          YEAR:      2015
                                          LATITUDE:   41 10 N
                                          LONGITUDE:  78 54 W

  TEMPERATURE IN F:       :PCPN:    SNOW:  WIND      :SUNSHINE: SKY     :PK WND
================================================================================
1   2   3   4   5  6A  6B    7    8   9   10  11  12  13   14  15   16   17  18
                                     12Z  AVG MX 2MIN
DY MAX MIN AVG DEP HDD CDD  WTR  SNW DPTH SPD SPD DIR MIN PSBL S-S WX    SPD DR
================================================================================

 1  65  52  59  -2   6   0 0.00    M    M  7.8 14 250   M    M  10 1      18 250
 2  68  51  60  -1   5   0 0.00    M    M  6.5 13  60   M    M   7        17  60
 3  69  46  58  -3   7   0 0.00    M    M  7.6 14 120   M    M   5        19 110
 4  70  58  64   2   1   0 0.00    M    M  9.5 16 130   M    M   9        21 120
 5  78  58  68   6   0   3 0.39    M    M  5.1 15 160   M    M   8 1238   23 170
 6  75  53  64   2   1   0 0.00    M    M  7.9 16  20   M    M   5 1      23  30
 7  80  48  64   2   1   0    T    M    M  9.2 15 190   M    M   3        20 200
 8  79  65  72   9   0   7 0.95    M    M  9.2 24 240   M    M   6 18     36 230
 9  71  56  64   1   1   0 0.06    M    M  9.2 23 260   M    M   7 1      29 250
10  82  53  68   5   0   3 0.00    M    M  8.6 18 230   M    M   1 1      30 220
11  83  66  75  11   0  10 0.44    M    M  7.3 18 230   M    M   5 1238   24 230
12  87  64  76  12   0  11 0.54    M    M  8.9 22 270   M    M   4 123    33 270
13  75  65  70   6   0   5 0.11    M    M  3.1 14 250   M    M   9 1238   18 270
14  79  68  74  10   0   9 0.58    M    M  7.0 14 260   M    M   8 138    19 230
15  81  67  74   9   0   9 0.28    M    M  7.5 15 240   M    M   7 138    19 280
16   M   M   M   M   M   M 0.05    M    M 12.3 20 310   M    M   9 1      25 310
17   M   M   M   M   M   M    M    M    M   M   M   M   0    0   0         0   0
18  79  65  72   7   0   7 0.52    M    M  5.1 15 310   M    M   5 13     23 310
19  77  63  70   4   0   5 0.40    M    M  7.1 14 250   M    M   5 1      19 260
20  77  63  70   4   0   5 0.35    M    M  5.8 15 130   M    M   8 138    21 110
21  80  65  73   7   0   8 0.11    M    M  8.2 18 230   M    M   7 128    27 220
22  83  63  73   7   0   8 0.00    M    M  8.2 16 270   M    M   5 12     21 260
23  81  59  70   4   0   5 0.78    M    M 11.7 24 250   M    M   5 13     31 250
24  77  51  64  -3   1   0 0.00    M    M  5.2 14 290   M    M   2 12     19 290
25  71  51  61  -6   4   0 0.21    M    M  2.4  9 110   M    M   5 18     12 110
26  80  62  71   4   0   6 0.00    M    M  4.8 13  40   M    M   6 128    16  40
27  66  57  62  -5   3   0 1.93    M    M 12.2 22 110   M    M   9 1      32 100
28  68  57  63  -4   2   0 0.17    M    M 11.2 24 260   M    M  10 18     33 270
29  75  51  63  -5   2   0 0.01    M    M  6.4 15 280   M    M   6        20 280
30  71  61  66  -2   0   1 0.24    M    M  6.9 17 230   M    M   8 13     27 240
================================================================================
SM 2127 1638        34 102  8.12    M    221.9            0    184
================================================================================
AV 76.0 58.5                               7.7 FASTST    0   0   6    MAX(MPH)
                                 MISC ---->  # 24 240               # 36  230
================================================================================
NOTES:
# LAST OF SEVERAL OCCURRENCES

COLUMN 17 PEAK WIND IN M.P.H.

PRELIMINARY LOCAL CLIMATOLOGICAL DATA (WS FORM: F-6) , PAGE 2

                                          STATION:  DUBOIS
                                          MONTH:    JUNE
                                          YEAR:     2015
                                          LATITUDE:   41 10 N
                                          LONGITUDE:  78 54 W

[TEMPERATURE DATA]      [PRECIPITATION DATA]       SYMBOLS USED IN COLUMN 16

AVERAGE MONTHLY: 67.2   TOTAL FOR MONTH:   8.12    1 = FOG OR MIST
DPTR FM NORMAL:   2.6   DPTR FM NORMAL:    3.36    2 = FOG REDUCING VISIBILITY
HIGHEST:    87 ON 12    GRTST 24HR  1.93 ON 27-27      TO 1/4 MILE OR LESS
LOWEST:     46 ON  3                               3 = THUNDER
                        SNOW, ICE PELLETS, HAIL    4 = ICE PELLETS
                        TOTAL MONTH:    M          5 = HAIL
                        GRTST 24HR    M  ON   M    6 = FREEZING RAIN OR DRIZZLE
                        GRTST DEPTH:  M  ON   M    7 = DUSTSTORM OR SANDSTORM:
                                                       VSBY 1/2 MILE OR LESS
                                                   8 = SMOKE OR HAZE
[NO. OF DAYS WITH]      [WEATHER - DAYS WITH]      9 = BLOWING SNOW
                                                   X = TORNADO
MAX 32 OR BELOW:   0    0.01 INCH OR MORE:  19
MAX 90 OR ABOVE:   0    0.10 INCH OR MORE:  16
MIN 32 OR BELOW:   0    0.50 INCH OR MORE:   6
MIN  0 OR BELOW:   0    1.00 INCH OR MORE:   1

[HDD (BASE 65) ]
TOTAL THIS MO.    34    CLEAR  (SCALE 0-3)   4
DPTR FM NORMAL   -51    PTCLDY (SCALE 4-7)  19
TOTAL FM JUL 1  6970    CLOUDY (SCALE 8-10)  7
DPTR FM NORMAL    83

[CDD (BASE 65) ]
TOTAL THIS MO.   102
DPTR FM NORMAL    31    [PRESSURE DATA]
TOTAL FM JAN 1   207    HIGHEST SLP 30.20 ON  3
DPTR FM NORMAL   113    LOWEST  SLP 29.64 ON 28

[REMARKS]
#FINAL-06-15#
