000
CXUS53 KFGF 300915
CF6DVL
PRELIMINARY LOCAL CLIMATOLOGICAL DATA (WS FORM: F-6)

                                          STATION:   DEVIL`S LAKE
                                          MONTH:     JANUARY
                                          YEAR:      2015
                                          LATITUDE:   48  7 N
                                          LONGITUDE:  98 54 W

  TEMPERATURE IN F:       :PCPN:    SNOW:  WIND      :SUNSHINE: SKY     :PK WND
================================================================================
1   2   3   4   5  6A  6B    7    8   9   10  11  12  13   14  15   16   17  18
                                     12Z  AVG MX 2MIN
DY MAX MIN AVG DEP HDD CDD  WTR  SNW DPTH SPD SPD DIR MIN PSBL S-S WX    SPD DR
================================================================================

 1  28   9  19   M  46   0 0.00  0.0    0 11.8 21 290   M    M  10        24 270
 2  30  10  20   M  45   0 0.00  0.0    0 12.9 16 240   M    M  10        27 100
 3  10 -15  -2   M  67   0 0.00  0.0    0 19.7 32 360   M    M   4        40  10
 4  -9 -17 -13   M  78   0 0.00  0.0    0 15.9 23 310   M    M   1        31 300
 5  -2 -15  -8   M  73   0 0.00  0.0    0 10.4 18 280   M    M   1        22 280
 6   1  -9  -4   M  69   0 0.00  0.0    0 18.9 24 320   M    M   0        30 320
 7   1 -11  -5   M  70   0 0.00  0.0    0 13.2 20 280   M    M   1        23 280
 8   9  -4   3   M  62   0 0.00  0.0    0 21.6 36 330   M    M   7        43 330
 9   3  -6  -1   M  66   0 0.00  0.0    0 18.5 24 300   M    M   0        30 300
10   0 -17  -8   M  73   0 0.00  0.0    0  5.5 13 360   M    M   0         M  M
11   5  -8  -1   M  66   0 0.00  0.0    0 10.1 17 360   M    M   3         M  M
12   0 -22 -11   M  76   0 0.00  0.0    0  7.0 12 220   M    M   0         M  M
13  14  -8   3   M  62   0 0.00  0.0    0 10.8 16 200   M    M   1        21 200
14  30   9  20   M  45   0 0.00  0.0    0 11.7 17 200   M    M   8         M  M
15  32  14  23   M  42   0 0.00  0.0    0 12.8 17  80   M    M   6        21  80
16  30   9  20   M  45   0 0.00  0.0    0 13.7 17 190   M    M  10        21 100
17  36  27  32   M  33   0 0.00  0.0    0 21.7 31 290   M    M   3        43 290
18  27  10  19   M  46   0 0.00  0.0    0  8.7 16 300   M    M   5         M  M
19  27  21  24   M  41   0 0.00  0.0    0  5.7 15 150   M    M  10         M  M
20  27  21  24   M  41   0 0.00  0.0    0  4.7 10  30   M    M  10         M  M
21  23   9  16   M  49   0 0.00  0.0    0  8.9 15  40   M    M   8         M  M
22  37  12  25   M  40   0 0.00  0.0    0 17.0 25 220   M    M   6        32 230
23  39  28  34   M  31   0 0.00  0.0    0 14.1 18 280   M    M   1        24 280
24  34  18  26   M  39   0 0.00  0.0    0  8.9 14  40   M    M   6        16  50
25  37  16  27   M  38   0 0.00  0.0    0  7.7 20 250   M    M  10        28 250
26  39  21  30   M  35   0 0.00  0.0    0 13.1 24 300   M    M   2        28 300
27  37  19  28   M  37   0 0.00  0.0    0  9.9 17 160   M    M   3         M  M
28  34  23  29   M  36   0 0.00  0.0    0 12.4 25 330   M    M  10        31 330
29  25   9  17   M  48   0 0.00  0.0    0 13.2 24 340   M    M  10        30 340
================================================================================
SM  604  153      1499   0  0.00     0.0 360.5          M      146
================================================================================
AV 20.8  5.3                              12.4 FASTST   M    M   5    MAX(MPH)
                                 MISC ---->    36   M                 43    M
================================================================================
NOTES:
# LAST OF SEVERAL OCCURRENCES

COLUMN 17 PEAK WIND IN M.P.H.

PRELIMINARY LOCAL CLIMATOLOGICAL DATA (WS FORM: F-6) , PAGE 2

                                          STATION:  DEVIL`S LAKE
                                          MONTH:    JANUARY
                                          YEAR:     2015
                                          LATITUDE:   48  7 N
                                          LONGITUDE:  98 54 W

[TEMPERATURE DATA]      [PRECIPITATION DATA]       SYMBOLS USED IN COLUMN 16

AVERAGE MONTHLY: 13.1   TOTAL FOR MONTH:   0.00    1 = FOG OR MIST
DPTR FM NORMAL:     M   DPTR FM NORMAL:       M    2 = FOG REDUCING VISIBILITY
HIGHEST:    39 ON 26,23 GRTST 24HR  0.00 ON 29-29      TO 1/4 MILE OR LESS
LOWEST:    -22 ON 12                               3 = THUNDER
                        SNOW, ICE PELLETS, HAIL    4 = ICE PELLETS
                        TOTAL MONTH:   0.0 INCH    5 = HAIL
                        GRTST 24HR     0.0         6 = FREEZING RAIN OR DRIZZLE
                        GRTST DEPTH:   0           7 = DUSTSTORM OR SANDSTORM:
                                                       VSBY 1/2 MILE OR LESS
                                                   8 = SMOKE OR HAZE
[NO. OF DAYS WITH]      [WEATHER - DAYS WITH]      9 = BLOWING SNOW
                                                   X = TORNADO
MAX 32 OR BELOW:  21    0.01 INCH OR MORE:   0
MAX 90 OR ABOVE:   0    0.10 INCH OR MORE:   0
MIN 32 OR BELOW:  29    0.50 INCH OR MORE:   0
MIN  0 OR BELOW:  11    1.00 INCH OR MORE:   0

[HDD (BASE 65) ]
TOTAL THIS MO.  1499    CLEAR  (SCALE 0-3)  13
DPTR FM NORMAL     M    PTCLDY (SCALE 4-7)   8
TOTAL FM JUL 1  5185    CLOUDY (SCALE 8-10)  8
DPTR FM NORMAL     M

[CDD (BASE 65) ]
TOTAL THIS MO.     0
DPTR FM NORMAL     M    [PRESSURE DATA]
TOTAL FM JAN 1     0    HIGHEST SLP M ON M
DPTR FM NORMAL     M    LOWEST  SLP M ON M

[REMARKS]
