000
CXUS54 KEWX 270910
CF6DZB
PRELIMINARY LOCAL CLIMATOLOGICAL DATA (WS FORM: F-6)

                                          STATION:   Horseshoe Bay
                                          MONTH:     JUNE
                                          YEAR:      2017
                                          LATITUDE:   30 31 N
                                          LONGITUDE:  98 22 W

  TEMPERATURE IN F:       :PCPN:    SNOW:  WIND      :SUNSHINE: SKY     :PK WND
================================================================================
1   2   3   4   5  6A  6B    7    8   9   10  11  12  13   14  15   16   17  18
                                     12Z  AVG MX 2MIN
DY MAX MIN AVG DEP HDD CDD  WTR  SNW DPTH SPD SPD DIR MIN PSBL S-S WX    SPD DR
================================================================================

 1  88   M   M   M   M   M 0.00    M    M  4.5  8 150   M    M   3         M  M
 2  91  72  82   M   0  17 0.00    M    M  3.8 10 120   M    M   5        20 120
 3  88  66  77   M   0  12 0.34    M    M  5.0 28 340   M    M   6 3      39 340
 4  88  66  77   M   0  12 0.05    M    M  1.2  8 360   M    M   2 13     21 360
 5  88  66  77   M   0  12 0.03    M    M  3.8 12  30   M    M   2 3      23  30
 6  90  68  79   M   0  14 0.00    M    M  4.4 12 360   M    M   4        20 360
 7  93  64  79   M   0  14 0.00    M    M  2.4  9 340   M    M   1         M  M
 8  92  64  78   M   0  13 0.00    M    M  2.8  7 140   M    M   2         M  M
 9  92  73  83   M   0  18 0.00    M    M  7.4 12  70   M    M   5 3      24 140
10  91  68  80   M   0  15 0.00    M    M  8.5 12 150   M    M   2        20 140
11  91  72  82   M   0  17 0.00    M    M  8.1 13 160   M    M   3        21 170
12  92  71  82   M   0  17 0.00    M    M  6.1 10 150   M    M   2        18 160
13  93  73  83   M   0  18 0.00    M    M  7.6 14 150   M    M   4        23 180
14  93  76  85   M   0  20 0.00    M    M  8.6 13 160   M    M   6        21 170
15  94  76  85   M   0  20 0.00    M    M  7.8 14 180   M    M   4        22 170
16  92  76  84   M   0  19 0.00    M    M  7.6 13 190   M    M   1        21 170
17  93  74  84   M   0  19 0.00    M    M  6.9 10 170   M    M   1        17 170
18   M   M   M   M   M   M    M    M    M   M   M   M   M    M   M         M  M
19   M   M   M   M   M   M    M    M    M   M   M   M   M    M   M         M  M
20   M   M   M   M   M   M    M    M    M   M   M   M   M    M   M         M  M
21  96  72  84   M   0  19 0.00    M    M  8.1  8 350   M    M   1         M  M
22  99  69  84   M   0  19 0.00    M    M   M   M   M   M    M   0         M  M
23 103  77  90   M   0  25 0.00    M    M   M   M   M   M    M   0         M  M
24  86  69  78   M   0  13 0.39    M    M  3.2  6  70   M    M   4 3       M  M
25  89  69  79   M   0  14 0.00    M    M  3.1  9  80   M    M   6 1       M  M
26  91  72  82   M   0  17 0.80  0.0    0  2.3  8 110   M    M   7 3       M  M
================================================================================
SM 2113 1553         0 364  1.61     0.0 113.2          M       71
================================================================================
AV 91.9 70.6                               5.4 FASTST   M    M   3    MAX(MPH)
                                 MISC ---->  # 28 340               # 39  340
================================================================================
NOTES:
# LAST OF SEVERAL OCCURRENCES

COLUMN 17 PEAK WIND IN M.P.H.

PRELIMINARY LOCAL CLIMATOLOGICAL DATA (WS FORM: F-6) , PAGE 2

                                          STATION:  Horseshoe Bay
                                          MONTH:    JUNE
                                          YEAR:     2017
                                          LATITUDE:   30 31 N
                                          LONGITUDE:  98 22 W

[TEMPERATURE DATA]      [PRECIPITATION DATA]       SYMBOLS USED IN COLUMN 16

AVERAGE MONTHLY: 81.2   TOTAL FOR MONTH:   1.61    1 = FOG OR MIST
DPTR FM NORMAL:     M   DPTR FM NORMAL:       M    2 = FOG REDUCING VISIBILITY
HIGHEST:   103 ON 23    GRTST 24HR  0.80 ON 26-26      TO 1/4 MILE OR LESS
LOWEST:     64 ON  8, 7                            3 = THUNDER
                        SNOW, ICE PELLETS, HAIL    4 = ICE PELLETS
                        TOTAL MONTH:   0.0 INCH    5 = HAIL
                        GRTST 24HR     0.0         6 = FREEZING RAIN OR DRIZZLE
                        GRTST DEPTH:   0           7 = DUSTSTORM OR SANDSTORM:
                                                       VSBY 1/2 MILE OR LESS
                                                   8 = SMOKE OR HAZE
[NO. OF DAYS WITH]      [WEATHER - DAYS WITH]      9 = BLOWING SNOW
                                                   X = TORNADO
MAX 32 OR BELOW:   0    0.01 INCH OR MORE:   5
MAX 90 OR ABOVE:  17    0.10 INCH OR MORE:   3
MIN 32 OR BELOW:   0    0.50 INCH OR MORE:   1
MIN  0 OR BELOW:   0    1.00 INCH OR MORE:   0

[HDD (BASE 65) ]
TOTAL THIS MO.     0    CLEAR  (SCALE 0-3)  11
DPTR FM NORMAL     M    PTCLDY (SCALE 4-7)  12
TOTAL FM JUL 1  1123    CLOUDY (SCALE 8-10)  0
DPTR FM NORMAL     M

[CDD (BASE 65) ]
TOTAL THIS MO.   364
DPTR FM NORMAL     M    [PRESSURE DATA]
TOTAL FM JAN 1   953    HIGHEST SLP M ON M
DPTR FM NORMAL     M    LOWEST  SLP M ON M

[REMARKS]
