000
CXUS54 KMAF 161100
CF6E38
PRELIMINARY LOCAL CLIMATOLOGICAL DATA (WS FORM: F-6)

                                          STATION:   Alpine-Casparis Municipal
                                          MONTH:     SEPTEMBER
                                          YEAR:      2014
                                          LATITUDE:   30 23 N
                                          LONGITUDE: 103 41 W

  TEMPERATURE IN F:       :PCPN:    SNOW:  WIND      :SUNSHINE: SKY     :PK WND
================================================================================
1   2   3   4   5  6A  6B    7    8   9   10  11  12  13   14  15   16   17  18
                                     12Z  AVG MX 2MIN
DY MAX MIN AVG DEP HDD CDD  WTR  SNW DPTH SPD SPD DIR MIN PSBL S-S WX    SPD DR
================================================================================

 1  98  68  83   M   0  18 0.00  0.0    0  7.0 13 220   M    M   1        16 230
 2  97  69  83   M   0  18 0.00  0.0    0  8.5 17 140   M    M   1        24 160
 3  90  66  78   M   0  13 0.00  0.0    0  9.4 17 110   M    M   1        24 150
 4  85  66  76   M   0  11 0.00  0.0    0 11.2 20 160   M    M   2        28 160
 5  84  67  76   M   0  11 0.42  0.0    0  7.2 12  70   M    M   7 3      21 160
 6  73  64  69   M   0   4 0.86  0.0    0  6.7 16  50   M    M  10 3      21  50
 7  71  62  67   M   0   2 0.81  0.0    0  6.9 14  40   M    M  10 3      18  40
 8  83  63  73   M   0   8 0.00  0.0    0  5.6 13 200   M    M   3        16 200
 9  88  64  76   M   0  11 0.00  0.0    0  8.9 15 240   M    M   1        25 230
10  89  65  77   M   0  12 0.00  0.0    0  6.9 13 260   M    M   0        17 260
11  80  61  71   M   0   6 0.00  0.0    0  7.5 16  70   M    M   4 3      24  70
12  78  53  66   M   0   1 0.13  0.0    0  9.3 22  50   M    M   8 3      29  50
13  53  48  51   M  14   0 0.02    M    0 10.2 17  40   M    M  10        21  60
14  71  51  61   M   4   0 0.01  0.0    0  3.7 10 160   M    M  10         M  M
15  77  61  69   M   0   4 0.00  0.0    0  2.6  8  40   M    M   5         M  M
================================================================================
SM 1217  928        18 119  2.25     0.0 111.6          M       73
================================================================================
AV 81.1 61.9                               7.4 FASTST   M    M   5    MAX(MPH)
                                 MISC ---->    22   M                 29    M
================================================================================
NOTES:
# LAST OF SEVERAL OCCURRENCES

COLUMN 17 PEAK WIND IN M.P.H.

PRELIMINARY LOCAL CLIMATOLOGICAL DATA (WS FORM: F-6) , PAGE 2

                                          STATION:  Alpine-Casparis Municipal
                                          MONTH:    SEPTEMBER
                                          YEAR:     2014
                                          LATITUDE:   30 23 N
                                          LONGITUDE: 103 41 W

[TEMPERATURE DATA]      [PRECIPITATION DATA]       SYMBOLS USED IN COLUMN 16

AVERAGE MONTHLY: 71.5   TOTAL FOR MONTH:   2.25    1 = FOG OR MIST
DPTR FM NORMAL:     M   DPTR FM NORMAL:       M    2 = FOG REDUCING VISIBILITY
HIGHEST:    98 ON  1    GRTST 24HR  0.86 ON  6- 6      TO 1/4 MILE OR LESS
LOWEST:     48 ON 13                               3 = THUNDER
                        SNOW, ICE PELLETS, HAIL    4 = ICE PELLETS
                        TOTAL MONTH:   0.0 INCH    5 = HAIL
                        GRTST 24HR     0.0         6 = FREEZING RAIN OR DRIZZLE
                        GRTST DEPTH:   0           7 = DUSTSTORM OR SANDSTORM:
                                                       VSBY 1/2 MILE OR LESS
                                                   8 = SMOKE OR HAZE
[NO. OF DAYS WITH]      [WEATHER - DAYS WITH]      9 = BLOWING SNOW
                                                   X = TORNADO
MAX 32 OR BELOW:   0    0.01 INCH OR MORE:   6
MAX 90 OR ABOVE:   3    0.10 INCH OR MORE:   4
MIN 32 OR BELOW:   0    0.50 INCH OR MORE:   2
MIN  0 OR BELOW:   0    1.00 INCH OR MORE:   0

[HDD (BASE 65) ]
TOTAL THIS MO.    18    CLEAR  (SCALE 0-3)   7
DPTR FM NORMAL     M    PTCLDY (SCALE 4-7)   3
TOTAL FM JUL 1    18    CLOUDY (SCALE 8-10)  5
DPTR FM NORMAL     M

[CDD (BASE 65) ]
TOTAL THIS MO.   119
DPTR FM NORMAL     M    [PRESSURE DATA]
TOTAL FM JAN 1  1722    HIGHEST SLP M ON M
DPTR FM NORMAL     M    LOWEST  SLP M ON M

[REMARKS]
