000
CXUS53 KGID 290730
CF6EAR
PRELIMINARY LOCAL CLIMATOLOGICAL DATA (WS FORM: F-6)

                                          STATION:   KEARNEY
                                          MONTH:     JULY
                                          YEAR:      2017
                                          LATITUDE:   40 43 N
                                          LONGITUDE:  99  0 W

  TEMPERATURE IN F:       :PCPN:    SNOW:  WIND      :SUNSHINE: SKY     :PK WND
================================================================================
1   2   3   4   5  6A  6B    7    8   9   10  11  12  13   14  15   16   17  18
                                     12Z  AVG MX 2MIN
DY MAX MIN AVG DEP HDD CDD  WTR  SNW DPTH SPD SPD DIR MIN PSBL S-S WX    SPD DR
================================================================================

 1  90  54  72  -2   0   7 0.00    M    M 10.9 21 210   M    M   0        25 210
 2  91  63  77   3   0  12 0.00    M    M 10.9 18 120   M    M   0 3      24 120
 3  84  64  74   0   0   9 0.01    M    M  6.7 21 110   M    M   1         M  M
 4  90  64  77   3   0  12 0.00    M    M  6.9 14 110   M    M   2        16 170
 5  90  63  77   3   0  12 0.00    M    M  7.7 12 170   M    M   0         M  M
 6 100  64  82   8   0  17 0.00    M    M  9.4 15 230   M    M   0        20 250
 7  81  63  72  -2   0   7 0.01    M    M  6.4 17  40   M    M   1        22  40
 8  91  63  77   2   0  12 0.00    M    M  7.4 13 180   M    M   1        16 180
 9  99  66  83   8   0  18 0.00    M    M  9.2 13 200   M    M   0         M  M
10  91  72  82   7   0  17 0.00    M    M  9.8 17 220   M    M   0        22 220
11  97  70  84   9   0  19 0.00    M    M   M   M   M   M    M   0         M  M
12  84  67  76   1   0  11 0.09    M    M   M   M   M   M    M   M         M  M
13  82  65  74  -1   0   9 1.59    M    M   M   M   M   M    M   M         M  M
14  87  66  77   2   0  12 0.00    M    M   M   M   M   M    M   M         M  M
15  90  66  78   3   0  13 0.00    M    M   M   M   M   M    M   M         M  M
16  92  69  81   6   0  16 0.00    M    M   M   M   M   M    M   M         M  M
17  92  67  80   5   0  15 0.00    M    M   M   M   M   M    M   0 13      M  M
18  86  67  77   2   0  12 0.73    M    M 10.3 18 150   M    M   4 13     23 150
19  97  71  84   9   0  19 0.00    M    M  9.8 16 170   M    M   0 1       M  M
20  90  71  81   6   0  16 0.00    M    M  7.7  M   M   M    M   0         M  M
21  97  75  86  11   0  21 0.00    M    M 10.7 20 200   M    M   0 3      21 200
22  89  70  80   5   0  15    T    M    M  9.7 20  30   M    M   1 13      M  M
23  89  65  77   2   0  12 0.00    M    M  6.9 13 330   M    M   0 1       M  M
24  92  64  78   3   0  13 0.00    M    M 11.0 18 170   M    M   0        25 170
25  95  69  82   7   0  17 0.00    M    M 13.9 20 170   M    M   0        24 180
26  81  69  75   0   0  10 0.47    M    M 11.0 18  30   M    M   7 13      M  M
27  82  65  74  -1   0   9 0.00    M    M  8.4 14  20   M    M   2 1       M  M
28  82  61  72  -3   0   7    T    M    M  6.7 13 100   M    M   2 1       M  M
================================================================================
SM 2511 1853         0 369  2.90    M    191.4          M       21
================================================================================
AV 89.7 66.2                               9.1 FASTST   M    M   1    MAX(MPH)
                                 MISC ---->  # 21 210               # 25  210
================================================================================
NOTES:
# LAST OF SEVERAL OCCURRENCES

COLUMN 17 PEAK WIND IN M.P.H.

PRELIMINARY LOCAL CLIMATOLOGICAL DATA (WS FORM: F-6) , PAGE 2

                                          STATION:  KEARNEY
                                          MONTH:    JULY
                                          YEAR:     2017
                                          LATITUDE:   40 43 N
                                          LONGITUDE:  99  0 W

[TEMPERATURE DATA]      [PRECIPITATION DATA]       SYMBOLS USED IN COLUMN 16

AVERAGE MONTHLY: 77.9   TOTAL FOR MONTH:   2.90    1 = FOG OR MIST
DPTR FM NORMAL:   3.2   DPTR FM NORMAL:   -0.05    2 = FOG REDUCING VISIBILITY
HIGHEST:   100 ON  6    GRTST 24HR  1.59 ON 13-13      TO 1/4 MILE OR LESS
LOWEST:     54 ON  1                               3 = THUNDER
                        SNOW, ICE PELLETS, HAIL    4 = ICE PELLETS
                        TOTAL MONTH:    M          5 = HAIL
                        GRTST 24HR    M  ON   M    6 = FREEZING RAIN OR DRIZZLE
                        GRTST DEPTH:  M  ON   M    7 = DUSTSTORM OR SANDSTORM:
                                                       VSBY 1/2 MILE OR LESS
                                                   8 = SMOKE OR HAZE
[NO. OF DAYS WITH]      [WEATHER - DAYS WITH]      9 = BLOWING SNOW
                                                   X = TORNADO
MAX 32 OR BELOW:   0    0.01 INCH OR MORE:   6
MAX 90 OR ABOVE:  17    0.10 INCH OR MORE:   3
MIN 32 OR BELOW:   0    0.50 INCH OR MORE:   2
MIN  0 OR BELOW:   0    1.00 INCH OR MORE:   1

[HDD (BASE 65) ]
TOTAL THIS MO.     0    CLEAR  (SCALE 0-3)  21
DPTR FM NORMAL     0    PTCLDY (SCALE 4-7)   2
TOTAL FM JUL 1     0    CLOUDY (SCALE 8-10)  0
DPTR FM NORMAL     0

[CDD (BASE 65) ]
TOTAL THIS MO.   369
DPTR FM NORMAL    93    [PRESSURE DATA]
TOTAL FM JAN 1   699    HIGHEST SLP M ON M
DPTR FM NORMAL   197    LOWEST  SLP M ON M

[REMARKS]
