000
CXUS56 KOTX 250900
CF6EAT
PRELIMINARY LOCAL CLIMATOLOGICAL DATA (WS FORM: F-6)

                                          STATION:   WENATCHEE WA PANGBORN FIELD
                                          MONTH:     FEBRUARY
                                          YEAR:      2017
                                          LATITUDE:   47 23 N
                                          LONGITUDE: 120 12 W

  TEMPERATURE IN F:       :PCPN:    SNOW:  WIND      :SUNSHINE: SKY     :PK WND
================================================================================
1   2   3   4   5  6A  6B    7    8   9   10  11  12  13   14  15   16   17  18
                                     12Z  AVG MX 2MIN
DY MAX MIN AVG DEP HDD CDD  WTR  SNW DPTH SPD SPD DIR MIN PSBL S-S WX    SPD DR
================================================================================

 1  28  11  20 -12  45   0 0.00  0.0    0  7.3 14 290   M    M   1        16 290
 2  25   9  17 -15  48   0 0.00    M    M  3.9 10 290   M    M   2        14 350
 3  24  18  21 -11  44   0 0.19    M    M  3.4  9 260   M    M  10 12     12 330
 4  30  15  23 -10  42   0    T    M    M  2.6 10 120   M    M   9 1      13 120
 5  27  19  23 -10  42   0 0.41    M    M  3.7 10  60   M    M  10 12     11  60
 6  28  12  20 -13  45   0 0.10    M    M  3.6  9 270   M    M   8 12     10 270
 7  23   8  16 -17  49   0 0.00    M    M  2.4  9 300   M    M   4 1      11 290
 8  20  11  16 -17  49   0 0.18    M    M  3.9 10 300   M    M  10 12     12 290
 9  29  19  24 -10  41   0 0.06    M    M  5.1 15 130   M    M   9 16     20 110
10  45  26  36   2  29   0    T    M    M  6.1 30 260   M    M   6 12     40 250
11  44  22  33  -1  32   0 0.00    M    M  2.6  9 310   M    M   0        10 310
12  33  19  26  -8  39   0 0.00    M    M  1.4  7 300   M    M   0 1       8  30
13  32  15  24 -10  41   0 0.00    M    M  3.4 10 290   M    M   0 1      11 310
14  31  14  23 -11  42   0 0.00    M    M  2.4  9 280   M    M   2 12     11 270
15  32  27  30  -5  35   0 0.23    M    M  2.2 12  80   M    M   9 126    14  90
16  41  31  36   1  29   0    T    M    M  3.5 12  90   M    M   6 126    15  90
17  38  28  33  -2  32   0 0.00    M    M  2.9  8 310   M    M   3 12     10 290
18  37  31  34  -1  31   0 0.12    M    M  2.2 10 290   M    M  10 1      12 290
19  36  32  34  -2  31   0    T    M    M  5.2 13  80   M    M  10 12     14  90
20  35  29  32  -4  33   0 0.32    M    M  3.6  9 290   M    M   8 12     11 290
21  40  31  36   0  29   0 0.03    M    M  4.4 12 290   M    M   4 12     13 290
22  40  26  33  -3  32   0 0.00    M    M  6.2 15 320   M    M   1        18 320
23  42  21  32  -5  33   0 0.00    M    M  5.6 10 280   M    M   1        12 270
24  35  19  27 -10  38   0 0.00    M    M  2.5 12 300   M    M   0        12 300
================================================================================
SM  795  493       911   0  1.64     0.0  90.1          M      123
================================================================================
AV 33.1 20.5                               3.8 FASTST   M    M   5    MAX(MPH)
                                 MISC ---->  # 30 260               # 40  250
================================================================================
NOTES:
# LAST OF SEVERAL OCCURRENCES

COLUMN 17 PEAK WIND IN M.P.H.

PRELIMINARY LOCAL CLIMATOLOGICAL DATA (WS FORM: F-6) , PAGE 2

                                          STATION:  WENATCHEE WA PANGBORN FIELD
                                          MONTH:    FEBRUARY
                                          YEAR:     2017
                                          LATITUDE:   47 23 N
                                          LONGITUDE: 120 12 W

[TEMPERATURE DATA]      [PRECIPITATION DATA]       SYMBOLS USED IN COLUMN 16

AVERAGE MONTHLY: 26.8   TOTAL FOR MONTH:   1.64    1 = FOG OR MIST
DPTR FM NORMAL:  -7.5   DPTR FM NORMAL:    0.94    2 = FOG REDUCING VISIBILITY
HIGHEST:    45 ON 10    GRTST 24HR  0.51 ON  5- 6      TO 1/4 MILE OR LESS
LOWEST:      8 ON  7                               3 = THUNDER
                        SNOW, ICE PELLETS, HAIL    4 = ICE PELLETS
                        TOTAL MONTH:   0.0 INCH    5 = HAIL
                        GRTST 24HR     0.0         6 = FREEZING RAIN OR DRIZZLE
                        GRTST DEPTH:   0           7 = DUSTSTORM OR SANDSTORM:
                                                       VSBY 1/2 MILE OR LESS
                                                   8 = SMOKE OR HAZE
[NO. OF DAYS WITH]      [WEATHER - DAYS WITH]      9 = BLOWING SNOW
                                                   X = TORNADO
MAX 32 OR BELOW:  12    0.01 INCH OR MORE:   9
MAX 90 OR ABOVE:   0    0.10 INCH OR MORE:   7
MIN 32 OR BELOW:  24    0.50 INCH OR MORE:   0
MIN  0 OR BELOW:   0    1.00 INCH OR MORE:   0

[HDD (BASE 65) ]
TOTAL THIS MO.   911    CLEAR  (SCALE 0-3)   9
DPTR FM NORMAL   174    PTCLDY (SCALE 4-7)   7
TOTAL FM JUL 1  4642    CLOUDY (SCALE 8-10)  8
DPTR FM NORMAL   285

[CDD (BASE 65) ]
TOTAL THIS MO.     0
DPTR FM NORMAL     0    [PRESSURE DATA]
TOTAL FM JAN 1     0    HIGHEST SLP M ON M
DPTR FM NORMAL     0    LOWEST  SLP 29.20 ON  6

[REMARKS]
