000
CXUS56 KOTX 280900
CF6EAT
PRELIMINARY LOCAL CLIMATOLOGICAL DATA (WS FORM: F-6)

                                          STATION:   WENATCHEE WA PANGBORN FIELD
                                          MONTH:     MARCH
                                          YEAR:      2015
                                          LATITUDE:   47 23 N
                                          LONGITUDE: 120 12 W

  TEMPERATURE IN F:       :PCPN:    SNOW:  WIND      :SUNSHINE: SKY     :PK WND
================================================================================
1   2   3   4   5  6A  6B    7    8   9   10  11  12  13   14  15   16   17  18
                                     12Z  AVG MX 2MIN
DY MAX MIN AVG DEP HDD CDD  WTR  SNW DPTH SPD SPD DIR MIN PSBL S-S WX    SPD DR
================================================================================

 1  49  29  39   0  26   0 0.00    M    M  4.6 17 130   M    M   2        20 130
 2  51  39  45   6  20   0 0.00    M    M  7.8 30  20   M    M   8        40  20
 3  47  29  38  -2  27   0 0.00    M    M  3.5 12 150   M    M   0        18  10
 4  51  25  38  -2  27   0 0.00    M    M  3.9 12 120   M    M   0        17 150
 5  54  31  43   3  22   0 0.00    M    M  2.0  9 110   M    M   0        11 130
 6  60  38  49   8  16   0 0.00    M    M  3.5 13 130   M    M   0        14 120
 7  66  38  52  11  13   0 0.00    M    M  3.2 10 280   M    M   0        14  80
 8  66  36  51  10  14   0 0.00    M    M  5.5 12 130   M    M   0        15 130
 9  71  39  55  13  10   0 0.00    M    M  4.6 14 290   M    M   0        16 290
10  65  37  51   9  14   0 0.00    M    M  5.3 13 140   M    M   0        16 150
11  65  51  58  15   7   0    T    M    M  5.9 15 340   M    M   7        19 340
12  68  43  56  13   9   0 0.00    M    M  5.4 14 290   M    M   1        17 280
13  64  41  53  10  12   0    T    M    M  3.3 14 310   M    M   1        16 280
14  70  47  59  15   6   0 0.01    M    M  9.5 30 240   M    M   6        37 230
15  53  41  47   3  18   0 0.31    M    M  5.2 12 340   M    M  10 1      14 340
16  57  38  48   4  17   0 0.00    M    M  4.0 12 250   M    M   6 12     16 250
17  56  44  50   5  15   0 0.00    M    M  4.5 15 300   M    M   6        17 300
18  64  43  54   9  11   0 0.00    M    M  7.4 18 300   M    M   0        22 300
19  58  41  50   5  15   0 0.00    M    M  3.6 13 130   M    M   1        15 140
20  57  45  51   5  14   0    T    M    M  3.0 10 260   M    M   4        12 100
21  64  44  54   8  11   0 0.01    M    M 10.4 29 290   M    M   3        37 290
22  52  38  45  -1  20   0    T    M    M  5.1 17 310   M    M   5        20 300
23  58  40  49   2  16   0    T    M    M  6.8 20 260   M    M   3        23 280
24  60  39  50   3  15   0 0.32    M    M 10.2 26 310   M    M   4 1      31 320
25  60  45  53   6  12   0 0.00    M    M  5.1 22 320   M    M   7        24 320
26  69  49  59  12   6   0 0.00    M    M  6.5 14 310   M    M   1        16 320
27  71  46  59  11   6   0 0.00    M    M  6.4 33 270   M    M   1        39 270
================================================================================
SM 1626 1076       399   0  0.65    M    146.2          M       76
================================================================================
AV 60.2 39.9                               5.4 FASTST   M    M   3    MAX(MPH)
                                 MISC ---->  # 33 270               # 40   20
================================================================================
NOTES:
# LAST OF SEVERAL OCCURRENCES

COLUMN 17 PEAK WIND IN M.P.H.

PRELIMINARY LOCAL CLIMATOLOGICAL DATA (WS FORM: F-6) , PAGE 2

                                          STATION:  WENATCHEE WA PANGBORN FIELD
                                          MONTH:    MARCH
                                          YEAR:     2015
                                          LATITUDE:   47 23 N
                                          LONGITUDE: 120 12 W

[TEMPERATURE DATA]      [PRECIPITATION DATA]       SYMBOLS USED IN COLUMN 16

AVERAGE MONTHLY: 50.0   TOTAL FOR MONTH:   0.65    1 = FOG OR MIST
DPTR FM NORMAL:   6.5   DPTR FM NORMAL:    0.08    2 = FOG REDUCING VISIBILITY
HIGHEST:    71 ON 27, 9 GRTST 24HR  0.32 ON 24-24      TO 1/4 MILE OR LESS
LOWEST:     25 ON  4                               3 = THUNDER
                        SNOW, ICE PELLETS, HAIL    4 = ICE PELLETS
                        TOTAL MONTH:    M          5 = HAIL
                        GRTST 24HR    M  ON   M    6 = FREEZING RAIN OR DRIZZLE
                        GRTST DEPTH:  M  ON   M    7 = DUSTSTORM OR SANDSTORM:
                                                       VSBY 1/2 MILE OR LESS
                                                   8 = SMOKE OR HAZE
[NO. OF DAYS WITH]      [WEATHER - DAYS WITH]      9 = BLOWING SNOW
                                                   X = TORNADO
MAX 32 OR BELOW:   0    0.01 INCH OR MORE:   4
MAX 90 OR ABOVE:   0    0.10 INCH OR MORE:   2
MIN 32 OR BELOW:   4    0.50 INCH OR MORE:   0
MIN  0 OR BELOW:   0    1.00 INCH OR MORE:   0

[HDD (BASE 65) ]
TOTAL THIS MO.   399    CLEAR  (SCALE 0-3)  17
DPTR FM NORMAL  -181    PTCLDY (SCALE 4-7)   9
TOTAL FM JUL 1  4028    CLOUDY (SCALE 8-10)  1
DPTR FM NORMAL -1016

[CDD (BASE 65) ]
TOTAL THIS MO.     0
DPTR FM NORMAL     0    [PRESSURE DATA]
TOTAL FM JAN 1     0    HIGHEST SLP M ON M
DPTR FM NORMAL     0    LOWEST  SLP  0.00 ON M

[REMARKS]
