000
CXUS51 KAKQ 221010
CF6ECG
PRELIMINARY LOCAL CLIMATOLOGICAL DATA (WS FORM: F-6)

                                          STATION:   ELIZABETH CITY NC
                                          MONTH:     AUGUST
                                          YEAR:      2017
                                          LATITUDE:   36 16 N
                                          LONGITUDE:  76 11 W

  TEMPERATURE IN F:       :PCPN:    SNOW:  WIND      :SUNSHINE: SKY     :PK WND
================================================================================
1   2   3   4   5  6A  6B    7    8   9   10  11  12  13   14  15   16   17  18
                                     12Z  AVG MX 2MIN
DY MAX MIN AVG DEP HDD CDD  WTR  SNW DPTH SPD SPD DIR MIN PSBL S-S WX    SPD DR
================================================================================

 1  86  59  73  -6   0   8 0.00  0.0    0  2.8  9 180   M    M   0        12 180
 2  86  66  76  -3   0  11 0.00  0.0    0  2.8 10 150   M    M   0        14 110
 3  87  68  78  -1   0  13 0.00  0.0    0  4.6 13 130   M    M   0        16 120
 4  85  71  78  -1   0  13 0.00  0.0    0  5.3 14 210   M    M   1        19 210
 5  88  74  81   3   0  16 0.00  0.0    0  9.3 15 270   M    M   2        19 280
 6  82  70  76  -2   0  11    T  0.0    0  9.0 14  60   M    M   3        17  60
 7  86  75  81   3   0  16 0.57  0.0    0 10.2 24 180   M    M   6 138    35 180
 8  79  73  76  -2   0  11 1.26  0.0    0  9.3 23 270   M    M   9 13     29 280
 9  81  71  76  -2   0  11    T  0.0    0 10.4 20  40   M    M   5        24  40
10  83  69  76  -2   0  11    T  0.0    0  6.6 13  30   M    M   5        16 100
11  82  72  77  -1   0  12 0.21  0.0    0  6.8 15 120   M    M   6 1      18 110
12  83  77  80   2   0  15 1.43  0.0    0  5.8 15 150   M    M   6 13     18 150
13  85  74  80   2   0  15 0.03  0.0    0  6.4 14  50   M    M   7 1      18  30
14  87  75  81   3   0  16 0.47  0.0    0  6.2 18  60   M    M   9 13     22  50
15  90  75  83   5   0  18 0.57  0.0    0  6.6 23  40   M    M   5 12     27  30
16  87  72  80   2   0  15    T  0.0    0  5.9 13 340   M    M   5 1      15  80
17  90  69  80   2   0  15    T  0.0    0  5.2 15 120   M    M   3 12     17 110
18  93  78  86   8   0  21 0.00  0.0    0  8.9 18 160   M    M   2 3      24 190
19  92  74  83   5   0  18 0.50  0.0    0  6.1 17 110   M    M   5 13     26 120
20  90  72  81   3   0  16 0.00  0.0    0  4.2 14 110   M    M   0 1      17 110
21  88  73  81   4   0  16 0.00  0.0    0  5.2 12 130   M    M   1 1      15 140
================================================================================
SM 1810 1507         0 298  5.04     0.0 137.6          M       80
================================================================================
AV 86.2 71.8                               6.6 FASTST   M    M   4    MAX(MPH)
                                 MISC ---->  # 24 180               # 35  180
================================================================================
NOTES:
# LAST OF SEVERAL OCCURRENCES

COLUMN 17 PEAK WIND IN M.P.H.

PRELIMINARY LOCAL CLIMATOLOGICAL DATA (WS FORM: F-6) , PAGE 2

                                          STATION:  ELIZABETH CITY NC
                                          MONTH:    AUGUST
                                          YEAR:     2017
                                          LATITUDE:   36 16 N
                                          LONGITUDE:  76 11 W

[TEMPERATURE DATA]      [PRECIPITATION DATA]       SYMBOLS USED IN COLUMN 16

AVERAGE MONTHLY: 79.0   TOTAL FOR MONTH:   5.04    1 = FOG OR MIST
DPTR FM NORMAL:   0.8   DPTR FM NORMAL:    0.50    2 = FOG REDUCING VISIBILITY
HIGHEST:    93 ON 18    GRTST 24HR  1.43 ON 12-12      TO 1/4 MILE OR LESS
LOWEST:     59 ON  1                               3 = THUNDER
                        SNOW, ICE PELLETS, HAIL    4 = ICE PELLETS
                        TOTAL MONTH:   0.0 INCH    5 = HAIL
                        GRTST 24HR     0.0         6 = FREEZING RAIN OR DRIZZLE
                        GRTST DEPTH:   0           7 = DUSTSTORM OR SANDSTORM:
                                                       VSBY 1/2 MILE OR LESS
                                                   8 = SMOKE OR HAZE
[NO. OF DAYS WITH]      [WEATHER - DAYS WITH]      9 = BLOWING SNOW
                                                   X = TORNADO
MAX 32 OR BELOW:   0    0.01 INCH OR MORE:   8
MAX 90 OR ABOVE:   5    0.10 INCH OR MORE:   7
MIN 32 OR BELOW:   0    0.50 INCH OR MORE:   5
MIN  0 OR BELOW:   0    1.00 INCH OR MORE:   2

[HDD (BASE 65) ]
TOTAL THIS MO.     0    CLEAR  (SCALE 0-3)   9
DPTR FM NORMAL     0    PTCLDY (SCALE 4-7)  10
TOTAL FM JUL 1     0    CLOUDY (SCALE 8-10)  2
DPTR FM NORMAL     0

[CDD (BASE 65) ]
TOTAL THIS MO.   298
DPTR FM NORMAL    22    [PRESSURE DATA]
TOTAL FM JAN 1  1421    HIGHEST SLP M ON M
DPTR FM NORMAL   241    LOWEST  SLP 29.79 ON 18

[REMARKS]
