000
CXUS51 KAKQ 190711
CF6ECG
PRELIMINARY LOCAL CLIMATOLOGICAL DATA (WS FORM: F-6)
STATION: ELIZABETH CITY NC
MONTH: MARCH
YEAR: 2024
LATITUDE: 36 16 N
LONGITUDE: 76 11 W
TEMPERATURE IN F: :PCPN: SNOW: WIND :SUNSHINE: SKY :PK WND
================================================================================
1 2 3 4 5 6A 6B 7 8 9 10 11 12 13 14 15 16 17 18
12Z AVG MX 2MIN
DY MAX MIN AVG DEP HDD CDD WTR SNW DPTH SPD SPD DIR MIN PSBL S-S WX SPD DR
================================================================================
1 56 34 45 -2 20 0 T 0.0 0 8.4 16 110 M M 3 25 100
2 71 53 62 15 3 0 1.52 0.0 0 10.4 22 170 M M 7 1 33 200
3 65 48 57 9 8 0 0.00 0.0 0 6.1 10 50 M M 2 1 14 70
4 60 53 57 9 8 0 1.96 0.0 0 11.8 18 50 M M 10 1 24 50
5 60 53 57 9 8 0 0.00 0.0 0 6.8 16 260 M M 10 12 21 260
6 67 53 60 12 5 0 1.46 0.0 0 10.9 26 220 M M 10 12 36 220
7 65 49 57 9 8 0 0.06 0.0 0 9.3 18 10 M M 7 1 23 10
8 57 45 51 2 14 0 0.00 0.0 0 10.8 18 70 M M 4 24 60
9 68 46 57 8 8 0 0.37 0.0 0 10.6 23 80 M M 8 1 31 270
10 64 41 53 4 12 0 0.00 0.0 0 18.5 32 310 M M 2 46 310
11 59 37 48 -1 17 0 0.00 0.0 0 14.6 26 290 M M 0 36 300
12 71 37 54 4 11 0 0.00 0.0 0 9.0 15 250 M M 0 22 240
13 76 44 60 10 5 0 0.00 0.0 0 5.2 13 220 M M 0 17 190
14 79 42 61 11 4 0 0.00 0.0 0 5.9 15 210 M M 0 1 21 210
15 81 57 69 19 0 4 T 0.0 0 12.0 23 230 M M 3 32 260
16 63 50 57 6 8 0 0.00 0.0 0 10.2 24 10 M M 4 1 33 20
17 74 52 63 12 2 0 T 0.0 0 9.3 17 290 M M 2 26 290
18 63 40 52 1 13 0 0.04 0.0 0 10.6 26 360 M M 7 1 35 360
================================================================================
SM 1199 834 154 4 5.41 0.0 180.4 M 79
================================================================================
AV 66.6 46.3 10.0 FASTST M M 4 MAX(MPH)
MISC ----> 32 310 46 310
================================================================================
NOTES:
# LAST OF SEVERAL OCCURRENCES
COLUMN 17 PEAK WIND IN M.P.H.
PRELIMINARY LOCAL CLIMATOLOGICAL DATA (WS FORM: F-6) , PAGE 2
STATION: ELIZABETH CITY NC
MONTH: MARCH
YEAR: 2024
LATITUDE: 36 16 N
LONGITUDE: 76 11 W
[TEMPERATURE DATA] [PRECIPITATION DATA] SYMBOLS USED IN COLUMN 16
AVERAGE MONTHLY: 56.5 TOTAL FOR MONTH: 5.41 1 = FOG OR MIST
DPTR FM NORMAL: 7.4 DPTR FM NORMAL: 3.42 2 = FOG REDUCING VISIBILITY
HIGHEST: 81 ON 15 GRTST 24HR 1.96 ON 4- 4 TO 1/4 MILE OR LESS
LOWEST: 34 ON 1 3 = THUNDER
SNOW, ICE PELLETS, HAIL 4 = ICE PELLETS
TOTAL MONTH: 0.0 INCH 5 = HAIL
GRTST 24HR 0.0 6 = FREEZING RAIN OR DRIZZLE
GRTST DEPTH: 0 7 = DUSTSTORM OR SANDSTORM:
VSBY 1/2 MILE OR LESS
8 = SMOKE OR HAZE
[NO. OF DAYS WITH] [WEATHER - DAYS WITH] 9 = BLOWING SNOW
X = TORNADO
MAX 32 OR BELOW: 0 0.01 INCH OR MORE: 6
MAX 90 OR ABOVE: 0 0.10 INCH OR MORE: 4
MIN 32 OR BELOW: 0 0.50 INCH OR MORE: 3
MIN 0 OR BELOW: 0 1.00 INCH OR MORE: 3
[HDD (BASE 65) ]
TOTAL THIS MO. 154 CLEAR (SCALE 0-3) 9
DPTR FM NORMAL -135 PTCLDY (SCALE 4-7) 5
TOTAL FM JUL 1 2346 CLOUDY (SCALE 8-10) 4
DPTR FM NORMAL -301
[CDD (BASE 65) ]
TOTAL THIS MO. 4
DPTR FM NORMAL 4 [PRESSURE DATA]
TOTAL FM JAN 1 10 HIGHEST SLP M ON M
DPTR FM NORMAL 7 LOWEST SLP 29.55 ON 9
[REMARKS]