000
CXUS51 KAKQ 191010
CF6ECG
PRELIMINARY LOCAL CLIMATOLOGICAL DATA (WS FORM: F-6)

                                          STATION:   ELIZABETH CITY NC
                                          MONTH:     JANUARY
                                          YEAR:      2018
                                          LATITUDE:   36 16 N
                                          LONGITUDE:  76 11 W

  TEMPERATURE IN F:       :PCPN:    SNOW:  WIND      :SUNSHINE: SKY     :PK WND
================================================================================
1   2   3   4   5  6A  6B    7    8   9   10  11  12  13   14  15   16   17  18
                                     12Z  AVG MX 2MIN
DY MAX MIN AVG DEP HDD CDD  WTR  SNW DPTH SPD SPD DIR MIN PSBL S-S WX    SPD DR
================================================================================

 1  28  13  21 -20  44   0 0.00  0.0    M 15.8 29 340   M    M   2        33 340
 2  31  12  22 -19  43   0 0.00  0.0    M  7.9 17 330   M    M   0        22 310
 3  42  11  27 -14  38   0 0.27    T    M 12.5 35 340   M    M   5 1      45 340
 4  34  18  26 -15  39   0 0.37  3.8    M 22.6 40 320   M    M   7 189    50 310
 5  25  11  18 -23  47   0 0.00  0.0    M 12.1 23 280   M    M   0        28 290
 6  23   4  14 -27  51   0 0.00  0.0    M  9.4 17 290   M    M   0        21 320
 7  24   2  13 -28  52   0 0.00  0.0    M  4.2 15 340   M    M   0        20 240
 8  42   7  25 -16  40   0    T  0.0    M  4.2  9 210   M    M   1        17 170
 9  54  30  42   1  23   0 0.01  0.0    M  4.0  9 110   M    M   2        11 250
10  56  26  41   0  24   0 0.00  0.0    M  4.4  9  40   M    M   2 1      11  60
11  66  35  51  10  14   0 0.00  0.0    M  6.1 14 130   M    M   7 128    17 130
12  73  62  68  27   0   3 0.53  0.0    M 11.7 22 170   M    M   8 1      32 190
13  65  33  49   8  16   0 0.01  0.0    M 14.3 23 350   M    M   7        32 190
14  33  24  29 -12  36   0 0.00  0.0    M 16.9 25 350   M    M   2        32 340
15  43  27  35  -6  30   0 0.00  0.0    M 12.9 20 330   M    M   7 1      23 350
16  44  28  36  -5  29   0 0.00  0.0    M  5.3 13 320   M    M   6 128    15 320
17  43  26  35  -6  30   0 0.05  0.5    M 12.6 25 350   M    M   5 12     33 350
18  36  20  28 -13  37   0 0.32  2.5    M 14.5 25 340   M    M   4 1      35 340
================================================================================
SM  762  389       593   3  1.56     6.8 191.4          M       65
================================================================================
AV 42.3 21.6                              10.6 FASTST   M    M   4    MAX(MPH)
                                 MISC ---->  # 40 320               # 50  310
================================================================================
NOTES:
# LAST OF SEVERAL OCCURRENCES

COLUMN 17 PEAK WIND IN M.P.H.

PRELIMINARY LOCAL CLIMATOLOGICAL DATA (WS FORM: F-6) , PAGE 2

                                          STATION:  ELIZABETH CITY NC
                                          MONTH:    JANUARY
                                          YEAR:     2018
                                          LATITUDE:   36 16 N
                                          LONGITUDE:  76 11 W

[TEMPERATURE DATA]      [PRECIPITATION DATA]       SYMBOLS USED IN COLUMN 16

AVERAGE MONTHLY: 32.0   TOTAL FOR MONTH:   1.56    1 = FOG OR MIST
DPTR FM NORMAL:  -9.0   DPTR FM NORMAL:   -0.25    2 = FOG REDUCING VISIBILITY
HIGHEST:    73 ON 12    GRTST 24HR  0.53 ON 12-12      TO 1/4 MILE OR LESS
LOWEST:      2 ON  7                               3 = THUNDER
                        SNOW, ICE PELLETS, HAIL    4 = ICE PELLETS
                        TOTAL MONTH:   6.8 INCHES  5 = HAIL
                        GRTST 24HR   3.8 ON  4- 4  6 = FREEZING RAIN OR DRIZZLE
                        GRTST DEPTH:  M  ON   M    7 = DUSTSTORM OR SANDSTORM:
                                                       VSBY 1/2 MILE OR LESS
                                                   8 = SMOKE OR HAZE
[NO. OF DAYS WITH]      [WEATHER - DAYS WITH]      9 = BLOWING SNOW
                                                   X = TORNADO
MAX 32 OR BELOW:   5    0.01 INCH OR MORE:   7
MAX 90 OR ABOVE:   0    0.10 INCH OR MORE:   4
MIN 32 OR BELOW:  15    0.50 INCH OR MORE:   1
MIN  0 OR BELOW:   0    1.00 INCH OR MORE:   0

[HDD (BASE 65) ]
TOTAL THIS MO.   593    CLEAR  (SCALE 0-3)   9
DPTR FM NORMAL   161    PTCLDY (SCALE 4-7)   9
TOTAL FM JUL 1  1669    CLOUDY (SCALE 8-10)  0
DPTR FM NORMAL    82

[CDD (BASE 65) ]
TOTAL THIS MO.     3
DPTR FM NORMAL     3    [PRESSURE DATA]
TOTAL FM JAN 1     3    HIGHEST SLP 30.71 ON  7
DPTR FM NORMAL     3    LOWEST  SLP 29.50 ON  4

[REMARKS]
