000
CXUS55 KGJT 271000
CF6EEO
PRELIMINARY LOCAL CLIMATOLOGICAL DATA (WS FORM: F-6)

                                          STATION:   MEEKER CO
                                          MONTH:     FEBRUARY
                                          YEAR:      2017
                                          LATITUDE:   40  2 N
                                          LONGITUDE: 107 53 W

  TEMPERATURE IN F:       :PCPN:    SNOW:  WIND      :SUNSHINE: SKY     :PK WND
================================================================================
1   2   3   4   5  6A  6B    7    8   9   10  11  12  13   14  15   16   17  18
                                     12Z  AVG MX 2MIN
DY MAX MIN AVG DEP HDD CDD  WTR  SNW DPTH SPD SPD DIR MIN PSBL S-S WX    SPD DR
================================================================================

 1  50  26  38  16  27   0 0.00    M    M  5.4 18 210   M    M   2        24 210
 2  42  24  33  11  32   0    T    M    M  6.3 26 250   M    M   7        34 220
 3  46  20  33  11  32   0 0.00    M    M  4.9 20 210   M    M   6        26 200
 4  47  31  39  17  26   0    T    M    M  9.4 21 220   M    M   5        29 220
 5  49  33  41  19  24   0 0.00    M    M  5.8 17 230   M    M   4        21 220
 6  48  34  41  19  24   0 0.00    M    M 13.3 26 210   M    M   6        35 210
 7  45  37  41  19  24   0 0.02    M    M 14.4 30 200   M    M   8 1      39 190
 8  52  31  42  19  23   0 0.00    M    M 10.1 23 250   M    M   5        28 250
 9  59  46  53  30  12   0 0.00    M    M 11.8 22 200   M    M   5        31 200
10  62  47  55  32  10   0    T    M    M 15.9 30 220   M    M   6        39 230
11  48  27  38  14  27   0 0.25    M    M  6.1 22  20   M    M   7 1      29 230
12  37  24  31   7  34   0 0.00    M    M  2.1  9 250   M    M   8 12     12 220
13  44  22  33   9  32   0 0.00    M    M  5.5 20  50   M    M   5 1      24  50
14  44  18  31   7  34   0 0.00    M    M  5.0 20  30   M    M   0        24  30
15  50  16  33   8  32   0 0.00    M    M  3.6 12 130   M    M   0        14 130
16  58  19  39  14  26   0 0.00    M    M  4.1 18 220   M    M   0        21 220
17  56  27  42  17  23   0    T    M    M  7.6 20 210   M    M   5        28 200
18  53  29  41  15  24   0 0.03    M    M  5.1 18 240   M    M   8        24 210
19  46  27  37  11  28   0 0.28    M    M  3.8 17 240   M    M   8 1      21 230
20  49  23  36  10  29   0 0.00    M    M  5.1 20 200   M    M   6 12     25 230
21  54  37  46  19  19   0 0.00    M    M 12.3 26 200   M    M   3        38 210
22  50  29  40  13  25   0    T    M    M 10.6 24 230   M    M   6 1      32 230
23  33  22  28   0  37   0 0.14    M    M  8.3 23 240   M    M   9 12     29 260
24  28   9  19  -9  46   0 0.06    M    M  4.8 15 280   M    M  10 18     19 340
25  26   4  15 -13  50   0    T    M    M  4.6 18 270   M    M   6 1      22 270
26  33  -1  16 -13  49   0 0.00    M    M  5.5 20 230   M    M   2        25 210
================================================================================
SM 1209  661       749   0  0.78    M    191.4          M      137
================================================================================
AV 46.5 25.4                               7.4 FASTST   M    M   5    MAX(MPH)
                                 MISC ---->  # 30 200               # 39  190
================================================================================
NOTES:
# LAST OF SEVERAL OCCURRENCES

COLUMN 17 PEAK WIND IN M.P.H.

PRELIMINARY LOCAL CLIMATOLOGICAL DATA (WS FORM: F-6) , PAGE 2

                                          STATION:  MEEKER CO
                                          MONTH:    FEBRUARY
                                          YEAR:     2017
                                          LATITUDE:   40  2 N
                                          LONGITUDE: 107 53 W

[TEMPERATURE DATA]      [PRECIPITATION DATA]       SYMBOLS USED IN COLUMN 16

AVERAGE MONTHLY: 36.0   TOTAL FOR MONTH:   0.78    1 = FOG OR MIST
DPTR FM NORMAL:  11.4   DPTR FM NORMAL:   -0.16    2 = FOG REDUCING VISIBILITY
HIGHEST:    62 ON 10    GRTST 24HR  0.28 ON 19-19      TO 1/4 MILE OR LESS
LOWEST:     -1 ON 26                               3 = THUNDER
                        SNOW, ICE PELLETS, HAIL    4 = ICE PELLETS
                        TOTAL MONTH:    M          5 = HAIL
                        GRTST 24HR    M  ON   M    6 = FREEZING RAIN OR DRIZZLE
                        GRTST DEPTH:  M  ON   M    7 = DUSTSTORM OR SANDSTORM:
                                                       VSBY 1/2 MILE OR LESS
                                                   8 = SMOKE OR HAZE
[NO. OF DAYS WITH]      [WEATHER - DAYS WITH]      9 = BLOWING SNOW
                                                   X = TORNADO
MAX 32 OR BELOW:   2    0.01 INCH OR MORE:   6
MAX 90 OR ABOVE:   0    0.10 INCH OR MORE:   3
MIN 32 OR BELOW:  20    0.50 INCH OR MORE:   0
MIN  0 OR BELOW:   1    1.00 INCH OR MORE:   0

[HDD (BASE 65) ]
TOTAL THIS MO.   749    CLEAR  (SCALE 0-3)   5
DPTR FM NORMAL  -303    PTCLDY (SCALE 4-7)  16
TOTAL FM JUL 1  4922    CLOUDY (SCALE 8-10)  5
DPTR FM NORMAL  -811

[CDD (BASE 65) ]
TOTAL THIS MO.     0
DPTR FM NORMAL     0    [PRESSURE DATA]
TOTAL FM JAN 1     0    HIGHEST SLP M ON M
DPTR FM NORMAL     0    LOWEST  SLP 29.27 ON 23

[REMARKS]
