000
CXUS56 KEKA 261230
CF6EKA
PRELIMINARY LOCAL CLIMATOLOGICAL DATA (WS FORM: F-6)

                                          STATION:   EUREKA CA
                                          MONTH:     FEBRUARY
                                          YEAR:      2015
                                          LATITUDE:   40 47 N
                                          LONGITUDE: 124 10 W

  TEMPERATURE IN F:       :PCPN:    SNOW:  WIND      :SUNSHINE: SKY     :PK WND
================================================================================
1   2   3   4   5  6A  6B    7    8   9   10  11  12  13   14  15   16   17  18
                                     12Z  AVG MX 2MIN
DY MAX MIN AVG DEP HDD CDD  WTR  SNW DPTH SPD SPD DIR MIN PSBL S-S WX    SPD DR
================================================================================

 1  63  46  55   6  10   0    T    M    0  3.5  9  30   M    M  10        28  M
 2  61  53  57   8   8   0 0.94  0.0    0  2.3  9 330   M    M  10 18     16  M
 3  58  55  57   8   8   0 0.03  0.0    0  2.2 10 210   M    M  10 1      14  M
 4  59  53  56   7   9   0 0.02  0.0    0  5.1 13 180   M    M  10 18     23  M
 5  62  55  59  10   6   0 1.14  0.0    0 13.1 18 160   M    M  10        44 170
 6  67  56  62  13   3   0 1.60  0.0    0 10.4 23 170   M    M  10        40 170
 7  66  55  61  12   4   0 0.02  0.0    0 13.0 23 190   M    M   9        44 190
 8  67  55  61  12   4   0 0.31  0.0    0 13.3 23 170   M    M   9        39 170
 9  60  46  53   4  12   0 0.50    M    0  7.3 21 200   M    M   9        46 200
10  56  41  49   0  16   0 0.00  0.0    0  1.9  8 360   M    M  10        14  M
11  57  41  49   0  16   0 0.00  0.0    0  1.2  9 270   M    M   9        13  M
12  63  41  52   3  13   0 0.00  0.0    0  1.2  7 320   M    M   8 18     14  M
13  54  44  49   0  16   0 0.00  0.0    0  2.7  8 310   M    M  10 2      12  M
14  58  46  52   3  13   0    T  0.0    0  3.4  8 340   M    M   5 1      13  M
15  67  42  55   6  10   0 0.00  0.0    0  2.0  6 130   M    M   5 1      10  M
16  60  42  51   2  14   0 0.00  0.0    0  2.8 10 290   M    M   3 2      13  M
17  54  46  50   1  15   0 0.00  0.0    0  2.8  8 250   M    M  10 2      12  M
18  55  51  53   4  12   0 0.01  0.0    0  4.3 12 350   M    M  10        18  M
19  56  46  51   2  14   0 0.00  0.0    0  2.9  9 360   M    M   6        12  M
20  59  44  52   3  13   0 0.00  0.0    0  5.5 15 360   M    M   3 1      28  M
21  59  41  50   1  15   0 0.00  0.0    0  5.6 16 360   M    M   3        31 360
22  60  40  50   1  15   0 0.00  0.0    0  7.5 17  10   M    M   0        29  10
23  64  34  49   0  16   0 0.00  0.0    0  4.2 12 360   M    M   0        14  M
24  58  36  47  -2  18   0 0.00  0.0    0  2.8  7 340   M    M   3        10  M
25  56  40  48  -1  17   0 0.00  0.0    0  6.8 16 360   M    M   5        25 360
================================================================================
SM 1499 1149       297   0  4.57     0.0 127.8          M      177
================================================================================
AV 60.0 46.0                               5.1 FASTST   M    M   7    MAX(MPH)
                                 MISC ---->  # 23 170               # 46  200
================================================================================
NOTES:
# LAST OF SEVERAL OCCURRENCES

COLUMN 17 PEAK WIND IN M.P.H.

PRELIMINARY LOCAL CLIMATOLOGICAL DATA (WS FORM: F-6) , PAGE 2

                                          STATION:  EUREKA CA
                                          MONTH:    FEBRUARY
                                          YEAR:     2015
                                          LATITUDE:   40 47 N
                                          LONGITUDE: 124 10 W

[TEMPERATURE DATA]      [PRECIPITATION DATA]       SYMBOLS USED IN COLUMN 16

AVERAGE MONTHLY: 53.0   TOTAL FOR MONTH:   4.57    1 = FOG OR MIST
DPTR FM NORMAL:   4.0   DPTR FM NORMAL:   -0.45    2 = FOG REDUCING VISIBILITY
HIGHEST:    67 ON 15, 8 GRTST 24HR  1.60 ON  6- 6      TO 1/4 MILE OR LESS
LOWEST:     34 ON 23                               3 = THUNDER
                        SNOW, ICE PELLETS, HAIL    4 = ICE PELLETS
                        TOTAL MONTH:   0.0 INCH    5 = HAIL
                        GRTST 24HR     0.0         6 = FREEZING RAIN OR DRIZZLE
                        GRTST DEPTH:   0           7 = DUSTSTORM OR SANDSTORM:
                                                       VSBY 1/2 MILE OR LESS
                                                   8 = SMOKE OR HAZE
[NO. OF DAYS WITH]      [WEATHER - DAYS WITH]      9 = BLOWING SNOW
                                                   X = TORNADO
MAX 32 OR BELOW:   0    0.01 INCH OR MORE:   9
MAX 90 OR ABOVE:   0    0.10 INCH OR MORE:   5
MIN 32 OR BELOW:   0    0.50 INCH OR MORE:   4
MIN  0 OR BELOW:   0    1.00 INCH OR MORE:   2

[HDD (BASE 65) ]
TOTAL THIS MO.   297    CLEAR  (SCALE 0-3)   6
DPTR FM NORMAL  -103    PTCLDY (SCALE 4-7)   5
TOTAL FM JUL 1  2112    CLOUDY (SCALE 8-10) 14
DPTR FM NORMAL  -759

[CDD (BASE 65) ]
TOTAL THIS MO.     0
DPTR FM NORMAL     0    [PRESSURE DATA]
TOTAL FM JAN 1     0    HIGHEST SLP M ON M
DPTR FM NORMAL     0    LOWEST  SLP M ON M

[REMARKS]
