000
CXUS56 KLKN 011730
CF6EKO
PRELIMINARY LOCAL CLIMATOLOGICAL DATA (WS FORM: F-6)

                                          STATION:   ELKO AIRPORT NV
                                          MONTH:     AUGUST
                                          YEAR:      2015
                                          LATITUDE:   40 49 N
                                          LONGITUDE: 115 47 W

  TEMPERATURE IN F:       :PCPN:    SNOW:  WIND      :SUNSHINE: SKY     :PK WND
================================================================================
1   2   3   4   5  6A  6B    7    8   9   10  11  12  13   14  15   16   17  18
                                     12Z  AVG MX 2MIN
DY MAX MIN AVG DEP HDD CDD  WTR  SNW DPTH SPD SPD DIR MIN PSBL S-S WX    SPD DR
================================================================================

 1  97  49  73   2   0   8 0.00  0.0    0  3.8 17  60   M    M   0        21  60
 2  93  59  76   5   0  11 0.00  0.0    0  4.5 24 250   M    M   1        30 240
 3  92  62  77   6   0  12    T  0.0    0  6.3 26 220   M    M   3 3      41 210
 4  94  52  73   2   0   8 0.00  0.0    0  6.1 18 290   M    M   0        25 360
 5  84  55  70   0   0   5    T  0.0    0  8.2 29 270   M    M   2        38 270
 6  89  52  71   1   0   6 0.00  0.0    0  5.3 18 270   M    M   0        22 270
 7  73  54  64  -6   1   0 0.27  0.0    0  6.2 22 240   M    M   6 1      28 240
 8  78  53  66  -4   0   1 0.08  0.0    0  5.7 17  40   M    M   2 1      22  50
 9  88  48  68  -2   0   3 0.00  0.0    0  4.1 23 160   M    M   1        29 160
10  92  57  75   5   0  10 0.00  0.0    0  8.1 24 230   M    M   1 3      33 230
11  92  56  74   4   0   9 0.00  0.0    0  8.7 25 130   M    M   1 3      36 120
12  93  60  77   8   0  12 0.04  0.0    0  8.1 22 210   M    M   2        31 160
13  96  61  79  10   0  14 0.00  0.0    0  8.9 39 260   M    M   1 38     46 240
14  93  62  78   9   0  13 0.22  0.0    0  6.8 28 180   M    M   3 38     41 190
15  92  50  71   2   0   6 0.00  0.0    0  4.2 17 280   M    M   0        20 270
16  91  49  70   2   0   5 0.00  0.0    0  4.5 18 260   M    M   0        26 210
17  92  48  70   2   0   5 0.00  0.0    0  6.3 23 260   M    M   0        29 250
18  90  47  69   1   0   4 0.00  0.0    0  4.6 21 280   M    M   0        25 280
19  90  44  67  -1   0   2 0.00  0.0    0  5.7 21 290   M    M   0 8      30 270
20  93  49  71   3   0   6 0.00  0.0    0  4.8 21 250   M    M   0 8      27 250
21  92  51  72   5   0   7 0.00  0.0    0  7.2 24 270   M    M   3 8      35 250
22  90  49  70   3   0   5 0.00  0.0    0  4.8 15 250   M    M   0        21 210
23  95  48  72   5   0   7 0.00  0.0    0  3.1 15 280   M    M   0        20 260
24  96  51  74   8   0   9 0.00  0.0    0  4.6 16 250   M    M   0        19 260
25  96  52  74   8   0   9 0.00  0.0    0  4.9 20 240   M    M   0        28 250
26  92  53  73   7   0   8 0.00  0.0    0  6.9 21  40   M    M   0        26  40
27  90  52  71   5   0   6 0.00  0.0    0  4.7 17 240   M    M   0        21 210
28  93  52  73   8   0   8 0.02  0.0    0  5.3 30 250   M    M   1 3      37 250
29  92  58  75  10   0  10 0.00  0.0    0  9.9 24 250   M    M   0        31 260
30  84  51  68   3   0   3 0.00  0.0    0  8.5 24 250   M    M   0        29 260
31  88  40  64   0   1   0 0.00  0.0    0  3.8 17 240   M    M   0        21 280
================================================================================
SM 2810 1624         2 212  0.63     0.0 184.6          M       27
================================================================================
AV 90.6 52.4                               6.0 FASTST   M    M   1    MAX(MPH)
                                 MISC ---->  # 39 260               # 46  240
================================================================================
NOTES:
# LAST OF SEVERAL OCCURRENCES

COLUMN 17 PEAK WIND IN M.P.H.

PRELIMINARY LOCAL CLIMATOLOGICAL DATA (WS FORM: F-6) , PAGE 2

                                          STATION:  ELKO AIRPORT NV
                                          MONTH:    AUGUST
                                          YEAR:     2015
                                          LATITUDE:   40 49 N
                                          LONGITUDE: 115 47 W

[TEMPERATURE DATA]      [PRECIPITATION DATA]       SYMBOLS USED IN COLUMN 16

AVERAGE MONTHLY: 71.5   TOTAL FOR MONTH:   0.63    1 = FOG OR MIST
DPTR FM NORMAL:   3.3   DPTR FM NORMAL:    0.26    2 = FOG REDUCING VISIBILITY
HIGHEST:    97 ON  1    GRTST 24HR  0.35 ON  7- 8      TO 1/4 MILE OR LESS
LOWEST:     40 ON 31                               3 = THUNDER
                        SNOW, ICE PELLETS, HAIL    4 = ICE PELLETS
                        TOTAL MONTH:   0.0 INCH    5 = HAIL
                        GRTST 24HR     0.0         6 = FREEZING RAIN OR DRIZZLE
                        GRTST DEPTH:   0           7 = DUSTSTORM OR SANDSTORM:
                                                       VSBY 1/2 MILE OR LESS
                                                   8 = SMOKE OR HAZE
[NO. OF DAYS WITH]      [WEATHER - DAYS WITH]      9 = BLOWING SNOW
                                                   X = TORNADO
MAX 32 OR BELOW:   0    0.01 INCH OR MORE:   5
MAX 90 OR ABOVE:  24    0.10 INCH OR MORE:   2
MIN 32 OR BELOW:   0    0.50 INCH OR MORE:   0
MIN  0 OR BELOW:   0    1.00 INCH OR MORE:   0

[HDD (BASE 65) ]
TOTAL THIS MO.     2    CLEAR  (SCALE 0-3)  30
DPTR FM NORMAL   -30    PTCLDY (SCALE 4-7)   1
TOTAL FM JUL 1    11    CLOUDY (SCALE 8-10)  0
DPTR FM NORMAL   -40

[CDD (BASE 65) ]
TOTAL THIS MO.   212
DPTR FM NORMAL    81    [PRESSURE DATA]
TOTAL FM JAN 1   585    HIGHEST SLP 30.15 ON 27
DPTR FM NORMAL   223    LOWEST  SLP 29.71 ON 29

[REMARKS]
#FINAL-08-15#
