322
CXUS54 KEPZ 231200
CF6ELP
PRELIMINARY LOCAL CLIMATOLOGICAL DATA (WS FORM: F-6)

                                          STATION:   EL PASO
                                          MONTH:     JANUARY
                                          YEAR:      2018
                                          LATITUDE:   31 47 N
                                          LONGITUDE: 106 24 W

  TEMPERATURE IN F:       :PCPN:    SNOW:  WIND      :SUNSHINE: SKY     :PK WND
================================================================================
1   2   3   4   5  6A  6B    7    8   9   10  11  12  13   14  15   16   17  18
                                     12Z  AVG MX 2MIN
DY MAX MIN AVG DEP HDD CDD  WTR  SNW DPTH SPD SPD DIR MIN PSBL S-S WX    SPD DR
================================================================================

 1  46  27  37  -7  28   0 0.00  0.0    0  5.1 14 140   M    M   4        17 140
 2  57  30  44   0  21   0 0.00  0.0    0  5.1 13 110   M    M   7        16  80
 3  56  24  40  -4  25   0 0.00  0.0    0  3.8  9  80   M    M   6        13 130
 4  53  37  45   1  20   0    T  0.0    0  5.5 13 170   M    M   8        16 180
 5  64  32  48   4  17   0 0.00  0.0    0  4.2 12 260   M    M   3        15 260
 6  66  35  51   7  14   0 0.00  0.0    0  5.9 13 220   M    M   7        15 200
 7  69  47  58  14   7   0 0.00  0.0    0 10.6 28 260   M    M   7        35 260
 8  66  32  49   5  16   0 0.00  0.0    0  3.9 12  30   M    M   6        13  30
 9  69  39  54  10  11   0 0.00  0.0    0  4.0  9 150   M    M   5 8      11 200
10  60  47  54  10  11   0 0.10  0.0    0 23.1 48 270   M    M   6        61 270
11  61  39  50   6  15   0    T  0.0    0 11.3 44 260   M    M   2        52 260
12  64  33  49   5  16   0 0.00  0.0    0  4.1 14 200   M    M   1        16 200
13  64  40  52   7  13   0 0.00  0.0    0  5.8 18 360   M    M   2        23 360
14  65  33  49   4  16   0 0.00  0.0    0  5.0 12 360   M    M   3        14 350
15  63  32  48   3  17   0 0.00  0.0    0  5.5 23  80   M    M   5 8      29  80
16  37  27  32 -13  33   0 0.00  0.0    0  8.4 18  80   M    M   6        24  70
17  43  21  32 -13  33   0 0.00  0.0    0  4.6  9  30   M    M   6        12  20
18  55  25  40  -5  25   0 0.00  0.0    0  5.0  9  20   M    M   2        11  10
19  64  26  45   0  20   0 0.00  0.0    0  5.4 15 240   M    M   4        20 240
20  70  33  52   7  13   0 0.00  0.0    0  6.9 22 250   M    M   3 8      25 250
21  56  39  48   2  17   0 0.00  0.0    0 19.3 37 270   M    M   3        47 270
22  52  26  39  -7  26   0 0.00  0.0    0  6.0 16  10   M    M   4 8      19  20
================================================================================
SM 1300  724       414   0  0.10     0.0 158.5          M      100
================================================================================
AV 59.1 32.9                               7.2 FASTST   M    M   5    MAX(MPH)
                                 MISC ---->  # 48 270               # 61  270
================================================================================
NOTES:
# LAST OF SEVERAL OCCURRENCES

COLUMN 17 PEAK WIND IN M.P.H.

PRELIMINARY LOCAL CLIMATOLOGICAL DATA (WS FORM: F-6) , PAGE 2

                                          STATION:  EL PASO
                                          MONTH:    JANUARY
                                          YEAR:     2018
                                          LATITUDE:   31 47 N
                                          LONGITUDE: 106 24 W

[TEMPERATURE DATA]      [PRECIPITATION DATA]       SYMBOLS USED IN COLUMN 16

AVERAGE MONTHLY: 46.0   TOTAL FOR MONTH:   0.10    1 = FOG OR MIST
DPTR FM NORMAL:   1.5   DPTR FM NORMAL:   -0.17    2 = FOG REDUCING VISIBILITY
HIGHEST:    70 ON 20    GRTST 24HR  0.10 ON 10-10      TO 1/4 MILE OR LESS
LOWEST:     21 ON 17                               3 = THUNDER
                        SNOW, ICE PELLETS, HAIL    4 = ICE PELLETS
                        TOTAL MONTH:   0.0 INCH    5 = HAIL
                        GRTST 24HR     0.0         6 = FREEZING RAIN OR DRIZZLE
                        GRTST DEPTH:   0           7 = DUSTSTORM OR SANDSTORM:
                                                       VSBY 1/2 MILE OR LESS
                                                   8 = SMOKE OR HAZE
[NO. OF DAYS WITH]      [WEATHER - DAYS WITH]      9 = BLOWING SNOW
                                                   X = TORNADO
MAX 32 OR BELOW:   0    0.01 INCH OR MORE:   1
MAX 90 OR ABOVE:   0    0.10 INCH OR MORE:   1
MIN 32 OR BELOW:  11    0.50 INCH OR MORE:   0
MIN  0 OR BELOW:   0    1.00 INCH OR MORE:   0

[HDD (BASE 65) ]
TOTAL THIS MO.   414    CLEAR  (SCALE 0-3)   7
DPTR FM NORMAL   -36    PTCLDY (SCALE 4-7)  15
TOTAL FM JUL 1  1081    CLOUDY (SCALE 8-10)  0
DPTR FM NORMAL  -437

[CDD (BASE 65) ]
TOTAL THIS MO.     0
DPTR FM NORMAL     0    [PRESSURE DATA]
TOTAL FM JAN 1     0    HIGHEST SLP M ON M
DPTR FM NORMAL     0    LOWEST  SLP 29.67 ON 10

[REMARKS]
