000
CXUS56 KLKN 261009
CF6ELY
PRELIMINARY LOCAL CLIMATOLOGICAL DATA (WS FORM: F-6)

                                          STATION:   ELY AIRPORT NV
                                          MONTH:     MARCH
                                          YEAR:      2017
                                          LATITUDE:   39 16 N
                                          LONGITUDE: 114 51 W

  TEMPERATURE IN F:       :PCPN:    SNOW:  WIND      :SUNSHINE: SKY     :PK WND
================================================================================
1   2   3   4   5  6A  6B    7    8   9   10  11  12  13   14  15   16   17  18
                                     12Z  AVG MX 2MIN
DY MAX MIN AVG DEP HDD CDD  WTR  SNW DPTH SPD SPD DIR MIN PSBL S-S WX    SPD DR
================================================================================

 1  42   1  22 -11  43   0 0.00  0.0    5  8.2 16 160   M    M   0        20 170
 2  51   9  30  -3  35   0 0.00  0.0    4  7.8 15 170   M    M   0        17 160
 3  52  17  35   2  30   0 0.00  0.0    3 11.3 18 150   M    M   0        23 150
 4  52  32  42   8  23   0 0.00  0.0    T 16.9 31 180   M    M   0        45 180
 5  48   6  27  -7  38   0 0.24  3.2    T 18.6 38 180   M    M   4 12     53 180
 6  30   2  16 -18  49   0    T  0.3    4  7.0 17 250   M    M   6        21 260
 7  45   7  26  -8  39   0 0.00  0.0    2  8.2 16 170   M    M   2        19 170
 8  57  24  41   6  24   0 0.00  0.0    T  6.8 14 170   M    M   0        25 210
 9  61  28  45  10  20   0 0.00  0.0    0  8.1 18 170   M    M   0        22 160
10  62  30  46  11  19   0 0.00  0.0    0  6.5 15 310   M    M   1        18 300
11  62  27  45  10  20   0 0.00  0.0    0  6.4 14 170   M    M   0        23 320
12  62  28  45   9  20   0 0.00  0.0    0  5.6 14 330   M    M   0        21 310
13  68  28  48  12  17   0 0.00  0.0    0  8.2 15 170   M    M   0        18 170
14  70  29  50  14  15   0 0.00  0.0    0 10.0 17 190   M    M   0        21 190
15  69  31  50  14  15   0 0.00  0.0    0 11.4 24 220   M    M   0        33 190
16  67  32  50  14  15   0 0.00  0.0    0  6.9 17 290   M    M   1        21 290
17  70  30  50  13  15   0 0.00  0.0    0 11.1 21 230   M    M   0        26 230
18  70  39  55  18  10   0 0.00  0.0    0 14.5 25 180   M    M   0        37 170
19  67  34  51  14  14   0 0.00  0.0    0 11.3 23 180   M    M   0        33 190
20  68  48  58  21   7   0 0.00  0.0    0 14.3 25 190   M    M   2        38 200
21  65  46  56  19   9   0 0.07  0.0    0 16.9 35 180   M    M   5        46 190
22  56  33  45   7  20   0 0.01    T    0 14.3 29 200   M    M   2 1      38 200
23  48  26  37  -1  28   0 0.20  1.0    1 10.2 24 300   M    M   6 1      31 310
24  57  23  40   2  25   0 0.00  0.0    0 12.5 25 170   M    M   2        30 170
25  46  29  38   0  27   0 0.41  2.1    0  7.7 20 280   M    M   7        27 280
================================================================================
SM 1445  639       577   0  0.93     6.6 260.7          M       38
================================================================================
AV 57.8 25.6                              10.4 FASTST   M    M   2    MAX(MPH)
                                 MISC ---->  # 38 180               # 53  180
================================================================================
NOTES:
# LAST OF SEVERAL OCCURRENCES

COLUMN 17 PEAK WIND IN M.P.H.

PRELIMINARY LOCAL CLIMATOLOGICAL DATA (WS FORM: F-6) , PAGE 2

                                          STATION:  ELY AIRPORT NV
                                          MONTH:    MARCH
                                          YEAR:     2017
                                          LATITUDE:   39 16 N
                                          LONGITUDE: 114 51 W

[TEMPERATURE DATA]      [PRECIPITATION DATA]       SYMBOLS USED IN COLUMN 16

AVERAGE MONTHLY: 41.7   TOTAL FOR MONTH:   0.93    1 = FOG OR MIST
DPTR FM NORMAL:   6.0   DPTR FM NORMAL:    0.18    2 = FOG REDUCING VISIBILITY
HIGHEST:    70 ON 18,17 GRTST 24HR  0.41 ON 25-25      TO 1/4 MILE OR LESS
LOWEST:      1 ON  1                               3 = THUNDER
                        SNOW, ICE PELLETS, HAIL    4 = ICE PELLETS
                        TOTAL MONTH:   6.6 INCHES  5 = HAIL
                        GRTST 24HR   3.2 ON   M    6 = FREEZING RAIN OR DRIZZLE
                        GRTST DEPTH:   5 ON  1     7 = DUSTSTORM OR SANDSTORM:
                                                       VSBY 1/2 MILE OR LESS
                                                   8 = SMOKE OR HAZE
[NO. OF DAYS WITH]      [WEATHER - DAYS WITH]      9 = BLOWING SNOW
                                                   X = TORNADO
MAX 32 OR BELOW:   1    0.01 INCH OR MORE:   5
MAX 90 OR ABOVE:   0    0.10 INCH OR MORE:   3
MIN 32 OR BELOW:  20    0.50 INCH OR MORE:   0
MIN  0 OR BELOW:   0    1.00 INCH OR MORE:   0

[HDD (BASE 65) ]
TOTAL THIS MO.   577    CLEAR  (SCALE 0-3)  20
DPTR FM NORMAL  -155    PTCLDY (SCALE 4-7)   5
TOTAL FM JUL 1  5538    CLOUDY (SCALE 8-10)  0
DPTR FM NORMAL  -531

[CDD (BASE 65) ]
TOTAL THIS MO.     0
DPTR FM NORMAL     0    [PRESSURE DATA]
TOTAL FM JAN 1     0    HIGHEST SLP M ON M
DPTR FM NORMAL     0    LOWEST  SLP 29.49 ON  5

[REMARKS]
