000
CXUS53 KMKX 290648
CF6ENW
PRELIMINARY LOCAL CLIMATOLOGICAL DATA (WS FORM: F-6)

                                          STATION:   KENOSHA WI
                                          MONTH:     JANUARY
                                          YEAR:      2016
                                          LATITUDE:   42 35 N
                                          LONGITUDE:  87 56 W

  TEMPERATURE IN F:       :PCPN:    SNOW:  WIND      :SUNSHINE: SKY     :PK WND
================================================================================
1   2   3   4   5  6A  6B    7    8   9   10  11  12  13   14  15   16   17  18
                                     12Z  AVG MX 2MIN
DY MAX MIN AVG DEP HDD CDD  WTR  SNW DPTH SPD SPD DIR MIN PSBL S-S WX    SPD DR
================================================================================

 1  28  18  23   1  42   0    T    M    M 15.8 24 250   M    M   6        30 250
 2  32  19  26   4  39   0 0.00  0.0    0 14.0 26 240   M    M   1        34 240
 3  29  22  26   4  39   0    T    M    M  9.2 16 310   M    M   8        22 330
 4  31  15  23   1  42   0    T    M    0  6.6 14  40   M    M   7 1      20 360
 5  32  12  22   0  43   0 0.00  0.0    0  8.7 20 220   M    M   1        27 240
 6  35  22  29   7  36   0 0.00  0.0    0  7.4 13 200   M    M   3        18 210
 7  39  34  37  15  28   0 0.02    M    0  6.8 12 120   M    M  10 18     16 140
 8  39  36  38  16  27   0 0.08    M    M  5.7 12 140   M    M   9 12     15 130
 9  37  21  29   8  36   0 0.12    M    M  8.2 20 320   M    M  10 12     28 320
10  21  -1  10 -11  55   0    T    M    M 16.4 24 330   M    M   4        33 340
11  16  -6   5 -16  60   0    T    M    0  6.9 16 280   M    M   5 1      21 280
12  14   1   8 -13  57   0    T    M    0 15.0 28 300   M    M   1 189    35 310
13  22  -4   9 -12  56   0    T    M    0  9.0 15 220   M    M   6        21 210
14  41  19  30   9  35   0 0.00  0.0    0  4.4 13 200   M    M   1 128    18 200
15  41  29  35  14  30   0 0.00  0.0    0 11.5 22 330   M    M   5 18     27 330
16  30   5  18  -3  47   0 0.00  0.0    0 12.7 22 280   M    M   3        28 280
17   5  -3   1 -20  64   0 0.00  0.0    0 17.2 24 290   M    M   1        32 290
18   5  -6   0 -21  65   0 0.00  0.0    M 14.6 21 270   M    M   0        26 300
19  15  -3   6 -15  59   0 0.00  0.0    M  5.6 15 300   M    M   1        24 300
20  20  11  16  -5  49   0    T    M    0  4.0 12 290   M    M   8 1      14 290
21  27  11  19  -2  46   0 0.00  0.0    0  3.8  8 250   M    M   3 18     10 290
22  28  23  26   5  39   0    T    M    0  8.2 14 360   M    M  10 8      19 360
23  32  24  28   7  37   0    T    T    0  5.9 13 260   M    M   7        15 330
24  28  22  25   4  40   0 0.00  0.0    0  8.7 21 230   M    M   7 18     26 240
25  38  22  30   9  35   0 0.07    M    0  7.7 20 250   M    M   4 18     23 240
26  35  22  29   8  36   0    T    M    M 15.5 29 280   M    M   9 18     35 280
27  34  21  28   7  37   0    T    M    M 13.9 26 220   M    M   6        36 210
28  38  27  33  11  32   0    T    M    M 14.2 23 240   M    M  10 18     31 240
================================================================================
SM  792  413      1211   0  0.29    T    277.6          M      146
================================================================================
AV 28.3 14.8                               9.9 FASTST   M    M   5    MAX(MPH)
                                 MISC ---->  # 29 280               # 36  210
================================================================================
NOTES:
# LAST OF SEVERAL OCCURRENCES

COLUMN 17 PEAK WIND IN M.P.H.

PRELIMINARY LOCAL CLIMATOLOGICAL DATA (WS FORM: F-6) , PAGE 2

                                          STATION:  KENOSHA WI
                                          MONTH:    JANUARY
                                          YEAR:     2016
                                          LATITUDE:   42 35 N
                                          LONGITUDE:  87 56 W

[TEMPERATURE DATA]      [PRECIPITATION DATA]       SYMBOLS USED IN COLUMN 16

AVERAGE MONTHLY: 21.5   TOTAL FOR MONTH:   0.29    1 = FOG OR MIST
DPTR FM NORMAL:   0.2   DPTR FM NORMAL:   -0.73    2 = FOG REDUCING VISIBILITY
HIGHEST:    41 ON 15,14 GRTST 24HR  0.12 ON  9- 9      TO 1/4 MILE OR LESS
LOWEST:     -6 ON 18,11                            3 = THUNDER
                        SNOW, ICE PELLETS, HAIL    4 = ICE PELLETS
                        TOTAL MONTH:    T          5 = HAIL
                        GRTST 24HR    T  ON 23-23  6 = FREEZING RAIN OR DRIZZLE
                        GRTST DEPTH:   0           7 = DUSTSTORM OR SANDSTORM:
                                                       VSBY 1/2 MILE OR LESS
                                                   8 = SMOKE OR HAZE
[NO. OF DAYS WITH]      [WEATHER - DAYS WITH]      9 = BLOWING SNOW
                                                   X = TORNADO
MAX 32 OR BELOW:  18    0.01 INCH OR MORE:   4
MAX 90 OR ABOVE:   0    0.10 INCH OR MORE:   1
MIN 32 OR BELOW:  26    0.50 INCH OR MORE:   0
MIN  0 OR BELOW:   6    1.00 INCH OR MORE:   0

[HDD (BASE 65) ]
TOTAL THIS MO.  1211    CLEAR  (SCALE 0-3)   9
DPTR FM NORMAL   -14    PTCLDY (SCALE 4-7)  11
TOTAL FM JUL 1  3176    CLOUDY (SCALE 8-10)  8
DPTR FM NORMAL  -688

[CDD (BASE 65) ]
TOTAL THIS MO.     0
DPTR FM NORMAL     0    [PRESSURE DATA]
TOTAL FM JAN 1     0    HIGHEST SLP M ON M
DPTR FM NORMAL     0    LOWEST  SLP 29.36 ON 15

[REMARKS]
