646
CXUS56 KPQR 221200
CF6EUG
PRELIMINARY LOCAL CLIMATOLOGICAL DATA (WS FORM: F-6)

                                          STATION:   EUGENE OR
                                          MONTH:     JANUARY
                                          YEAR:      2017
                                          LATITUDE:   44  7 N
                                          LONGITUDE: 123 13 W

  TEMPERATURE IN F:       :PCPN:    SNOW:  WIND      :SUNSHINE: SKY     :PK WND
================================================================================
1   2   3   4   5  6A  6B    7    8   9   10  11  12  13   14  15   16   17  18
                                     12Z  AVG MX 2MIN
DY MAX MIN AVG DEP HDD CDD  WTR  SNW DPTH SPD SPD DIR MIN PSBL S-S WX    SPD DR
================================================================================

 1  40  32  36  -3  29   0 0.19    T    0  8.9 20 210   M    M   9 1      23 230
 2  38  29  34  -6  31   0 0.06    T    0  5.9 16 360   M    M  10 12     18 360
 3  36  24  30 -10  35   0 0.00  0.0    0 11.4 23  10   M    M   7        28  20
 4  34  21  28 -12  37   0 0.08  0.6    1 12.1 25 360   M    M   8 18     31 360
 5  34  13  24 -16  41   0 0.00  0.0    1  5.8 14  30   M    M   0        17  30
 6  40  13  27 -13  38   0 0.00  0.0    1  4.1 12 230   M    M   2        13 220
 7  29  24  27 -13  38   0 0.62  4.5    5  7.4 15  10   M    M  10 1456   16 360
 8  38  28  33  -7  32   0 0.84  0.0    3  7.3 14  10   M    M  10 16     19 240
 9  40  35  38  -2  27   0 0.43  0.0    0 10.1 22 190   M    M  10 1      28 190
10  40  34  37  -3  28   0 0.70  0.0    0  7.4 16 180   M    M   9 1      21 180
11  46  29  38  -2  27   0 0.08  0.0    0  6.0 15 210   M    M   6 12     20 210
12  34  26  30 -10  35   0 0.00  0.0    0  8.6 16  30   M    M   8 12     19  40
13  30  24  27 -13  38   0 0.00  0.0    0  6.2 12 350   M    M   8 1      14 350
14  32  21  27 -14  38   0 0.00  0.0    0  5.5 13  30   M    M   4        15  20
15  35  21  28 -13  37   0 0.00  0.0    0  3.1  9 200   M    M   3        11  40
16  40  24  32  -9  33   0 0.00  0.0    0  3.0  8 140   M    M   5 18     10  10
17  51  27  39  -2  26   0 0.21  0.0    0  8.1 20 190   M    M   8 1      26 180
18  55  45  50   9  15   0 0.35  0.0    0 16.0 33 170   M    M  10 1      44 160
19  52  40  46   5  19   0 0.04  0.0    0 10.6 21 200   M    M   8        27 220
20  53  39  46   5  19   0 0.09  0.0    0  5.8 24 240   M    M   9 1      31 240
21  47  37  42   1  23   0 0.14  0.0    0 10.0 25 170   M    M   9 1      32 170
================================================================================
SM  844  586       646   0  3.83     5.1 163.3          M      153
================================================================================
AV 40.2 27.9                               7.8 FASTST   M    M   7    MAX(MPH)
                                 MISC ---->  # 33 170               # 44  160
================================================================================
NOTES:
# LAST OF SEVERAL OCCURRENCES

COLUMN 17 PEAK WIND IN M.P.H.

PRELIMINARY LOCAL CLIMATOLOGICAL DATA (WS FORM: F-6) , PAGE 2

                                          STATION:  EUGENE OR
                                          MONTH:    JANUARY
                                          YEAR:     2017
                                          LATITUDE:   44  7 N
                                          LONGITUDE: 123 13 W

[TEMPERATURE DATA]      [PRECIPITATION DATA]       SYMBOLS USED IN COLUMN 16

AVERAGE MONTHLY: 34.0   TOTAL FOR MONTH:   3.83    1 = FOG OR MIST
DPTR FM NORMAL:  -6.3   DPTR FM NORMAL:   -1.04    2 = FOG REDUCING VISIBILITY
HIGHEST:    55 ON 18    GRTST 24HR  0.92 ON  8- 9      TO 1/4 MILE OR LESS
LOWEST:     13 ON  6, 5                            3 = THUNDER
                        SNOW, ICE PELLETS, HAIL    4 = ICE PELLETS
                        TOTAL MONTH:   5.1 INCHES  5 = HAIL
                        GRTST 24HR   4.5 ON  7- 7  6 = FREEZING RAIN OR DRIZZLE
                        GRTST DEPTH:   5 ON  7     7 = DUSTSTORM OR SANDSTORM:
                                                       VSBY 1/2 MILE OR LESS
                                                   8 = SMOKE OR HAZE
[NO. OF DAYS WITH]      [WEATHER - DAYS WITH]      9 = BLOWING SNOW
                                                   X = TORNADO
MAX 32 OR BELOW:   3    0.01 INCH OR MORE:  13
MAX 90 OR ABOVE:   0    0.10 INCH OR MORE:   8
MIN 32 OR BELOW:  15    0.50 INCH OR MORE:   3
MIN  0 OR BELOW:   0    1.00 INCH OR MORE:   0

[HDD (BASE 65) ]
TOTAL THIS MO.   646    CLEAR  (SCALE 0-3)   3
DPTR FM NORMAL   129    PTCLDY (SCALE 4-7)   7
TOTAL FM JUL 1  2350    CLOUDY (SCALE 8-10) 11
DPTR FM NORMAL  -124

[CDD (BASE 65) ]
TOTAL THIS MO.     0
DPTR FM NORMAL     0    [PRESSURE DATA]
TOTAL FM JAN 1     0    HIGHEST SLP M ON M
DPTR FM NORMAL     0    LOWEST  SLP 29.09 ON 20

[REMARKS]
