000
CXUS53 KPAH 260649
CF6EVV
PRELIMINARY LOCAL CLIMATOLOGICAL DATA (WS FORM: F-6)

                                          STATION:   EVANSVILLE IN
                                          MONTH:     APRIL
                                          YEAR:      2017
                                          LATITUDE:   38  2 N
                                          LONGITUDE:  87 32 W

  TEMPERATURE IN F:       :PCPN:    SNOW:  WIND      :SUNSHINE: SKY     :PK WND
================================================================================
1   2   3   4   5  6A  6B    7    8   9   10  11  12  13   14  15   16   17  18
                                     12Z  AVG MX 2MIN
DY MAX MIN AVG DEP HDD CDD  WTR  SNW DPTH SPD SPD DIR MIN PSBL S-S WX    SPD DR
================================================================================

 1  53  42  48  -3  17   0    T  0.0    0  4.5 12 350   M    M   9        16 360
 2  68  41  55   3  10   0    T  0.0    0  6.1 13  90   M    M   0        18 110
 3  72  55  64  12   1   0 0.19  0.0    0  9.2 28 280   M    M   5 3      37 280
 4  73  55  64  12   1   0    T  0.0    0  9.2 22 260   M    M   5        29 260
 5  77  47  62   9   3   0 0.05  0.0    0 12.4 30 250   M    M   6 138    39 250
 6  56  42  49  -4  16   0 0.03  0.0    0 13.3 25 300   M    M   7 1      37 290
 7  59  37  48  -5  17   0 0.00  0.0    0  8.1 18 290   M    M   0        30 350
 8  71  35  53  -1  12   0 0.00  0.0    0  5.4 14 180   M    M   0        20 170
 9  80  50  65  11   0   0 0.00  0.0    0 11.4 28 210   M    M   0        38 200
10  80  63  72  18   0   7 0.00  0.0    0 15.3 28 220   M    M   3        34 210
11  70  52  61   6   4   0 0.03  0.0    0  7.1 14 210   M    M   4 3      20 210
12  77  45  61   6   4   0 0.00  0.0    0  3.4 12  80   M    M   0        15  70
13  85  46  66  11   0   1 0.00  0.0    0  2.4 10 210   M    M   0        14 200
14  85  55  70  14   0   5 0.00  0.0    0  2.8 14 180   M    M   2        18 180
15  84  62  73  17   0   8 0.00  0.0    0 10.4 25 220   M    M   1        33 240
16  82  61  72  16   0   7 1.56  0.0    0  9.9 30 250   M    M   5 13     40 260
17  71  59  65   8   0   0 0.01  0.0    0  5.1 12  80   M    M   8 1      15 100
18  79  59  69  12   0   4 0.15  0.0    0  6.8 21 240   M    M   8 1      27 230
19  84  62  73  16   0   8 0.00  0.0    0  7.4 15 210   M    M   2 18     20 200
20  83  62  73  15   0   8 0.01  0.0    0 11.5 28 230   M    M   4 3      34 240
21  65  50  58   0   7   0 1.00  0.0    0  7.4 15  30   M    M   9 138    22  10
22  57  46  52  -6  13   0 0.21  0.0    0 12.1 25  40   M    M   9 18     32 300
23  73  46  60   1   5   0 0.00  0.0    0 12.2 23  40   M    M   1        33  30
24  79  50  65   6   0   0 0.00  0.0    0  4.4 13  20   M    M   0        16  10
25  78  52  65   6   0   0 0.00  0.0    0  4.4 15 150   M    M   0        22 140
================================================================================
SM 1841 1274       110  48  3.24     0.0 202.2          M       88
================================================================================
AV 73.6 51.0                               8.1 FASTST   M    M   4    MAX(MPH)
                                 MISC ---->  # 30 250               # 40  260
================================================================================
NOTES:
# LAST OF SEVERAL OCCURRENCES

COLUMN 17 PEAK WIND IN M.P.H.

PRELIMINARY LOCAL CLIMATOLOGICAL DATA (WS FORM: F-6) , PAGE 2

                                          STATION:  EVANSVILLE IN
                                          MONTH:    APRIL
                                          YEAR:     2017
                                          LATITUDE:   38  2 N
                                          LONGITUDE:  87 32 W

[TEMPERATURE DATA]      [PRECIPITATION DATA]       SYMBOLS USED IN COLUMN 16

AVERAGE MONTHLY: 62.3   TOTAL FOR MONTH:   3.24    1 = FOG OR MIST
DPTR FM NORMAL:   7.0   DPTR FM NORMAL:   -0.32    2 = FOG REDUCING VISIBILITY
HIGHEST:    85 ON 14,13 GRTST 24HR  1.56 ON 16-16      TO 1/4 MILE OR LESS
LOWEST:     35 ON  8                               3 = THUNDER
                        SNOW, ICE PELLETS, HAIL    4 = ICE PELLETS
                        TOTAL MONTH:   0.0 INCH    5 = HAIL
                        GRTST 24HR     0.0         6 = FREEZING RAIN OR DRIZZLE
                        GRTST DEPTH:   0           7 = DUSTSTORM OR SANDSTORM:
                                                       VSBY 1/2 MILE OR LESS
                                                   8 = SMOKE OR HAZE
[NO. OF DAYS WITH]      [WEATHER - DAYS WITH]      9 = BLOWING SNOW
                                                   X = TORNADO
MAX 32 OR BELOW:   0    0.01 INCH OR MORE:  10
MAX 90 OR ABOVE:   0    0.10 INCH OR MORE:   5
MIN 32 OR BELOW:   0    0.50 INCH OR MORE:   2
MIN  0 OR BELOW:   0    1.00 INCH OR MORE:   2

[HDD (BASE 65) ]
TOTAL THIS MO.   110    CLEAR  (SCALE 0-3)  13
DPTR FM NORMAL  -149    PTCLDY (SCALE 4-7)   9
TOTAL FM JUL 1  3307    CLOUDY (SCALE 8-10)  3
DPTR FM NORMAL -1118

[CDD (BASE 65) ]
TOTAL THIS MO.    48
DPTR FM NORMAL    31    [PRESSURE DATA]
TOTAL FM JAN 1    53    HIGHEST SLP M ON M
DPTR FM NORMAL    33    LOWEST  SLP 29.39 ON  5

[REMARKS]
