000
CXUS53 KPAH 270631
CF6EVV
PRELIMINARY LOCAL CLIMATOLOGICAL DATA (WS FORM: F-6)

                                          STATION:   EVANSVILLE IN
                                          MONTH:     JUNE
                                          YEAR:      2017
                                          LATITUDE:   38  2 N
                                          LONGITUDE:  87 32 W

  TEMPERATURE IN F:       :PCPN:    SNOW:  WIND      :SUNSHINE: SKY     :PK WND
================================================================================
1   2   3   4   5  6A  6B    7    8   9   10  11  12  13   14  15   16   17  18
                                     12Z  AVG MX 2MIN
DY MAX MIN AVG DEP HDD CDD  WTR  SNW DPTH SPD SPD DIR MIN PSBL S-S WX    SPD DR
================================================================================

 1  88  61  75   4   0  10 0.00  0.0    0  2.3  9 300   M    M   1        12 330
 2  88  63  76   5   0  11 0.00  0.0    0  2.2  9 150   M    M   2        13 170
 3  89  64  77   6   0  12 0.00  0.0    0  3.7 10 140   M    M   2        14 150
 4  86  67  77   5   0  12 0.01  0.0    0  3.8 13 220   M    M   3        19 210
 5  85  69  77   5   0  12 0.05  0.0    0  4.8 13 240   M    M   5 1      16 210
 6  84  61  73   1   0   8 0.00  0.0    0  8.4 15  60   M    M   4        20 360
 7  79  56  68  -5   0   3 0.00  0.0    0  9.2 20  40   M    M   3        27  30
 8  81  52  67  -6   0   2 0.00  0.0    0  5.9 17  30   M    M   0        23 350
 9  85  57  71  -2   0   6 0.00  0.0    0  6.7 17 240   M    M   0        24 240
10  86  59  73  -1   0   8 0.00  0.0    0  7.9 21 210   M    M   0        26 220
11  91  64  78   4   0  13 0.00  0.0    0  8.3 21 210   M    M   2        27 210
12  94  69  82   8   0  17 0.00  0.0    0  8.2 18 220   M    M   3        24 220
13  94  71  83   9   0  18 0.00  0.0    0  7.4 18 200   M    M   2        25 200
14  94  72  83   8   0  18    T  0.0    0  9.4 18 320   M    M   2 3      30 310
15  87  69  78   3   0  13 1.18  0.0    0  4.9 17 360   M    M   3 13     22 360
16  89  69  79   4   0  14 0.00  0.0    0  5.0 14 190   M    M   1 18     19 150
17  90  69  80   5   0  15 0.00  0.0    0  9.5 20 220   M    M   1 1      28 230
18  80  69  75  -1   0  10 0.36  0.0    0  8.0 21 290   M    M   6 13     31 320
19  86  63  75  -1   0  10 0.00  0.0    0  6.7 16 280   M    M   2        24 260
20  90  64  77   1   0  12 0.00  0.0    0  5.1 13 300   M    M   2        18 300
21  92  69  81   5   0  16 0.00  0.0    0  8.6 20 210   M    M   2        23 210
22  79  72  76  -1   0  11 0.09  0.0    0  7.3 22 180   M    M   6 1      30 190
23  80  65  73  -4   0   8 1.86  0.0    0  5.9 21 230   M    M   7 18     28 230
24  80  60  70  -7   0   5 0.00  0.0    0  7.0 16 300   M    M   1 1      23 320
25  83  54  69  -8   0   4 0.00  0.0    0  7.7 22 260   M    M   1        27 260
26  79  53  66 -11   0   1 0.00  0.0    0  4.6 14  30   M    M   1        19  30
================================================================================
SM 2239 1661         0 269  3.55     0.0 168.5          M       62
================================================================================
AV 86.1 63.9                               6.5 FASTST   M    M   2    MAX(MPH)
                                 MISC ---->  # 22 180               # 31  320
================================================================================
NOTES:
# LAST OF SEVERAL OCCURRENCES

COLUMN 17 PEAK WIND IN M.P.H.

PRELIMINARY LOCAL CLIMATOLOGICAL DATA (WS FORM: F-6) , PAGE 2

                                          STATION:  EVANSVILLE IN
                                          MONTH:    JUNE
                                          YEAR:     2017
                                          LATITUDE:   38  2 N
                                          LONGITUDE:  87 32 W

[TEMPERATURE DATA]      [PRECIPITATION DATA]       SYMBOLS USED IN COLUMN 16

AVERAGE MONTHLY: 75.0   TOTAL FOR MONTH:   3.55    1 = FOG OR MIST
DPTR FM NORMAL:   0.7   DPTR FM NORMAL:    0.21    2 = FOG REDUCING VISIBILITY
HIGHEST:    94 ON 14,13 GRTST 24HR  1.86 ON 23-23      TO 1/4 MILE OR LESS
LOWEST:     52 ON  8                               3 = THUNDER
                        SNOW, ICE PELLETS, HAIL    4 = ICE PELLETS
                        TOTAL MONTH:   0.0 INCH    5 = HAIL
                        GRTST 24HR     0.0         6 = FREEZING RAIN OR DRIZZLE
                        GRTST DEPTH:   0           7 = DUSTSTORM OR SANDSTORM:
                                                       VSBY 1/2 MILE OR LESS
                                                   8 = SMOKE OR HAZE
[NO. OF DAYS WITH]      [WEATHER - DAYS WITH]      9 = BLOWING SNOW
                                                   X = TORNADO
MAX 32 OR BELOW:   0    0.01 INCH OR MORE:   6
MAX 90 OR ABOVE:   7    0.10 INCH OR MORE:   3
MIN 32 OR BELOW:   0    0.50 INCH OR MORE:   2
MIN  0 OR BELOW:   0    1.00 INCH OR MORE:   2

[HDD (BASE 65) ]
TOTAL THIS MO.     0    CLEAR  (SCALE 0-3)  20
DPTR FM NORMAL    -4    PTCLDY (SCALE 4-7)   6
TOTAL FM JUL 1  3392    CLOUDY (SCALE 8-10)  0
DPTR FM NORMAL -1153

[CDD (BASE 65) ]
TOTAL THIS MO.   269
DPTR FM NORMAL    21    [PRESSURE DATA]
TOTAL FM JAN 1   494    HIGHEST SLP M ON M
DPTR FM NORMAL   111    LOWEST  SLP 29.66 ON 23

[REMARKS]
