000
CXUS56 KSLC 221245
CF6EVW
PRELIMINARY LOCAL CLIMATOLOGICAL DATA (WS FORM: F-6)

                                          STATION:   EVANSTON WY
                                          MONTH:     FEBRUARY
                                          YEAR:      2018
                                          LATITUDE:   41 16 N
                                          LONGITUDE: 111  2 W

  TEMPERATURE IN F:       :PCPN:    SNOW:  WIND      :SUNSHINE: SKY     :PK WND
================================================================================
1   2   3   4   5  6A  6B    7    8   9   10  11  12  13   14  15   16   17  18
                                     12Z  AVG MX 2MIN
DY MAX MIN AVG DEP HDD CDD  WTR  SNW DPTH SPD SPD DIR MIN PSBL S-S WX    SPD DR
================================================================================

 1  40  31  36  14  29   0 0.00  0.0    0 14.6 25 240   M    M   9        32 240
 2  42  31  37  15  28   0 0.00  0.0    0 16.4 32 250   M    M   7        39 250
 3  42  34  38  16  27   0    T    M    0 18.3 32 270   M    M   6        39 250
 4  41  32  37  15  28   0 0.00  0.0    0 17.2 31 240   M    M   6        36 250
 5  40  27  34  12  31   0    T    M    0 13.6 31 250   M    M   5 1      37 250
 6  35  23  29   7  36   0    T    M    0 11.8 18 250   M    M   6 1      23 250
 7  41  22  32  10  33   0 0.00  0.0    0 12.0 25 250   M    M   7        29 250
 8  46  29  38  16  27   0 0.00  0.0    0 14.6 31 240   M    M   0        37 250
 9  44  34  39  17  26   0 0.00  0.0    0 16.2 36 260   M    M   5        44 250
10  34  14  24   2  41   0    T    M    0 12.7 25 350   M    M   5 1      32 350
11  38  11  25   3  40   0 0.00  0.0    0 12.3 25 230   M    M   1        28 240
12  33  20  27   5  38   0    T    M    0  7.2 15 310   M    M   8 12     19  90
13  39  19  29   7  36   0 0.00  0.0    0  5.8 17 270   M    M   5 12     20 260
14  43  22  33  11  32   0    T    M    0 13.2 32 240   M    M   8        40 250
15  28  12  20  -3  45   0    T    M    0 13.2 30 260   M    M   6 1      34 250
16  32  10  21  -2  44   0 0.00  0.0    0 14.2 28 230   M    M   4        37 240
17  43  22  33  10  32   0 0.00  0.0    0 19.4 35 230   M    M   1        40 230
18  41  20  31   8  34   0 0.24    M    0 19.7 49 230   M    M   8 12     59 230
19  20   6  13 -10  52   0 0.17    M    0  8.2 20  80   M    M  10 1      23  90
20  13  -2   6 -18  59   0    T    M    0  8.8 23 250   M    M   5 18     26 250
21  19  -5   7 -17  58   0 0.00  0.0    0  5.8 14  80   M    M   2        15  80
================================================================================
SM  754  412       776   0  0.41     0.0 275.2          M      114
================================================================================
AV 35.9 19.6                              13.1 FASTST   M    M   5    MAX(MPH)
                                 MISC ---->  # 49 230               # 59  230
================================================================================
NOTES:
# LAST OF SEVERAL OCCURRENCES

COLUMN 17 PEAK WIND IN M.P.H.

PRELIMINARY LOCAL CLIMATOLOGICAL DATA (WS FORM: F-6) , PAGE 2

                                          STATION:  EVANSTON WY
                                          MONTH:    FEBRUARY
                                          YEAR:     2018
                                          LATITUDE:   41 16 N
                                          LONGITUDE: 111  2 W

[TEMPERATURE DATA]      [PRECIPITATION DATA]       SYMBOLS USED IN COLUMN 16

AVERAGE MONTHLY: 27.8   TOTAL FOR MONTH:   0.41    1 = FOG OR MIST
DPTR FM NORMAL:   5.3   DPTR FM NORMAL:   -0.04    2 = FOG REDUCING VISIBILITY
HIGHEST:    46 ON  8    GRTST 24HR  0.40 ON 18-19      TO 1/4 MILE OR LESS
LOWEST:     -5 ON 21                               3 = THUNDER
                        SNOW, ICE PELLETS, HAIL    4 = ICE PELLETS
                        TOTAL MONTH:   0.0 INCH    5 = HAIL
                        GRTST 24HR     0.0         6 = FREEZING RAIN OR DRIZZLE
                        GRTST DEPTH:   0           7 = DUSTSTORM OR SANDSTORM:
                                                       VSBY 1/2 MILE OR LESS
                                                   8 = SMOKE OR HAZE
[NO. OF DAYS WITH]      [WEATHER - DAYS WITH]      9 = BLOWING SNOW
                                                   X = TORNADO
MAX 32 OR BELOW:   5    0.01 INCH OR MORE:   2
MAX 90 OR ABOVE:   0    0.10 INCH OR MORE:   2
MIN 32 OR BELOW:  19    0.50 INCH OR MORE:   0
MIN  0 OR BELOW:   2    1.00 INCH OR MORE:   0

[HDD (BASE 65) ]
TOTAL THIS MO.   776    CLEAR  (SCALE 0-3)   4
DPTR FM NORMAL  -120    PTCLDY (SCALE 4-7)  14
TOTAL FM JUL 1  4824    CLOUDY (SCALE 8-10)  3
DPTR FM NORMAL  -901

[CDD (BASE 65) ]
TOTAL THIS MO.     0
DPTR FM NORMAL     0    [PRESSURE DATA]
TOTAL FM JAN 1     0    HIGHEST SLP M ON M
DPTR FM NORMAL     0    LOWEST  SLP 29.36 ON 18

[REMARKS]
