000
CXUS56 KSLC 311221
CF6EVW
PRELIMINARY LOCAL CLIMATOLOGICAL DATA (WS FORM: F-6)

                                          STATION:   EVANSTON WY
                                          MONTH:     JULY
                                          YEAR:      2015
                                          LATITUDE:   41 16 N
                                          LONGITUDE: 111  2 W

  TEMPERATURE IN F:       :PCPN:    SNOW:  WIND      :SUNSHINE: SKY     :PK WND
================================================================================
1   2   3   4   5  6A  6B    7    8   9   10  11  12  13   14  15   16   17  18
                                     12Z  AVG MX 2MIN
DY MAX MIN AVG DEP HDD CDD  WTR  SNW DPTH SPD SPD DIR MIN PSBL S-S WX    SPD DR
================================================================================

 1  88  62  75  12   0  10 0.00  0.0    0  8.2 21 280   M    M   1        26 280
 2  89  56  73  10   0   8 0.00  0.0    0  5.9 18 350   M    M   0        23 230
 3  89  56  73   9   0   8 0.00  0.0    0  6.7 20 320   M    M   1        24 320
 4  87  61  74  10   0   9    T  0.0    0  8.6 21 210   M    M   3 3      26 210
 5  72  56  64   0   1   0 0.35  0.0    0  8.7 21 330   M    M   6 13     26 330
 6  80  52  66   1   0   1 0.00  0.0    0  9.4 23 270   M    M   2 3      28 280
 7  73  51  62  -3   3   0 0.16  0.0    0  6.9 32  10   M    M   3 13     43  10
 8  66  47  57  -8   8   0    T    M    0  8.0 35 260   M    M   4 123    42 270
 9  72  47  60  -6   5   0 0.15    M    0  9.2 29 190   M    M   4 123    38 200
10  71  50  61  -5   4   0 0.16  0.0    0 12.0 33 200   M    M   4 13     45 210
11  76  49  63  -3   2   0    T    M    0 11.0 26 220   M    M   3        35 250
12  79  54  67   1   0   2 0.00  0.0    0 10.7 23 250   M    M   0        30 250
13  82  51  67   1   0   2 0.00  0.0    0 10.9 26 250   M    M   0        32 260
14  82  52  67   0   0   2    T  0.0    0 10.3 28 180   M    M   2 3      35 170
15  80  52  66  -1   0   1    T  0.0    0 10.2 26 250   M    M   2 3      34 240
16  82  50  66  -1   0   1 0.00  0.0    0 11.0 28 250   M    M   1        37 260
17  79  53  66  -1   0   1    T  0.0    0 13.9 32 240   M    M   2        41 250
18  74  51  63  -4   2   0 0.00  0.0    0  7.9 21 270   M    M   4        26 270
19  76  49  63  -5   2   0 0.00  0.0    0  7.4 21 260   M    M   0        35 260
20  67  49  58 -10   7   0 0.05    M    0  5.5 13 350   M    M   4        18  10
21  74  46  60  -8   5   0    T    M    0  8.7 20 150   M    M   2 3      26 170
22  76  48  62  -6   3   0 0.01    M    0 10.2 38 220   M    M   3 3      45 230
23  79  48  64  -4   1   0 0.00  0.0    0 10.4 25 250   M    M   2        33 250
24  81  51  66  -2   0   1 0.00  0.0    0  9.8 24 240   M    M   1        32 240
25  82  47  65  -3   0   0 0.00  0.0    0  9.0 22 260   M    M   1        28 240
26  88  53  71   3   0   6 0.00  0.0    0 11.5 33 200   M    M   0        43 200
27  76  49  63  -5   2   0 0.00  0.0    0 16.4 37 250   M    M   0        44 240
28  72  40  56 -12   9   0 0.00  0.0    0  7.1 17 260   M    M   0        25 270
29  80  39  60  -8   5   0 0.00  0.0    0  6.5 20 280   M    M   0        24 250
30  84  46  65  -3   0   0 0.00  0.0    0  6.0 18 310   M    M   0        24 320
================================================================================
SM 2356 1515        59  52  0.88     0.0 278.0          M       55
================================================================================
AV 78.5 50.5                               9.3 FASTST   M    M   2    MAX(MPH)
                                 MISC ---->  # 38 220               # 45  210
================================================================================
NOTES:
# LAST OF SEVERAL OCCURRENCES

COLUMN 17 PEAK WIND IN M.P.H.

PRELIMINARY LOCAL CLIMATOLOGICAL DATA (WS FORM: F-6) , PAGE 2

                                          STATION:  EVANSTON WY
                                          MONTH:    JULY
                                          YEAR:     2015
                                          LATITUDE:   41 16 N
                                          LONGITUDE: 111  2 W

[TEMPERATURE DATA]      [PRECIPITATION DATA]       SYMBOLS USED IN COLUMN 16

AVERAGE MONTHLY: 64.5   TOTAL FOR MONTH:   0.88    1 = FOG OR MIST
DPTR FM NORMAL:  -2.0   DPTR FM NORMAL:    0.01    2 = FOG REDUCING VISIBILITY
HIGHEST:    89 ON  3, 2 GRTST 24HR  0.35 ON  5- 5      TO 1/4 MILE OR LESS
LOWEST:     39 ON 29                               3 = THUNDER
                        SNOW, ICE PELLETS, HAIL    4 = ICE PELLETS
                        TOTAL MONTH:   0.0 INCH    5 = HAIL
                        GRTST 24HR     0.0         6 = FREEZING RAIN OR DRIZZLE
                        GRTST DEPTH:   0           7 = DUSTSTORM OR SANDSTORM:
                                                       VSBY 1/2 MILE OR LESS
                                                   8 = SMOKE OR HAZE
[NO. OF DAYS WITH]      [WEATHER - DAYS WITH]      9 = BLOWING SNOW
                                                   X = TORNADO
MAX 32 OR BELOW:   0    0.01 INCH OR MORE:   6
MAX 90 OR ABOVE:   0    0.10 INCH OR MORE:   4
MIN 32 OR BELOW:   0    0.50 INCH OR MORE:   0
MIN  0 OR BELOW:   0    1.00 INCH OR MORE:   0

[HDD (BASE 65) ]
TOTAL THIS MO.    59    CLEAR  (SCALE 0-3)  22
DPTR FM NORMAL    17    PTCLDY (SCALE 4-7)   8
TOTAL FM JUL 1    59    CLOUDY (SCALE 8-10)  0
DPTR FM NORMAL    17

[CDD (BASE 65) ]
TOTAL THIS MO.    52
DPTR FM NORMAL   -26    [PRESSURE DATA]
TOTAL FM JAN 1   122    HIGHEST SLP M ON M
DPTR FM NORMAL    30    LOWEST  SLP 29.65 ON 27

[REMARKS]
