000
CXUS53 KIND 240730
CF6EYE
PRELIMINARY LOCAL CLIMATOLOGICAL DATA (WS FORM: F-6)

                                          STATION:   INDIANAPOLIS EAGLE CREEK IN
                                          MONTH:     MAY
                                          YEAR:      2015
                                          LATITUDE:   39 49 N
                                          LONGITUDE:  86 18 W

  TEMPERATURE IN F:       :PCPN:    SNOW:  WIND      :SUNSHINE: SKY     :PK WND
================================================================================
1   2   3   4   5  6A  6B    7    8   9   10  11  12  13   14  15   16   17  18
                                     12Z  AVG MX 2MIN
DY MAX MIN AVG DEP HDD CDD  WTR  SNW DPTH SPD SPD DIR MIN PSBL S-S WX    SPD DR
================================================================================

 1  70  41  56  -2   9   0 0.00    M    M  7.2 14 330   M    M   1        19 340
 2  74  48  61   3   4   0 0.00    M    M  3.7 14 270   M    M   1        20 240
 3  78  51  65   6   0   0 0.00    M    M  5.0 16 200   M    M   2        21 180
 4  76  56  66   7   0   1 0.07    M    M  5.4 15 350   M    M   5 13     21 170
 5  83  60  72  13   0   7 0.00    M    M  4.1 15 200   M    M   4 1      21 190
 6  84  56  70  10   0   5 0.00    M    M  2.2  9 300   M    M   2        13 200
 7  85  58  72  12   0   7 0.00    M    M  4.2 14 200   M    M   1        21 220
 8  84  61  73  13   0   8    T    M    M  5.6 20 300   M    M   2        23 300
 9  78  65  72  12   0   7 0.46    M    M  5.9 23 210   M    M   6 13     41 210
10  82  64  73  12   0   8 0.14    M    M  5.8 20 230   M    M   5 1      30 220
11  76  61  69   8   0   4 0.06    M    M  7.4 22 230   M    M   3 13     30 240
12  61  49  55  -6  10   0 0.00    M    M 10.8 24 300   M    M   4        32 310
13  66  45  56  -6   9   0 0.00    M    M  7.0 14 360   M    M   0        18  10
14  69  48  59  -3   6   0    T    M    M  8.1 14 120   M    M   3        20 110
15  81  60  71   9   0   6 0.15    M    M  7.0 22 240   M    M   4 13     32 240
16  71  65  68   5   0   3 0.19    M    M  5.2 10 210   M    M   8 1      15 190
17  79  65  72   9   0   7    T    M    M  7.9 18 170   M    M   8        27 190
18  79  62  71   8   0   6    T    M    M  7.7 15 310   M    M   5        20 320
19  63  48  56  -8   9   0 0.00    M    M 10.6 17 310   M    M   1        25 300
20  51  42  47 -17  18   0 0.03    M    M  7.2 14  20   M    M   5        18  20
21  63  47  55  -9  10   0 0.00    M    M  8.5 16 290   M    M   7        21 290
22  75  45  60  -5   5   0 0.00    M    M  5.1 14 300   M    M   1        17 310
23  79  55  67   2   0   2 0.00    M    M  4.8 13 190   M    M   0        19 150
================================================================================
SM 1707 1252        80  71  1.10    M    146.4          M       78
================================================================================
AV 74.2 54.4                               6.4 FASTST   M    M   3    MAX(MPH)
                                 MISC ---->  # 24 300               # 41  210
================================================================================
NOTES:
# LAST OF SEVERAL OCCURRENCES

COLUMN 17 PEAK WIND IN M.P.H.

PRELIMINARY LOCAL CLIMATOLOGICAL DATA (WS FORM: F-6) , PAGE 2

                                          STATION:  INDIANAPOLIS EAGLE CREEK IN
                                          MONTH:    MAY
                                          YEAR:     2015
                                          LATITUDE:   39 49 N
                                          LONGITUDE:  86 18 W

[TEMPERATURE DATA]      [PRECIPITATION DATA]       SYMBOLS USED IN COLUMN 16

AVERAGE MONTHLY: 64.3   TOTAL FOR MONTH:   1.10    1 = FOG OR MIST
DPTR FM NORMAL:   2.9   DPTR FM NORMAL:   -3.15    2 = FOG REDUCING VISIBILITY
HIGHEST:    85 ON  7    GRTST 24HR  0.58 ON  9-10      TO 1/4 MILE OR LESS
LOWEST:     41 ON  1                               3 = THUNDER
                        SNOW, ICE PELLETS, HAIL    4 = ICE PELLETS
                        TOTAL MONTH:    M          5 = HAIL
                        GRTST 24HR    M  ON   M    6 = FREEZING RAIN OR DRIZZLE
                        GRTST DEPTH:  M  ON   M    7 = DUSTSTORM OR SANDSTORM:
                                                       VSBY 1/2 MILE OR LESS
                                                   8 = SMOKE OR HAZE
[NO. OF DAYS WITH]      [WEATHER - DAYS WITH]      9 = BLOWING SNOW
                                                   X = TORNADO
MAX 32 OR BELOW:   0    0.01 INCH OR MORE:   7
MAX 90 OR ABOVE:   0    0.10 INCH OR MORE:   4
MIN 32 OR BELOW:   0    0.50 INCH OR MORE:   0
MIN  0 OR BELOW:   0    1.00 INCH OR MORE:   0

[HDD (BASE 65) ]
TOTAL THIS MO.    80    CLEAR  (SCALE 0-3)  12
DPTR FM NORMAL   -40    PTCLDY (SCALE 4-7)   9
TOTAL FM JUL 1  5918    CLOUDY (SCALE 8-10)  2
DPTR FM NORMAL   603

[CDD (BASE 65) ]
TOTAL THIS MO.    71
DPTR FM NORMAL    31    [PRESSURE DATA]
TOTAL FM JAN 1    75    HIGHEST SLP M ON M
DPTR FM NORMAL    20    LOWEST  SLP 29.86 ON 11

[REMARKS]
