000
CXUS53 KIND 190730
CF6EYE
PRELIMINARY LOCAL CLIMATOLOGICAL DATA (WS FORM: F-6)

                                          STATION:   INDIANAPOLIS EAGLE CREEK IN
                                          MONTH:     FEBRUARY
                                          YEAR:      2017
                                          LATITUDE:   39 49 N
                                          LONGITUDE:  86 18 W

  TEMPERATURE IN F:       :PCPN:    SNOW:  WIND      :SUNSHINE: SKY     :PK WND
================================================================================
1   2   3   4   5  6A  6B    7    8   9   10  11  12  13   14  15   16   17  18
                                     12Z  AVG MX 2MIN
DY MAX MIN AVG DEP HDD CDD  WTR  SNW DPTH SPD SPD DIR MIN PSBL S-S WX    SPD DR
================================================================================

 1  41  32  37   8  28   0 0.00    M    M  8.1 16 300   M    M   8        22 290
 2  33  21  27  -2  38   0 0.00    M    M 11.5 20 300   M    M   1        27 290
 3  29  19  24  -5  41   0 0.00    M    M  8.9 16 310   M    M   4        24 320
 4  35  13  24  -5  41   0 0.00    M    M  5.4 14 170   M    M   2        20 180
 5  47  30  39   9  26   0 0.00    M    M  7.0 17 290   M    M   2        23 270
 6  54  26  40  10  25   0 0.09    M    M  4.8 16 250   M    M   4 1      25 250
 7  62  45  54  24  11   0 0.25    M    M 12.5 24 210   M    M  10 13     37 210
 8  45  26  36   6  29   0 0.05    M    M 11.0 20 310   M    M  10 128    27 320
 9  26  13  20 -10  45   0    T    M    M 12.4 23 310   M    M   4        29 300
10  52  14  33   2  32   0 0.00    M    M  9.7 21 210   M    M   2        31 220
11  66  48  57  26   8   0 0.03    M    M  6.9 15 230   M    M   3 1      23 250
12  59  35  47  16  18   0    T    M    M 13.7 33 300   M    M   4 18     43 280
13  48  27  38   7  27   0 0.00    M    M  4.5 14 330   M    M   0        19 330
14  53  36  45  13  20   0 0.00    M    M  8.1 17 270   M    M   1        24 240
15  42  31  37   5  28   0 0.00    M    M 12.1 23 300   M    M   0        31 290
16  47  32  40   8  25   0 0.00    M    M  6.0 12 190   M    M   5        16 200
17  65  41  53  21  12   0 0.00    M    M  8.1 18 210   M    M   0        24 200
18  65  42  54  21  11   0 0.00    M    M  6.8 13 220   M    M   2        20 210
================================================================================
SM  869  531       465   0  0.42    M    157.5          M       62
================================================================================
AV 48.3 29.5                               8.8 FASTST   M    M   3    MAX(MPH)
                                 MISC ---->  # 33 300               # 43  280
================================================================================
NOTES:
# LAST OF SEVERAL OCCURRENCES

COLUMN 17 PEAK WIND IN M.P.H.

PRELIMINARY LOCAL CLIMATOLOGICAL DATA (WS FORM: F-6) , PAGE 2

                                          STATION:  INDIANAPOLIS EAGLE CREEK IN
                                          MONTH:    FEBRUARY
                                          YEAR:     2017
                                          LATITUDE:   39 49 N
                                          LONGITUDE:  86 18 W

[TEMPERATURE DATA]      [PRECIPITATION DATA]       SYMBOLS USED IN COLUMN 16

AVERAGE MONTHLY: 38.9   TOTAL FOR MONTH:   0.42    1 = FOG OR MIST
DPTR FM NORMAL:   8.3   DPTR FM NORMAL:   -0.90    2 = FOG REDUCING VISIBILITY
HIGHEST:    66 ON 11    GRTST 24HR  0.34 ON  6- 7      TO 1/4 MILE OR LESS
LOWEST:     13 ON  9, 4                            3 = THUNDER
                        SNOW, ICE PELLETS, HAIL    4 = ICE PELLETS
                        TOTAL MONTH:    M          5 = HAIL
                        GRTST 24HR    M  ON   M    6 = FREEZING RAIN OR DRIZZLE
                        GRTST DEPTH:  M  ON   M    7 = DUSTSTORM OR SANDSTORM:
                                                       VSBY 1/2 MILE OR LESS
                                                   8 = SMOKE OR HAZE
[NO. OF DAYS WITH]      [WEATHER - DAYS WITH]      9 = BLOWING SNOW
                                                   X = TORNADO
MAX 32 OR BELOW:   2    0.01 INCH OR MORE:   4
MAX 90 OR ABOVE:   0    0.10 INCH OR MORE:   1
MIN 32 OR BELOW:  12    0.50 INCH OR MORE:   0
MIN  0 OR BELOW:   0    1.00 INCH OR MORE:   0

[HDD (BASE 65) ]
TOTAL THIS MO.   465    CLEAR  (SCALE 0-3)  10
DPTR FM NORMAL  -154    PTCLDY (SCALE 4-7)   5
TOTAL FM JUL 1  3126    CLOUDY (SCALE 8-10)  3
DPTR FM NORMAL  -694

[CDD (BASE 65) ]
TOTAL THIS MO.     0
DPTR FM NORMAL     0    [PRESSURE DATA]
TOTAL FM JAN 1     0    HIGHEST SLP M ON M
DPTR FM NORMAL     0    LOWEST  SLP 29.42 ON  7

[REMARKS]
