000
CXUS53 KIND 190730
CF6EYE
PRELIMINARY LOCAL CLIMATOLOGICAL DATA (WS FORM: F-6)

                                          STATION:   INDIANAPOLIS EAGLE CREEK IN
                                          MONTH:     SEPTEMBER
                                          YEAR:      2017
                                          LATITUDE:   39 49 N
                                          LONGITUDE:  86 18 W

  TEMPERATURE IN F:       :PCPN:    SNOW:  WIND      :SUNSHINE: SKY     :PK WND
================================================================================
1   2   3   4   5  6A  6B    7    8   9   10  11  12  13   14  15   16   17  18
                                     12Z  AVG MX 2MIN
DY MAX MIN AVG DEP HDD CDD  WTR  SNW DPTH SPD SPD DIR MIN PSBL S-S WX    SPD DR
================================================================================

 1  66  58  62 -10   3   0 0.00    M    M 12.1 23  70   M    M   2        30  80
 2  76  53  65  -7   0   0 0.00    M    M  6.9 14 360   M    M   2        19 310
 3  83  61  72   0   0   7 0.00    M    M  4.2 14 290   M    M   3        18 340
 4  88  55  72   0   0   7    T    M    M  7.3 21 220   M    M   1 13     32 220
 5  72  58  65  -6   0   0 0.00    M    M 10.9 20 300   M    M   2        29 330
 6  68  49  59 -12   6   0 0.03    M    M  7.1 21 310   M    M   4        26 310
 7  70  48  59 -12   6   0 0.00    M    M  4.7 16 300   M    M   3        21 270
 8  79  49  64  -6   1   0 0.00    M    M  3.5 10  50   M    M   0        16  50
 9  74  56  65  -5   0   0 0.00    M    M  7.4 14  60   M    M   3        19  90
10  75  49  62  -8   3   0 0.00    M    M  6.8 16  70   M    M   0        21 130
11  75  50  63  -6   2   0 0.00    M    M  5.9 13  50   M    M   0        34 280
12  75  57  66  -3   0   1    T    M    M  8.7 17  60   M    M   4        28 130
13  67  62  65  -3   0   0 0.08    M    M  5.9 14 130   M    M  10 1      23 340
14  76  60  68   0   0   3 0.00    M    M  2.1  8 180   M    M   7 1       9 180
15  83  56  70   2   0   5 0.00    M    M  3.3  9 100   M    M   1 12     17 190
16  87  61  74   7   0   9 0.00    M    M  3.3 12 130   M    M   1        18 120
17  90  64  77  10   0  12    T    M    M  4.3 25 290   M    M   4 1      33 280
18  84  69  77  11   0  12 0.16    M    M  3.0 13 280   M    M   7 13     18 160
================================================================================
SM 1388 1015        21  56  0.27    M    107.4          M       54
================================================================================
AV 77.1 56.4                               6.0 FASTST   M    M   3    MAX(MPH)
                                 MISC ---->  # 25 290               # 34  280
================================================================================
NOTES:
# LAST OF SEVERAL OCCURRENCES

COLUMN 17 PEAK WIND IN M.P.H.

PRELIMINARY LOCAL CLIMATOLOGICAL DATA (WS FORM: F-6) , PAGE 2

                                          STATION:  INDIANAPOLIS EAGLE CREEK IN
                                          MONTH:    SEPTEMBER
                                          YEAR:     2017
                                          LATITUDE:   39 49 N
                                          LONGITUDE:  86 18 W

[TEMPERATURE DATA]      [PRECIPITATION DATA]       SYMBOLS USED IN COLUMN 16

AVERAGE MONTHLY: 66.8   TOTAL FOR MONTH:   0.27    1 = FOG OR MIST
DPTR FM NORMAL:  -2.9   DPTR FM NORMAL:   -1.08    2 = FOG REDUCING VISIBILITY
HIGHEST:    90 ON 17    GRTST 24HR  0.16 ON 18-18      TO 1/4 MILE OR LESS
LOWEST:     48 ON  7                               3 = THUNDER
                        SNOW, ICE PELLETS, HAIL    4 = ICE PELLETS
                        TOTAL MONTH:    M          5 = HAIL
                        GRTST 24HR    M  ON   M    6 = FREEZING RAIN OR DRIZZLE
                        GRTST DEPTH:  M  ON   M    7 = DUSTSTORM OR SANDSTORM:
                                                       VSBY 1/2 MILE OR LESS
                                                   8 = SMOKE OR HAZE
[NO. OF DAYS WITH]      [WEATHER - DAYS WITH]      9 = BLOWING SNOW
                                                   X = TORNADO
MAX 32 OR BELOW:   0    0.01 INCH OR MORE:   3
MAX 90 OR ABOVE:   1    0.10 INCH OR MORE:   1
MIN 32 OR BELOW:   0    0.50 INCH OR MORE:   0
MIN  0 OR BELOW:   0    1.00 INCH OR MORE:   0

[HDD (BASE 65) ]
TOTAL THIS MO.    21    CLEAR  (SCALE 0-3)  12
DPTR FM NORMAL     9    PTCLDY (SCALE 4-7)   5
TOTAL FM JUL 1    21    CLOUDY (SCALE 8-10)  1
DPTR FM NORMAL     6

[CDD (BASE 65) ]
TOTAL THIS MO.    56
DPTR FM NORMAL   -41    [PRESSURE DATA]
TOTAL FM JAN 1   984    HIGHEST SLP M ON M
DPTR FM NORMAL   -33    LOWEST  SLP 29.71 ON  4

[REMARKS]
