000
CXUS53 KIND 280730
CF6EYE
PRELIMINARY LOCAL CLIMATOLOGICAL DATA (WS FORM: F-6)

                                          STATION:   INDIANAPOLIS EAGLE CREEK IN
                                          MONTH:     FEBRUARY
                                          YEAR:      2015
                                          LATITUDE:   39 49 N
                                          LONGITUDE:  86 18 W

  TEMPERATURE IN F:       :PCPN:    SNOW:  WIND      :SUNSHINE: SKY     :PK WND
================================================================================
1   2   3   4   5  6A  6B    7    8   9   10  11  12  13   14  15   16   17  18
                                     12Z  AVG MX 2MIN
DY MAX MIN AVG DEP HDD CDD  WTR  SNW DPTH SPD SPD DIR MIN PSBL S-S WX    SPD DR
================================================================================

 1  35  28  32   3  33   0 0.25    M    M  6.9 18 330   M    M  10 1268   24 130
 2  27  15  21  -8  44   0    T    M    M 11.5 23 340   M    M   6 1      28 340
 3  35  13  24  -5  41   0 0.00    M    M  7.6 17 200   M    M   4        23 200
 4  38  15  27  -2  38   0 0.03    M    M 10.5 22 340   M    M   6 1      29 340
 5  21   5  13 -17  52   0 0.00    M    M  5.4 13 310   M    M   0        17 330
 6  36  10  23  -7  42   0 0.00    M    M  5.0 13 200   M    M   4        17 250
 7  54  26  40  10  25   0 0.00    M    M  7.4 18 210   M    M   0        26 200
 8  56  34  45  15  20   0 0.00    M    M  9.2 20 220   M    M   5 18     29 210
 9  35  24  30   0  35   0 0.00    M    M 10.2 16  10   M    M  10 1      19  10
10  36  17  27  -4  38   0 0.00    M    M  6.0 14  10   M    M   1 1      18  10
11  37  24  31   0  34   0    T    M    M  9.7 24 300   M    M   9 18     30 310
12  26  13  20 -11  45   0    T    M    M 15.2 24 330   M    M   9 18     32 320
13  28   7  18 -13  47   0 0.00    M    M  6.9 14 230   M    M   4        22 230
14  29   6  18 -14  47   0    T    M    M 17.4 37 300   M    M   8 8      49 290
15  18   4  11 -21  54   0 0.00    M    M  8.7 16 310   M    M   1        20  20
16  16   7  12 -20  53   0 0.01    M    M  6.3 10  10   M    M   8 18     13 100
17  25   2  14 -18  51   0    T    M    M  7.1 15 340   M    M   7 18     23 240
18  16   0   8 -25  57   0 0.02    M    M 13.8 28 280   M    M   8 18     34 310
19   8  -5   2 -31  63   0 0.00    M    M 10.9 22 300   M    M   1        27 290
20  17  -7   5 -28  60   0    T    M    M  7.4 17 160   M    M   6        23 170
21  33  15  24 -10  41   0 0.27    M    M  2.8 12 340   M    M   8 18     12 340
22  27  14  21 -13  44   0 0.00    M    M  7.8 20 310   M    M   8 18     25 300
23  15  -2   7 -27  58   0 0.00    M    M  5.9 15 360   M    M   2        20 360
24  25  -7   9 -26  56   0 0.00    M    M  7.6 20 230   M    M   2        29 240
25  33  12  23 -12  42   0 0.00    M    M  4.9 13  50   M    M   2        18  30
26  24   7  16 -19  49   0    T    M    M  9.0 17 340   M    M   9 18     21 340
27  16   1   9 -27  56   0 0.00    M    M  6.0 14 340   M    M   2        16 350
================================================================================
SM  766  278      1225   0  0.58    M    227.1          M      140
================================================================================
AV 28.4 10.3                               8.4 FASTST   M    M   5    MAX(MPH)
                                 MISC ---->  # 37 300               # 49  290
================================================================================
NOTES:
# LAST OF SEVERAL OCCURRENCES

COLUMN 17 PEAK WIND IN M.P.H.

PRELIMINARY LOCAL CLIMATOLOGICAL DATA (WS FORM: F-6) , PAGE 2

                                          STATION:  INDIANAPOLIS EAGLE CREEK IN
                                          MONTH:    FEBRUARY
                                          YEAR:     2015
                                          LATITUDE:   39 49 N
                                          LONGITUDE:  86 18 W

[TEMPERATURE DATA]      [PRECIPITATION DATA]       SYMBOLS USED IN COLUMN 16

AVERAGE MONTHLY: 19.3   TOTAL FOR MONTH:   0.58    1 = FOG OR MIST
DPTR FM NORMAL: -12.5   DPTR FM NORMAL:   -1.46    2 = FOG REDUCING VISIBILITY
HIGHEST:    56 ON  8    GRTST 24HR  0.36 ON 31- 1      TO 1/4 MILE OR LESS
LOWEST:     -7 ON 24,20                            3 = THUNDER
                        SNOW, ICE PELLETS, HAIL    4 = ICE PELLETS
                        TOTAL MONTH:    M          5 = HAIL
                        GRTST 24HR    M  ON   M    6 = FREEZING RAIN OR DRIZZLE
                        GRTST DEPTH:  M  ON   M    7 = DUSTSTORM OR SANDSTORM:
                                                       VSBY 1/2 MILE OR LESS
                                                   8 = SMOKE OR HAZE
[NO. OF DAYS WITH]      [WEATHER - DAYS WITH]      9 = BLOWING SNOW
                                                   X = TORNADO
MAX 32 OR BELOW:  16    0.01 INCH OR MORE:   5
MAX 90 OR ABOVE:   0    0.10 INCH OR MORE:   2
MIN 32 OR BELOW:  26    0.50 INCH OR MORE:   0
MIN  0 OR BELOW:   5    1.00 INCH OR MORE:   0

[HDD (BASE 65) ]
TOTAL THIS MO.  1225    CLEAR  (SCALE 0-3)   9
DPTR FM NORMAL   330    PTCLDY (SCALE 4-7)  13
TOTAL FM JUL 1  4635    CLOUDY (SCALE 8-10)  5
DPTR FM NORMAL   539

[CDD (BASE 65) ]
TOTAL THIS MO.     0
DPTR FM NORMAL     0    [PRESSURE DATA]
TOTAL FM JAN 1     0    HIGHEST SLP  0.00 ON  3
DPTR FM NORMAL     0    LOWEST  SLP 29.57 ON  1

[REMARKS]
