000
CXUS53 KIND 280730
CF6EYE
PRELIMINARY LOCAL CLIMATOLOGICAL DATA (WS FORM: F-6)

                                          STATION:   INDIANAPOLIS EAGLE CREEK IN
                                          MONTH:     DECEMBER
                                          YEAR:      2014
                                          LATITUDE:   39 49 N
                                          LONGITUDE:  86 18 W

  TEMPERATURE IN F:       :PCPN:    SNOW:  WIND      :SUNSHINE: SKY     :PK WND
================================================================================
1   2   3   4   5  6A  6B    7    8   9   10  11  12  13   14  15   16   17  18
                                     12Z  AVG MX 2MIN
DY MAX MIN AVG DEP HDD CDD  WTR  SNW DPTH SPD SPD DIR MIN PSBL S-S WX    SPD DR
================================================================================

 1  39  25  32  -5  33   0 0.01    M    M 10.9 22 360   M    M   6 1      27 360
 2  33  25  29  -7  36   0 0.00    M    M  6.1 12  70   M    M   9 18     15  80
 3  42  29  36   0  29   0 0.01    M    M  6.3 16 290   M    M   5 1      21 280
 4  35  27  31  -5  34   0 0.04    M    M  4.2  9 100   M    M   7 1       M  M
 5  42  34  38   3  27   0 0.93    M    M  5.4 13  20   M    M  10 12     16  10
 6  41  29  35   0  30   0 0.28    M    M 10.9 23  10   M    M   9 18     29  10
 7  40  26  33  -1  32   0 0.00    M    M  7.1 14 110   M    M   0        19 120
 8  41  32  37   3  28   0 0.02    M    M  6.3 12 300   M    M   5 1      17 220
 9  40  32  36   2  29   0 0.01    M    M 10.4 18 310   M    M  10 1      29 320
10  35  31  33   0  32   0    T    M    M  8.7 16 340   M    M  10        19 330
11  37  27  32  -1  33   0 0.00    M    M  9.3 15 350   M    M   6        20 340
12  34  24  29  -3  36   0 0.00    M    M  5.9 14 290   M    M   7 18     18 300
13  47  34  41   9  24   0 0.00    M    M  4.0  8 260   M    M  10 18     13 250
14  48  42  45  13  20   0 0.00    M    M  5.6 12 170   M    M  10 1      18 180
15  45  41  43  11  22   0 0.02    M    M  8.5 17 110   M    M  10 18     21 120
16  46  31  39   8  26   0 0.34    M    M 11.2 23 270   M    M  10 1      33 270
17  31  23  27  -4  38   0 0.01    M    M 10.1 21 310   M    M  10 1      27 310
18  28  24  26  -5  39   0 0.00    M    M  3.0  8 330   M    M  10        11 330
19  30  21  26  -4  39   0 0.00    M    M  1.9  8 340   M    M   7        10 340
20  33  22  28  -2  37   0 0.00    M    M  0.8  5 360   M    M   8 1       6 250
21  37  19  28  -2  37   0 0.00    M    M  3.8 10 140   M    M   0 18     14 110
22  47  26  37   7  28   0 0.03    M    M  6.9 14 130   M    M   8 1      18 130
23  55  44  50  20  15   0 0.17    M    M  5.3 12  10   M    M   9 1      15  10
24  44  35  40  11  25   0 0.44    M    M 10.3 20 280   M    M   7 1      27 320
25  41  34  38   9  27   0 0.02    M    M  7.8 17 270   M    M   6        24 270
26  52  29  41  12  24   0 0.00    M    M  6.0 17 210   M    M   2        22 210
27  47  34  41  12  24   0 0.15    M    M  7.9 17 300   M    M  10 1      23 310
================================================================================
SM 1090  800       804   0  2.48    M    184.6          M      201
================================================================================
AV 40.4 29.6                               6.8 FASTST   M    M   7    MAX(MPH)
                                 MISC ---->  # 23  10               # 33  270
================================================================================
NOTES:
# LAST OF SEVERAL OCCURRENCES

COLUMN 17 PEAK WIND IN M.P.H.

PRELIMINARY LOCAL CLIMATOLOGICAL DATA (WS FORM: F-6) , PAGE 2

                                          STATION:  INDIANAPOLIS EAGLE CREEK IN
                                          MONTH:    DECEMBER
                                          YEAR:     2014
                                          LATITUDE:   39 49 N
                                          LONGITUDE:  86 18 W

[TEMPERATURE DATA]      [PRECIPITATION DATA]       SYMBOLS USED IN COLUMN 16

AVERAGE MONTHLY: 35.0   TOTAL FOR MONTH:   2.48    1 = FOG OR MIST
DPTR FM NORMAL:   2.8   DPTR FM NORMAL:   -0.08    2 = FOG REDUCING VISIBILITY
HIGHEST:    55 ON 23    GRTST 24HR  1.21 ON  5- 6      TO 1/4 MILE OR LESS
LOWEST:     19 ON 21                               3 = THUNDER
                        SNOW, ICE PELLETS, HAIL    4 = ICE PELLETS
                        TOTAL MONTH:    M          5 = HAIL
                        GRTST 24HR    M  ON   M    6 = FREEZING RAIN OR DRIZZLE
                        GRTST DEPTH:  M  ON   M    7 = DUSTSTORM OR SANDSTORM:
                                                       VSBY 1/2 MILE OR LESS
                                                   8 = SMOKE OR HAZE
[NO. OF DAYS WITH]      [WEATHER - DAYS WITH]      9 = BLOWING SNOW
                                                   X = TORNADO
MAX 32 OR BELOW:   3    0.01 INCH OR MORE:  15
MAX 90 OR ABOVE:   0    0.10 INCH OR MORE:   6
MIN 32 OR BELOW:  19    0.50 INCH OR MORE:   1
MIN  0 OR BELOW:   0    1.00 INCH OR MORE:   0

[HDD (BASE 65) ]
TOTAL THIS MO.   804    CLEAR  (SCALE 0-3)   3
DPTR FM NORMAL   -82    PTCLDY (SCALE 4-7)  11
TOTAL FM JUL 1  2043    CLOUDY (SCALE 8-10) 13
DPTR FM NORMAL   133

[CDD (BASE 65) ]
TOTAL THIS MO.     0
DPTR FM NORMAL     0    [PRESSURE DATA]
TOTAL FM JAN 1   893    HIGHEST SLP M ON M
DPTR FM NORMAL  -165    LOWEST  SLP 29.47 ON 24

[REMARKS]
