000
CXUS56 KHNX 221146
CF6FAT
PRELIMINARY LOCAL CLIMATOLOGICAL DATA (WS FORM: F-6)

                                          STATION:   FRESNO CA
                                          MONTH:     MAY
                                          YEAR:      2015
                                          LATITUDE:   36 46 N
                                          LONGITUDE: 119 43 W

  TEMPERATURE IN F:       :PCPN:    SNOW:  WIND      :SUNSHINE: SKY     :PK WND
================================================================================
1   2   3   4   5  6A  6B    7    8   9   10  11  12  13   14  15   16   17  18
                                     12Z  AVG MX 2MIN
DY MAX MIN AVG DEP HDD CDD  WTR  SNW DPTH SPD SPD DIR MIN PSBL S-S WX    SPD DR
================================================================================

 1  93  61  77  11   0  12 0.00  0.0    0  7.4 20 140   M    M   3        23 150
 2  91  61  76   9   0  11 0.00  0.0    0  5.0 15 220   M    M   1        19 210
 3  88  54  71   4   0   6 0.00  0.0    0  6.9 16 310   M    M   1        20 160
 4  84  54  69   2   0   4 0.00  0.0    0  8.3 17 310   M    M   3        21 310
 5  82  53  68   0   0   3 0.00  0.0    0  7.3 16 310   M    M   1        21 320
 6  76  51  64  -4   1   0 0.00  0.0    0  7.9 15 300   M    M   1        18 300
 7  65  50  58 -10   7   0 0.24  0.0    0  5.8 25 280   M    M   7 35     28 280
 8  67  50  59  -9   6   0 0.04  0.0    0  5.8 14 130   M    M   8         M  M
 9  77  58  68  -1   0   3 0.00  0.0    0  4.3 14 290   M    M   5        18 320
10  86  57  72   3   0   7 0.00  0.0    0  5.8 14 310   M    M   1        18 310
11  86  57  72   3   0   7 0.00  0.0    0 11.7 22 300   M    M   5        27 310
12  76  51  64  -5   1   0 0.00  0.0    0  9.8 20 300   M    M   5        24 310
13  74  51  63  -7   2   0 0.00  0.0    0  8.5 18 310   M    M   8        22 310
14  70  54  62  -8   3   0 0.24  0.0    0  7.5 21 280   M    M   9 13     26 270
15  73  52  63  -7   2   0 0.02  0.0    0  6.0 16 280   M    M   8        20 280
16  77  50  64  -6   1   0 0.00  0.0    0  6.6 13 300   M    M   4        18 200
17  76  53  65  -5   0   0 0.03  0.0    0  7.1 17 310   M    M   6        21 310
18  78  56  67  -4   0   2 0.00  0.0    0 10.5 18 300   M    M   5        23 300
19  79  52  66  -5   0   1 0.00  0.0    0  9.4 16 310   M    M   3        24 340
20  82  54  68  -3   0   3 0.00  0.0    0  8.1 21 290   M    M   4        26 320
21  70  55  63  -8   2   0 0.00  0.0    0  6.8 17 310   M    M   9 8      22 330
================================================================================
SM 1650 1134        25  59  0.57     0.0 156.5          M       97
================================================================================
AV 78.6 54.0                               7.5 FASTST   M    M   5    MAX(MPH)
                                 MISC ---->  # 25 280               # 28  280
================================================================================
NOTES:
# LAST OF SEVERAL OCCURRENCES

COLUMN 17 PEAK WIND IN M.P.H.

PRELIMINARY LOCAL CLIMATOLOGICAL DATA (WS FORM: F-6) , PAGE 2

                                          STATION:  FRESNO CA
                                          MONTH:    MAY
                                          YEAR:     2015
                                          LATITUDE:   36 46 N
                                          LONGITUDE: 119 43 W

[TEMPERATURE DATA]      [PRECIPITATION DATA]       SYMBOLS USED IN COLUMN 16

AVERAGE MONTHLY: 66.3   TOTAL FOR MONTH:   0.57    1 = FOG OR MIST
DPTR FM NORMAL:  -2.7   DPTR FM NORMAL:    0.25    2 = FOG REDUCING VISIBILITY
HIGHEST:    93 ON  1    GRTST 24HR  0.27 ON  7- 8      TO 1/4 MILE OR LESS
LOWEST:     50 ON 16, 8                            3 = THUNDER
                        SNOW, ICE PELLETS, HAIL    4 = ICE PELLETS
                        TOTAL MONTH:   0.0 INCH    5 = HAIL
                        GRTST 24HR     0.0         6 = FREEZING RAIN OR DRIZZLE
                        GRTST DEPTH:   0           7 = DUSTSTORM OR SANDSTORM:
                                                       VSBY 1/2 MILE OR LESS
                                                   8 = SMOKE OR HAZE
[NO. OF DAYS WITH]      [WEATHER - DAYS WITH]      9 = BLOWING SNOW
                                                   X = TORNADO
MAX 32 OR BELOW:   0    0.01 INCH OR MORE:   5
MAX 90 OR ABOVE:   2    0.10 INCH OR MORE:   2
MIN 32 OR BELOW:   0    0.50 INCH OR MORE:   0
MIN  0 OR BELOW:   0    1.00 INCH OR MORE:   0

[HDD (BASE 65) ]
TOTAL THIS MO.    25    CLEAR  (SCALE 0-3)   8
DPTR FM NORMAL    -2    PTCLDY (SCALE 4-7)  10
TOTAL FM JUL 1  1519    CLOUDY (SCALE 8-10)  3
DPTR FM NORMAL  -821

[CDD (BASE 65) ]
TOTAL THIS MO.    59
DPTR FM NORMAL   -50    [PRESSURE DATA]
TOTAL FM JAN 1   187    HIGHEST SLP M ON M
DPTR FM NORMAL    27    LOWEST  SLP 29.71 ON  7

[REMARKS]
