000
CXUS53 KMPX 291000
CF6FCM
PRELIMINARY LOCAL CLIMATOLOGICAL DATA (WS FORM: F-6)

                                          STATION:   MINNEAPOLIS FLYING CLOUD MN
                                          MONTH:     AUGUST
                                          YEAR:      2015
                                          LATITUDE:   44 49 N
                                          LONGITUDE:  93 27 W

  TEMPERATURE IN F:       :PCPN:    SNOW:  WIND      :SUNSHINE: SKY     :PK WND
================================================================================
1   2   3   4   5  6A  6B    7    8   9   10  11  12  13   14  15   16   17  18
                                     12Z  AVG MX 2MIN
DY MAX MIN AVG DEP HDD CDD  WTR  SNW DPTH SPD SPD DIR MIN PSBL S-S WX    SPD DR
================================================================================

 1  86  62  74   1   0   9 0.00    M    M  5.8 14 230   M    M   1        19 230
 2  86  67  77   4   0  12 0.00    M    M 11.7 23 290   M    M   1        28 290
 3  80  57  69  -4   0   4 0.00    M    M  7.8 18 300   M    M   1        25 290
 4  82  54  68  -4   0   3 0.00    M    M  5.3 14 300   M    M   1        18 320
 5  83  58  71  -1   0   6 0.00    M    M  3.3 10 140   M    M   0        14 150
 6  75  64  70  -2   0   5 0.80    M    M  9.3 23 170   M    M   8 138    29 170
 7  84  70  77   5   0  12 0.03    M    M  7.4 16 310   M    M   4 13     21 310
 8  82  67  75   3   0  10    T    M    M  7.1 16 160   M    M   3        18 160
 9  81  68  75   3   0  10 0.04    M    M  4.7 16 330   M    M   4 1      22 330
10  82  67  75   3   0  10 0.00    M    M  8.2 18 320   M    M   2        24 320
11  82  62  72   0   0   7 0.00    M    M  5.5 13 330   M    M   1        17 300
12  85  60  73   1   0   8 0.00    M    M  7.8 15 210   M    M   0        20 210
13  85  70  78   6   0  13 0.04    M    M  8.5 24 210   M    M   1        29 210
14  92  68  80   8   0  15 0.00    M    M  5.5 14 240   M    M   0 1      16 230
15  89  70  80   9   0  15 0.00    M    M  8.9 18 190   M    M   0        24 170
16  81  68  75   4   0  10 1.25    M    M  6.7 20 170   M    M   4 13     25 200
17  73  62  68  -3   0   3 0.17    M    M  6.3 10  30   M    M   7 3       M  M
18  67  62  65  -6   0   0 1.21    M    M  8.1 15  50   M    M   9 1      20  60
19  66  57  62  -9   3   0 0.04    M    M  9.2 23 310   M    M  10 18     31 300
20  76  53  65  -6   0   0 0.00    M    M  9.1 22 290   M    M   2        29 270
21  81  58  70   0   0   5 0.00    M    M 11.4 24 180   M    M   2        31 180
22  83  61  72   2   0   7 0.42    M    M 16.1 30 170   M    M   7 138    40 180
23  70  56  63  -7   2   0 0.00    M    M 15.1 22 270   M    M   8        38 270
24  68  54  61  -9   4   0 0.00    M    M 13.2 26 310   M    M   6 8      37 310
25  75  54  65  -5   0   0 0.00    M    M  8.8 16 320   M    M   1        24 320
26  76  48  62  -7   3   0 0.00  0.0    0  3.3  9 230   M    M   1 18     13 240
27  76  60  68  -1   0   3 0.00    M    M  8.3 17 180   M    M   3        23 210
28  78  59  69   0   0   4    T    M    M  8.3 22 160   M    M   2        26 160
================================================================================
SM 2224 1716        12 171  4.00     0.0 230.7          M       89
================================================================================
AV 79.4 61.3                               8.2 FASTST   M    M   3    MAX(MPH)
                                 MISC ---->  # 30 170               # 40  180
================================================================================
NOTES:
# LAST OF SEVERAL OCCURRENCES

COLUMN 17 PEAK WIND IN M.P.H.

PRELIMINARY LOCAL CLIMATOLOGICAL DATA (WS FORM: F-6) , PAGE 2

                                          STATION:  MINNEAPOLIS FLYING CLOUD MN
                                          MONTH:    AUGUST
                                          YEAR:     2015
                                          LATITUDE:   44 49 N
                                          LONGITUDE:  93 27 W

[TEMPERATURE DATA]      [PRECIPITATION DATA]       SYMBOLS USED IN COLUMN 16

AVERAGE MONTHLY: 70.4   TOTAL FOR MONTH:   4.00    1 = FOG OR MIST
DPTR FM NORMAL:  -0.9   DPTR FM NORMAL:    0.07    2 = FOG REDUCING VISIBILITY
HIGHEST:    92 ON 14    GRTST 24HR  1.34 ON 16-17      TO 1/4 MILE OR LESS
LOWEST:     48 ON 26                               3 = THUNDER
                        SNOW, ICE PELLETS, HAIL    4 = ICE PELLETS
                        TOTAL MONTH:   0.0 INCH    5 = HAIL
                        GRTST 24HR     0.0         6 = FREEZING RAIN OR DRIZZLE
                        GRTST DEPTH:   0           7 = DUSTSTORM OR SANDSTORM:
                                                       VSBY 1/2 MILE OR LESS
                                                   8 = SMOKE OR HAZE
[NO. OF DAYS WITH]      [WEATHER - DAYS WITH]      9 = BLOWING SNOW
                                                   X = TORNADO
MAX 32 OR BELOW:   0    0.01 INCH OR MORE:   9
MAX 90 OR ABOVE:   1    0.10 INCH OR MORE:   5
MIN 32 OR BELOW:   0    0.50 INCH OR MORE:   3
MIN  0 OR BELOW:   0    1.00 INCH OR MORE:   2

[HDD (BASE 65) ]
TOTAL THIS MO.    12    CLEAR  (SCALE 0-3)  17
DPTR FM NORMAL     9    PTCLDY (SCALE 4-7)   9
TOTAL FM JUL 1    15    CLOUDY (SCALE 8-10)  2
DPTR FM NORMAL     8

[CDD (BASE 65) ]
TOTAL THIS MO.   171
DPTR FM NORMAL   -13    [PRESSURE DATA]
TOTAL FM JAN 1   591    HIGHEST SLP M ON M
DPTR FM NORMAL   -58    LOWEST  SLP 29.44 ON 19

[REMARKS]
