000
CXUS53 KFGF 170915
CF6FGF
PRELIMINARY LOCAL CLIMATOLOGICAL DATA (WS FORM: F-6)

                                          STATION:   GRAND FORKS UNIV. (NWS) ND
                                          MONTH:     DECEMBER
                                          YEAR:      2017
                                          LATITUDE:   47 55 N
                                          LONGITUDE:  97  6 W

  TEMPERATURE IN F:       :PCPN:    SNOW:  WIND      :SUNSHINE: SKY     :PK WND
================================================================================
1   2   3   4   5  6A  6B    7    8   9   10  11  12  13   14  15   16   17  18
                                     12Z  AVG MX 2MIN
DY MAX MIN AVG DEP HDD CDD  WTR  SNW DPTH SPD SPD DIR MIN PSBL S-S WX    SPD DR
================================================================================

 1  37  25  31  13  34   0 0.00  0.0    0   M   M   M   M    M   M         M  M
 2  43  21  32  14  33   0 0.00  0.0    0   M   M   M   M    M   M         M  M
 3  37  24  31  14  34   0 0.00  0.0    0   M   M   M   M    M   M         M  M
 4  36  14  25   8  40   0 0.62  5.3    5   M   M   M   M    M   M 469     M  M
 5  17   6  12  -4  53   0 0.00  0.0    5   M   M   M   M    M   M         M  M
 6  19   4  12  -4  53   0 0.01  0.2    5   M   M   M   M    M   M         M  M
 7  27   2  15   0  50   0    T    T    5   M   M   M   M    M   M         M  M
 8  34  19  27  12  38   0    T  0.1    4   M   M   M   M    M   M         M  M
 9  31  13  22   8  43   0    T  0.1    4   M   M   M   M    M   M         M  M
10  28  16  22   8  43   0 0.05  0.5    4   M   M   M   M    M   M         M  M
11  35   4  20   6  45   0    T    T    4   M   M   M   M    M   M         M  M
12  35   7  21   8  44   0 0.01    T    4   M   M   M   M    M   M         M  M
13  36  16  26  13  39   0 0.11    T    4   M   M   M   M    M   M         M  M
14  22  15  19   7  46   0    T  0.3    4   M   M   M   M    M   M         M  M
15  22  16  19   7  46   0 0.06  1.1    M   M   M   M   M    M   M         M  M
16  31  15  23  11  42   0    T  0.0    M   M   M   M   M    M   M         M  M
================================================================================
SM  490  217       683   0  0.86     7.6     M          M        M
================================================================================
AV 30.6 13.6                                 M FASTST   M    M   6    MAX(MPH)
                                 MISC ---->     M   M                  M    M
================================================================================
NOTES:
# LAST OF SEVERAL OCCURRENCES

COLUMN 17 PEAK WIND IN M.P.H.

PRELIMINARY LOCAL CLIMATOLOGICAL DATA (WS FORM: F-6) , PAGE 2

                                          STATION:  GRAND FORKS UNIV. (NWS) ND
                                          MONTH:    DECEMBER
                                          YEAR:     2017
                                          LATITUDE:   47 55 N
                                          LONGITUDE:  97  6 W

[TEMPERATURE DATA]      [PRECIPITATION DATA]       SYMBOLS USED IN COLUMN 16

AVERAGE MONTHLY: 22.1   TOTAL FOR MONTH:   0.86    1 = FOG OR MIST
DPTR FM NORMAL:   7.3   DPTR FM NORMAL:    0.54    2 = FOG REDUCING VISIBILITY
HIGHEST:    43 ON  2    GRTST 24HR  0.62 ON  4- 4      TO 1/4 MILE OR LESS
LOWEST:      2 ON  7                               3 = THUNDER
                        SNOW, ICE PELLETS, HAIL    4 = ICE PELLETS
                        TOTAL MONTH:   7.6 INCHES  5 = HAIL
                        GRTST 24HR   5.3 ON   M    6 = FREEZING RAIN OR DRIZZLE
                        GRTST DEPTH:   5 ON  7, 6  7 = DUSTSTORM OR SANDSTORM:
                                                       VSBY 1/2 MILE OR LESS
                                                   8 = SMOKE OR HAZE
[NO. OF DAYS WITH]      [WEATHER - DAYS WITH]      9 = BLOWING SNOW
                                                   X = TORNADO
MAX 32 OR BELOW:   8    0.01 INCH OR MORE:   6
MAX 90 OR ABOVE:   0    0.10 INCH OR MORE:   2
MIN 32 OR BELOW:  16    0.50 INCH OR MORE:   1
MIN  0 OR BELOW:   0    1.00 INCH OR MORE:   0

[HDD (BASE 65) ]
TOTAL THIS MO.   683    CLEAR  (SCALE 0-3)   0
DPTR FM NORMAL  -121    PTCLDY (SCALE 4-7)   0
TOTAL FM JUL 1  2643    CLOUDY (SCALE 8-10)  0
DPTR FM NORMAL  -255

[CDD (BASE 65) ]
TOTAL THIS MO.     0
DPTR FM NORMAL     0    [PRESSURE DATA]
TOTAL FM JAN 1   440    HIGHEST SLP M ON M
DPTR FM NORMAL   -23    LOWEST  SLP M ON M

[REMARKS]
