000
CXUS53 KMKX 310655
CF6FLD
PRELIMINARY LOCAL CLIMATOLOGICAL DATA (WS FORM: F-6)

                                          STATION:   FOND_DU_LAC WI
                                          MONTH:     MAY
                                          YEAR:      2016
                                          LATITUDE:   43 46 N
                                          LONGITUDE:  88 29 W

  TEMPERATURE IN F:       :PCPN:    SNOW:  WIND      :SUNSHINE: SKY     :PK WND
================================================================================
1   2   3   4   5  6A  6B    7    8   9   10  11  12  13   14  15   16   17  18
                                     12Z  AVG MX 2MIN
DY MAX MIN AVG DEP HDD CDD  WTR  SNW DPTH SPD SPD DIR MIN PSBL S-S WX    SPD DR
================================================================================

 1  60  44  52   0  13   0    T    M    0 13.3 25  50   M    M   9        33  50
 2  63  36  50  -3  15   0 0.00  0.0    0  6.2 14  50   M    M   1        17  50
 3  69  40  55   2  10   0 0.10    M    0 10.4 35 340   M    M   4        42 340
 4  56  42  49  -4  16   0 0.00  0.0    0 16.3 24  30   M    M   8 1      29 360
 5  65  34  50  -4  15   0 0.00  0.0    0  7.1 20  30   M    M   0        25  30
 6  86  45  66  12   0   1 0.00  0.0    0  8.1 18 310   M    M   1 8      25 290
 7  71  38  55   1  10   0    T    M    0 11.2 28  30   M    M   3        34  30
 8  67  37  52  -3  13   0    T    M    0  8.4 20 140   M    M   0        23 140
 9  66  42  54  -1  11   0 0.00  0.0    0 10.7 22 130   M    M   3        29 120
10  54  48  51  -4  14   0 0.85    M    M 12.3 24 110   M    M  10 1      33 110
11  64  48  56   0   9   0 0.03    M    M  7.2 12 150   M    M   8 1      15 150
12  69  51  60   4   5   0 0.02  0.0    0 10.7 22 290   M    M   8 12     27 290
13  58  41  50  -6  15   0 0.24    M    0 11.8 21 330   M    M   6 1      27 310
14  46  33  40 -16  25   0    T    M    0 14.1 23 300   M    M   8        31 300
15  57  30  44 -13  21   0 0.00  0.0    0 11.3 21 310   M    M   5        29 290
16  70  46  58   1   7   0    T  0.0    0 11.0 18 350   M    M   4 8      27 300
17  60  37  49  -9  16   0 0.00  0.0    0  8.9 16  20   M    M   2        20  30
18  66  33  50  -8  15   0 0.00  0.0    0  5.1 12 160   M    M   0        16  10
19  72  42  57  -1   8   0 0.00  0.0    0  5.8 14 140   M    M   1        17 130
20  74  40  57  -1   8   0 0.00  0.0    0  4.4 14  50   M    M   0        16 120
21  77  43  60   1   5   0 0.00  0.0    0  4.4 16  20   M    M   0        20  20
22  81  47  64   5   1   0 0.00  0.0    0  4.4 13 140   M    M   0        15 150
23  85  49  67   7   0   2 0.00  0.0    0  9.3 22 180   M    M   0        27 180
24  83  53  68   8   0   3 0.02  0.0    0  7.6 18 230   M    M   2 1      28 240
25  81  54  68   8   0   3 0.31  0.0    0  8.0 21 130   M    M   0 13     25 110
26  82  60  71  10   0   6 0.05  0.0    0  7.5 22 220   M    M   0 13     32 220
27  75  57  66   5   0   1 0.76    M    M  5.8 18 130   M    M   3 13     25 240
28  82  62  72  11   0   7 0.86    M    M 13.7 25 190   M    M   5 13     33 200
29  77  63  70   8   0   5 0.07    M    M  9.6 20 290   M    M   3        28 270
30  81  57  69   7   0   4 0.00    M    M  4.0 13 310   M    M   1        15 280
================================================================================
SM 2097 1352       252  32  3.31     0.0 268.6          M       95
================================================================================
AV 69.9 45.1                               9.0 FASTST   M    M   3    MAX(MPH)
                                 MISC ---->  # 35 340               # 42  340
================================================================================
NOTES:
# LAST OF SEVERAL OCCURRENCES

COLUMN 17 PEAK WIND IN M.P.H.

PRELIMINARY LOCAL CLIMATOLOGICAL DATA (WS FORM: F-6) , PAGE 2

                                          STATION:  FOND_DU_LAC WI
                                          MONTH:    MAY
                                          YEAR:     2016
                                          LATITUDE:   43 46 N
                                          LONGITUDE:  88 29 W

[TEMPERATURE DATA]      [PRECIPITATION DATA]       SYMBOLS USED IN COLUMN 16

AVERAGE MONTHLY: 57.5   TOTAL FOR MONTH:   3.31    1 = FOG OR MIST
DPTR FM NORMAL:   0.4   DPTR FM NORMAL:    0.13    2 = FOG REDUCING VISIBILITY
HIGHEST:    86 ON  6    GRTST 24HR  0.93 ON 28-29      TO 1/4 MILE OR LESS
LOWEST:     30 ON 15                               3 = THUNDER
                        SNOW, ICE PELLETS, HAIL    4 = ICE PELLETS
                        TOTAL MONTH:   0.0 INCH    5 = HAIL
                        GRTST 24HR     0.0         6 = FREEZING RAIN OR DRIZZLE
                        GRTST DEPTH:   0           7 = DUSTSTORM OR SANDSTORM:
                                                       VSBY 1/2 MILE OR LESS
                                                   8 = SMOKE OR HAZE
[NO. OF DAYS WITH]      [WEATHER - DAYS WITH]      9 = BLOWING SNOW
                                                   X = TORNADO
MAX 32 OR BELOW:   0    0.01 INCH OR MORE:  11
MAX 90 OR ABOVE:   0    0.10 INCH OR MORE:   6
MIN 32 OR BELOW:   1    0.50 INCH OR MORE:   3
MIN  0 OR BELOW:   0    1.00 INCH OR MORE:   0

[HDD (BASE 65) ]
TOTAL THIS MO.   252    CLEAR  (SCALE 0-3)  18
DPTR FM NORMAL   -12    PTCLDY (SCALE 4-7)   8
TOTAL FM JUL 1  6323    CLOUDY (SCALE 8-10)  4
DPTR FM NORMAL  -865

[CDD (BASE 65) ]
TOTAL THIS MO.    32
DPTR FM NORMAL     7    [PRESSURE DATA]
TOTAL FM JAN 1    32    HIGHEST SLP M ON M
DPTR FM NORMAL     5    LOWEST  SLP 29.63 ON M

[REMARKS]
