000
CXUS56 KFGZ 240900
CF6FLG
PRELIMINARY LOCAL CLIMATOLOGICAL DATA (WS FORM: F-6)

                                          STATION:   FLAGSTAFF AZ AIRPORT
                                          MONTH:     NOVEMBER
                                          YEAR:      2017
                                          LATITUDE:   35  7 N
                                          LONGITUDE: 111 40 W

  TEMPERATURE IN F:       :PCPN:    SNOW:  WIND      :SUNSHINE: SKY     :PK WND
================================================================================
1   2   3   4   5  6A  6B    7    8   9   10  11  12  13   14  15   16   17  18
                                     12Z  AVG MX 2MIN
DY MAX MIN AVG DEP HDD CDD  WTR  SNW DPTH SPD SPD DIR MIN PSBL S-S WX    SPD DR
================================================================================

 1  59  30  45   3  20   0 0.00  0.0    0  9.3 23 230   M    M   0 1      33 200
 2  57  37  47   6  18   0 0.00  0.0    0 10.8 22 220   M    M   3        27 210
 3  57  43  50   9  15   0 0.00  0.0    0 15.5 29 220   M    M   3        35 210
 4  59  41  50   9  15   0 0.00  0.0    0 14.1 31 220   M    M   2        37 210
 5  55  36  46   6  19   0 0.00    M    0 12.8 24 220   M    M   3        32 210
 6  54  40  47   7  18   0 0.00  0.0    0 13.5 25 210   M    M   5        32 220
 7  53  33  43   3  22   0 0.00  0.0    0  7.5 20 250   M    M   5        27 220
 8  60  23  42   3  23   0 0.00  0.0    0  2.8 13 220   M    M   1 128    16 220
 9  61  28  45   6  20   0 0.00  0.0    0  6.1 20 210   M    M   0        24 220
10  60  26  43   4  22   0 0.00  0.0    0  6.9 23 220   M    M   0        29 240
11  62  28  45   7  20   0 0.00  0.0    0  5.1 18 230   M    M   0        24 230
12  62  24  43   5  22   0 0.00  0.0    0  2.7 16 230   M    M   0        21 230
13  65  30  48  10  17   0 0.00  0.0    0  3.8 18 210   M    M   0        24 230
14  64  26  45   8  20   0 0.00  0.0    0  5.2 24 230   M    M   0        34 210
15  60  24  42   5  23   0 0.00  0.0    0  5.7 21 250   M    M   0        25 230
16  60  29  45   9  20   0 0.00  0.0    0  7.4 21 240   M    M   1        28 270
17  49  31  40   4  25   0 0.01  0.0    0 10.2 22 220   M    M   7 1      29 230
18  46  15  31  -5  34   0 0.00  0.0    0  9.1 21  70   M    M   0        27  90
19  55  10  33  -2  32   0 0.00  0.0    0  2.4 10  20   M    M   0        14  40
20  60  19  40   5  25   0 0.00  0.0    0  3.9 17 210   M    M   0        20 210
21  62  25  44   9  21   0 0.00  0.0    0  6.3 18  70   M    M   0        25  80
22  64  31  48  14  17   0 0.00  0.0    0  6.2 16  80   M    M   0        23  90
23  71  24  48  14  17   0 0.00  0.0    0  1.7 13  80   M    M   0        16  70
================================================================================
SM 1355  653       485   0  0.01     0.0 169.0          M       30
================================================================================
AV 58.9 28.4                               7.3 FASTST   M    M   1    MAX(MPH)
                                 MISC ---->  # 31 220               # 37  210
================================================================================
NOTES:
# LAST OF SEVERAL OCCURRENCES

COLUMN 17 PEAK WIND IN M.P.H.

PRELIMINARY LOCAL CLIMATOLOGICAL DATA (WS FORM: F-6) , PAGE 2

                                          STATION:  FLAGSTAFF AZ AIRPORT
                                          MONTH:    NOVEMBER
                                          YEAR:     2017
                                          LATITUDE:   35  7 N
                                          LONGITUDE: 111 40 W

[TEMPERATURE DATA]      [PRECIPITATION DATA]       SYMBOLS USED IN COLUMN 16

AVERAGE MONTHLY: 43.7   TOTAL FOR MONTH:   0.01    1 = FOG OR MIST
DPTR FM NORMAL:   5.8   DPTR FM NORMAL:   -1.32    2 = FOG REDUCING VISIBILITY
HIGHEST:    71 ON 23    GRTST 24HR  0.01 ON 17-17      TO 1/4 MILE OR LESS
LOWEST:     10 ON 19                               3 = THUNDER
                        SNOW, ICE PELLETS, HAIL    4 = ICE PELLETS
                        TOTAL MONTH:   0.0 INCH    5 = HAIL
                        GRTST 24HR     0.0         6 = FREEZING RAIN OR DRIZZLE
                        GRTST DEPTH:   0           7 = DUSTSTORM OR SANDSTORM:
                                                       VSBY 1/2 MILE OR LESS
                                                   8 = SMOKE OR HAZE
[NO. OF DAYS WITH]      [WEATHER - DAYS WITH]      9 = BLOWING SNOW
                                                   X = TORNADO
MAX 32 OR BELOW:   0    0.01 INCH OR MORE:   1
MAX 90 OR ABOVE:   0    0.10 INCH OR MORE:   0
MIN 32 OR BELOW:  17    0.50 INCH OR MORE:   0
MIN  0 OR BELOW:   0    1.00 INCH OR MORE:   0

[HDD (BASE 65) ]
TOTAL THIS MO.   485    CLEAR  (SCALE 0-3)  20
DPTR FM NORMAL  -139    PTCLDY (SCALE 4-7)   3
TOTAL FM JUL 1  1249    CLOUDY (SCALE 8-10)  0
DPTR FM NORMAL  -258

[CDD (BASE 65) ]
TOTAL THIS MO.     0
DPTR FM NORMAL     0    [PRESSURE DATA]
TOTAL FM JAN 1   184    HIGHEST SLP M ON M
DPTR FM NORMAL    67    LOWEST  SLP 29.84 ON  4

[REMARKS]
