000
CXUS56 KFGZ 210900
CF6FLG
PRELIMINARY LOCAL CLIMATOLOGICAL DATA (WS FORM: F-6)

                                          STATION:   FLAGSTAFF AZ AIRPORT
                                          MONTH:     JANUARY
                                          YEAR:      2017
                                          LATITUDE:   35  7 N
                                          LONGITUDE: 111 40 W

  TEMPERATURE IN F:       :PCPN:    SNOW:  WIND      :SUNSHINE: SKY     :PK WND
================================================================================
1   2   3   4   5  6A  6B    7    8   9   10  11  12  13   14  15   16   17  18
                                     12Z  AVG MX 2MIN
DY MAX MIN AVG DEP HDD CDD  WTR  SNW DPTH SPD SPD DIR MIN PSBL S-S WX    SPD DR
================================================================================

 1  33  31  32   3  33   0 0.54  3.8    4  8.4 21 230   M    M  10 12     26 220
 2  31  27  29   0  36   0 0.07  1.0    6 15.1 26 220   M    M  10 1      32 210
 3  33  24  29   0  36   0 0.00  0.0    6  8.4 15 240   M    M   4        20 230
 4  40  21  31   2  34   0 0.01  0.0    4  9.8 20 220   M    M   4 1      24 230
 5  38  30  34   5  31   0 0.42    T    2 18.4 30 240   M    M  10 126    47 230
 6  36  11  24  -6  41   0 0.03    T    2  7.8 23 240   M    M   1 1      35 230
 7  41   9  25  -5  40   0 0.00  0.0    1  4.6 20 210   M    M   7        26 210
 8  52  29  41  11  24   0 0.02  0.0    T  6.6 20 220   M    M   2        24 210
 9  45  34  40  10  25   0 0.24  0.0    T 13.8 28 230   M    M   5 1      36 230
10  44  31  38   8  27   0 0.00  0.0    T 14.3 26 220   M    M   1        30 220
11  42  31  37   7  28   0 0.00  0.0    0 12.2 23 210   M    M   6        29 220
12  36  30  33   3  32   0    T    T    0  9.1 21 220   M    M  10        26 230
13  37  29  33   3  32   0 0.05    T    0  3.5 14  70   M    M  10 1      19  80
14  36  32  34   4  31   0 0.76  1.7    1  7.9 16  70   M    M  10 1      22  70
15  38  30  34   4  31   0 0.00  0.0    1  3.5 12 230   M    M  10 1      16 220
16  40  27  34   4  31   0 0.01  0.1    T  1.4  9 190   M    M   8 1      13 260
17  39  24  32   2  33   0 0.00  0.0    0  3.2 16  70   M    M   6        22  70
18  44  19  32   2  33   0 0.00  0.0    0  5.5 20 230   M    M   1        23 240
19  32  28  30   0  35   0 0.41    M    M 14.7 24 230   M    M  10 12     29 220
20  30  27  29  -1  36   0 0.71    M    6 16.2 29 220   M    M  10 12     37 220
================================================================================
SM  767  524       649   0  3.27     6.6 184.4          M      135
================================================================================
AV 38.4 26.2                               9.2 FASTST   M    M   7    MAX(MPH)
                                 MISC ---->  # 30 240               # 47  230
================================================================================
NOTES:
# LAST OF SEVERAL OCCURRENCES

COLUMN 17 PEAK WIND IN M.P.H.

PRELIMINARY LOCAL CLIMATOLOGICAL DATA (WS FORM: F-6) , PAGE 2

                                          STATION:  FLAGSTAFF AZ AIRPORT
                                          MONTH:    JANUARY
                                          YEAR:     2017
                                          LATITUDE:   35  7 N
                                          LONGITUDE: 111 40 W

[TEMPERATURE DATA]      [PRECIPITATION DATA]       SYMBOLS USED IN COLUMN 16

AVERAGE MONTHLY: 32.3   TOTAL FOR MONTH:   3.27    1 = FOG OR MIST
DPTR FM NORMAL:   2.5   DPTR FM NORMAL:    1.89    2 = FOG REDUCING VISIBILITY
HIGHEST:    52 ON  8    GRTST 24HR  0.77 ON 13-14      TO 1/4 MILE OR LESS
LOWEST:      9 ON  7                               3 = THUNDER
                        SNOW, ICE PELLETS, HAIL    4 = ICE PELLETS
                        TOTAL MONTH:   6.6 INCHES  5 = HAIL
                        GRTST 24HR   3.8 ON   M    6 = FREEZING RAIN OR DRIZZLE
                        GRTST DEPTH:   6 ON 20, 3  7 = DUSTSTORM OR SANDSTORM:
                                                       VSBY 1/2 MILE OR LESS
                                                   8 = SMOKE OR HAZE
[NO. OF DAYS WITH]      [WEATHER - DAYS WITH]      9 = BLOWING SNOW
                                                   X = TORNADO
MAX 32 OR BELOW:   3    0.01 INCH OR MORE:  12
MAX 90 OR ABOVE:   0    0.10 INCH OR MORE:   6
MIN 32 OR BELOW:  19    0.50 INCH OR MORE:   3
MIN  0 OR BELOW:   0    1.00 INCH OR MORE:   0

[HDD (BASE 65) ]
TOTAL THIS MO.   649    CLEAR  (SCALE 0-3)   4
DPTR FM NORMAL   -57    PTCLDY (SCALE 4-7)   7
TOTAL FM JUL 1  3212    CLOUDY (SCALE 8-10)  9
DPTR FM NORMAL  -322

[CDD (BASE 65) ]
TOTAL THIS MO.     0
DPTR FM NORMAL     0    [PRESSURE DATA]
TOTAL FM JAN 1     0    HIGHEST SLP M ON M
DPTR FM NORMAL     0    LOWEST  SLP 29.32 ON 20

[REMARKS]
