000
CXUS54 KLZK 251430
CF6FLP
PRELIMINARY LOCAL CLIMATOLOGICAL DATA (WS FORM: F-6)

                                          STATION:   Flippin
                                          MONTH:     DECEMBER
                                          YEAR:      2014
                                          LATITUDE:   36 17 N
                                          LONGITUDE:  92 28 W

  TEMPERATURE IN F:       :PCPN:    SNOW:  WIND      :SUNSHINE: SKY     :PK WND
================================================================================
1   2   3   4   5  6A  6B    7    8   9   10  11  12  13   14  15   16   17  18
                                     12Z  AVG MX 2MIN
DY MAX MIN AVG DEP HDD CDD  WTR  SNW DPTH SPD SPD DIR MIN PSBL S-S WX    SPD DR
================================================================================

 1  43  28  36   M  29   0 0.01    M    0  8.1 13 360   M    M  10        18 360
 2  37  28  33   M  32   0 0.00  0.0    0  1.4  5 180   M    M   9         M  M
 3  43  36  40   M  25   0 0.00  0.0    0  2.6  7  30   M    M   0         M  M
 4  45  37  41   M  24   0 0.08    M    0  3.7  7  80   M    M   5         M  M
 5  57  45  51   M  14   0 0.48    M    0  2.6  8 310   M    M  10        17 310
 6  52  41  47   M  18   0 0.00  0.0    0  8.0 10  30   M    M  10        17 330
 7  43  37  40   M  25   0 0.00  0.0    0  3.6  8  90   M    M   5         M  M
 8  57  34  46   M  19   0 0.00  0.0    0  4.3 12 290   M    M   3        16 300
 9  45  27  36   M  29   0 0.00  0.0    0  4.2  9  40   M    M   3         M  M
10  32  25  29   M  36   0 0.00  0.0    0  0.5  5 100   M    M   8         M  M
11  45  36  41   M  24   0 0.00  0.0    0  3.8  6 100   M    M   4         M  M
12  48  37  43   M  22   0 0.00  0.0    0  1.8  5 150   M    M  10         M  M
13  61  45  53   M  12   0 0.00  0.0    0  2.4  7 160   M    M   6         M  M
14  64  45  55   M  10   0 0.00  0.0    0  4.7  9 140   M    M   6        16 160
15  64  43  54   M  11   0 0.87  0.0    0 11.7 21 280   M    M   7        27 280
16  43  30  37   M  28   0 0.00  0.0    0 11.5 18 310   M    M  10        27 280
17  37  25  31   M  34   0 0.47    M    0  1.2  4 140   M    M   3         M  M
18  39  34  37   M  28   0 0.02    M    0  2.7  7 110   M    M  10         M  M
19  39  37  38   M  27   0 0.00  0.0    0  3.3  7  90   M    M  10         M  M
20  43  36  40   M  25   0 0.01    M    0  1.1  5  90   M    M  10         M  M
21  48  39  44   M  21   0 0.00  0.0    0  2.8  8 100   M    M  10         M  M
22  52  43  48   M  17   0 0.03  0.0    0  4.7  8 160   M    M   9         M  M
23  52  39  46   M  19   0 0.00  0.0    0  3.2 12 320   M    M   2         M  M
24  43  36  40   M  25   0 0.00  0.0    0  8.3 18 290   M    M   9        24 290
================================================================================
SM 1132  863       554   0  1.97     0.0 102.2          M      169
================================================================================
AV 47.2 36.0                               4.3 FASTST   M    M   7    MAX(MPH)
                                 MISC ---->    21   M               # 27  280
================================================================================
NOTES:
# LAST OF SEVERAL OCCURRENCES

COLUMN 17 PEAK WIND IN M.P.H.

PRELIMINARY LOCAL CLIMATOLOGICAL DATA (WS FORM: F-6) , PAGE 2

                                          STATION:  Flippin
                                          MONTH:    DECEMBER
                                          YEAR:     2014
                                          LATITUDE:   36 17 N
                                          LONGITUDE:  92 28 W

[TEMPERATURE DATA]      [PRECIPITATION DATA]       SYMBOLS USED IN COLUMN 16

AVERAGE MONTHLY: 41.6   TOTAL FOR MONTH:   1.97    1 = FOG OR MIST
DPTR FM NORMAL:     M   DPTR FM NORMAL:       M    2 = FOG REDUCING VISIBILITY
HIGHEST:    64 ON 15,14 GRTST 24HR  0.87 ON 15-15      TO 1/4 MILE OR LESS
LOWEST:     25 ON 17,10                            3 = THUNDER
                        SNOW, ICE PELLETS, HAIL    4 = ICE PELLETS
                        TOTAL MONTH:   0.0 INCH    5 = HAIL
                        GRTST 24HR     0.0         6 = FREEZING RAIN OR DRIZZLE
                        GRTST DEPTH:   0           7 = DUSTSTORM OR SANDSTORM:
                                                       VSBY 1/2 MILE OR LESS
                                                   8 = SMOKE OR HAZE
[NO. OF DAYS WITH]      [WEATHER - DAYS WITH]      9 = BLOWING SNOW
                                                   X = TORNADO
MAX 32 OR BELOW:   1    0.01 INCH OR MORE:   8
MAX 90 OR ABOVE:   0    0.10 INCH OR MORE:   3
MIN 32 OR BELOW:   6    0.50 INCH OR MORE:   1
MIN  0 OR BELOW:   0    1.00 INCH OR MORE:   0

[HDD (BASE 65) ]
TOTAL THIS MO.   554    CLEAR  (SCALE 0-3)   4
DPTR FM NORMAL     M    PTCLDY (SCALE 4-7)   7
TOTAL FM JUL 1  1381    CLOUDY (SCALE 8-10) 13
DPTR FM NORMAL     M

[CDD (BASE 65) ]
TOTAL THIS MO.     0
DPTR FM NORMAL     M    [PRESSURE DATA]
TOTAL FM JAN 1  1490    HIGHEST SLP M ON M
DPTR FM NORMAL     M    LOWEST  SLP M ON M

[REMARKS]
