000
CXUS55 KTBW 251000
CF6FMY
PRELIMINARY LOCAL CLIMATOLOGICAL DATA (WS FORM: F-6)

                                          STATION:   Fort Myers
                                          MONTH:     SEPTEMBER
                                          YEAR:      2016
                                          LATITUDE:   26 34 N
                                          LONGITUDE:  81 52 W

  TEMPERATURE IN F:       :PCPN:    SNOW:  WIND      :SUNSHINE: SKY     :PK WND
================================================================================
1   2   3   4   5  6A  6B    7    8   9   10  11  12  13   14  15   16   17  18
                                     12Z  AVG MX 2MIN
DY MAX MIN AVG DEP HDD CDD  WTR  SNW DPTH SPD SPD DIR MIN PSBL S-S WX    SPD DR
================================================================================

 1  87  75  81  -2   0  16    T  0.0    0 12.3 28 200   M    M   3 3      44 200
 2  86  74  80  -3   0  15 1.57  0.0    0  9.3 21 320   M    M   7 1238   29 310
 3  90  74  82  -1   0  17    T  0.0    0  4.5 15 270   M    M   2        18 250
 4  94  77  86   3   0  21 0.00  0.0    0  5.5 15 270   M    M   3        20  40
 5  94  74  84   1   0  19 0.48  0.0    0  5.7 26  80   M    M   1 13     32  80
 6  90  75  83   0   0  18 0.03  0.0    0  6.4 15  40   M    M   3 13     18  40
 7  89  75  82  -1   0  17 0.29  0.0    0  7.7 24 100   M    M   2 138    31  80
 8  93  75  84   1   0  19    T  0.0    0  8.6 16 120   M    M   2        23 140
 9  93  77  85   2   0  20 0.00  0.0    0  8.6 16 120   M    M   2        22  80
10  93  76  85   2   0  20 0.15  0.0    0  6.4 17  70   M    M   3 138    21  70
11  91  76  84   1   0  19 0.00  0.0    0  5.3 15 180   M    M   2 3      20 100
12  92  76  84   1   0  19    T  0.0    0  6.3 17 100   M    M   1        23 100
13  89  76  83   0   0  18 0.54  0.0    0  4.7 15 190   M    M   3 138    19 200
14  90  76  83   0   0  18 0.00  0.0    0  5.0 15 240   M    M   1 3      21 220
15  90  76  83   0   0  18    T  0.0    0  3.9 12 240   M    M   2        15 240
16  93  76  85   3   0  20 1.25  0.0    0  3.9 14 140   M    M   3 138    20 130
17  91  77  84   2   0  19 0.08  0.0    0  4.5 18 240   M    M   4 13     22 240
18  91  76  84   2   0  19 0.03  0.0    0  3.4 18 340   M    M   3 13     28 330
19  88  77  83   1   0  18 0.00  0.0    0  4.2 15 270   M    M   2 3      18 270
20  92  76  84   2   0  19 0.00  0.0    0  3.9 13 260   M    M   1 3      16 280
21  93  78  86   4   0  21 0.00  0.0    0  4.4 13 310   M    M   0 3      15 320
22  93  75  84   2   0  19    T  0.0    0  4.6 23 140   M    M   2 38     32 150
23  92  74  83   1   0  18 1.70  0.0    0  2.7 29  90   M    M   1 13     42 100
24  91  74  83   1   0  18 0.02  0.0    0  3.3 16 120   M    M   2 3      18 130
================================================================================
SM 2185 1815         0 445  6.14     0.0 135.1          M       55
================================================================================
AV 91.0 75.6                               5.6 FASTST   M    M   2    MAX(MPH)
                                 MISC ---->  # 29  90               # 44  200
================================================================================
NOTES:
# LAST OF SEVERAL OCCURRENCES

COLUMN 17 PEAK WIND IN M.P.H.

PRELIMINARY LOCAL CLIMATOLOGICAL DATA (WS FORM: F-6) , PAGE 2

                                          STATION:  Fort Myers
                                          MONTH:    SEPTEMBER
                                          YEAR:     2016
                                          LATITUDE:   26 34 N
                                          LONGITUDE:  81 52 W

[TEMPERATURE DATA]      [PRECIPITATION DATA]       SYMBOLS USED IN COLUMN 16

AVERAGE MONTHLY: 83.3   TOTAL FOR MONTH:   6.14    1 = FOG OR MIST
DPTR FM NORMAL:   0.7   DPTR FM NORMAL:   -0.92    2 = FOG REDUCING VISIBILITY
HIGHEST:    94 ON  5, 4 GRTST 24HR  1.71 ON 23-24      TO 1/4 MILE OR LESS
LOWEST:     74 ON 24,23                            3 = THUNDER
                        SNOW, ICE PELLETS, HAIL    4 = ICE PELLETS
                        TOTAL MONTH:   0.0 INCH    5 = HAIL
                        GRTST 24HR     0.0         6 = FREEZING RAIN OR DRIZZLE
                        GRTST DEPTH:   0           7 = DUSTSTORM OR SANDSTORM:
                                                       VSBY 1/2 MILE OR LESS
                                                   8 = SMOKE OR HAZE
[NO. OF DAYS WITH]      [WEATHER - DAYS WITH]      9 = BLOWING SNOW
                                                   X = TORNADO
MAX 32 OR BELOW:   0    0.01 INCH OR MORE:  11
MAX 90 OR ABOVE:  19    0.10 INCH OR MORE:   7
MIN 32 OR BELOW:   0    0.50 INCH OR MORE:   4
MIN  0 OR BELOW:   0    1.00 INCH OR MORE:   3

[HDD (BASE 65) ]
TOTAL THIS MO.     0    CLEAR  (SCALE 0-3)  20
DPTR FM NORMAL     0    PTCLDY (SCALE 4-7)   4
TOTAL FM JUL 1     0    CLOUDY (SCALE 8-10)  0
DPTR FM NORMAL     0

[CDD (BASE 65) ]
TOTAL THIS MO.   445
DPTR FM NORMAL    21    [PRESSURE DATA]
TOTAL FM JAN 1  3290    HIGHEST SLP M ON M
DPTR FM NORMAL   142    LOWEST  SLP 29.75 ON  1

[REMARKS]
