000
CXUS54 KMAF 301100
CF6FST
PRELIMINARY LOCAL CLIMATOLOGICAL DATA (WS FORM: F-6)

                                          STATION:   Fort Stockton
                                          MONTH:     MAY
                                          YEAR:      2017
                                          LATITUDE:   30 55 N
                                          LONGITUDE: 102 55 W

  TEMPERATURE IN F:       :PCPN:    SNOW:  WIND      :SUNSHINE: SKY     :PK WND
================================================================================
1   2   3   4   5  6A  6B    7    8   9   10  11  12  13   14  15   16   17  18
                                     12Z  AVG MX 2MIN
DY MAX MIN AVG DEP HDD CDD  WTR  SNW DPTH SPD SPD DIR MIN PSBL S-S WX    SPD DR
================================================================================

 1  89  56  73   1   0   8 0.00  0.0    0 11.5 20 310   M    M   0        28 310
 2  94  57  76   4   0  11 0.00  0.0    0 13.2 29 150   M    M   0        37 150
 3  81  62  72   0   0   7 0.00  0.0    0 14.3 25 360   M    M   0        38 330
 4  77  49  63  -9   2   0 0.00  0.0    0  6.8 25  50   M    M   0        33  50
 5  87  51  69  -4   0   4 0.00  0.0    0  8.0 17 160   M    M   0        23 160
 6  94  61  78   5   0  13 0.00  0.0    0 15.8 26 150   M    M   0        36 150
 7  90  66  78   5   0  13 0.00  0.0    0 21.4 33 150   M    M   0        46 150
 8  88  63  76   2   0  11 0.00  0.0    0 22.2 37 150   M    M   0        47 150
 9  89  64  77   3   0  12 0.00  0.0    0 21.3 33 140   M    M   1        47 150
10  90  62  76   2   0  11 0.00  0.0    0 10.6 29 150   M    M   0        39 140
11  86  55  71  -3   0   6 0.00  0.0    0 10.9 22  10   M    M   0 8      27 330
12  83  54  69  -6   0   4 0.00  0.0    0  7.1 14  30   M    M   0        21  40
13  93  60  77   2   0  12 0.00  0.0    0 13.5 25 150   M    M   0        34 110
14  98  65  82   7   0  17 0.02  0.0    0 13.0 29 150   M    M   0 3      40 160
15  98  68  83   7   0  18 0.00  0.0    0 18.3 30 150   M    M   0        38 150
16  98  69  84   8   0  19 0.00  0.0    0 15.2 33 230   M    M   1        42 210
17  93  60  77   1   0  12 0.00  0.0    0 11.4 26 320   M    M   1        31 320
18  96  62  79   3   0  14 0.00  0.0    0 10.3 21 230   M    M   0        28 240
19  93  65  79   2   0  14 0.00  0.0    0  8.9 20 310   M    M   0        26 320
20  81  60  71  -6   0   6 0.00  0.0    0 10.7 18 120   M    M   3        25  50
21  74  62  68  -9   0   3 0.03  0.0    0 13.2 28 130   M    M   5 3      36 140
22  86  61  74  -3   0   9 0.38  0.0    0  9.6 24 280   M    M   3 238    42 250
23  69  55  62 -16   3   0    T  0.0    0  9.2 20  10   M    M   5 1      24  50
24  93  51  72  -6   0   7 0.00  0.0    0 10.4 20 170   M    M   0        24 170
25 102  65  84   6   0  19 0.00  0.0    0 13.0 26 290   M    M   0        35 290
26  99  68  84   6   0  19 0.00  0.0    0  9.2 22 290   M    M   0 8      27 290
27 102  -1  51 -28  14   0 0.00  0.0    0 10.1 24 320   M    M   0        30 330
28  85  67  76  -3   0  11 0.00  0.0    0 11.8 22 330   M    M   2 3      26 330
29  89  62  76  -3   0  11 0.00  0.0    0 10.5 21 110   M    M   2        35  50
================================================================================
SM 2597 1699        19 291  0.43     0.0 361.4          M       23
================================================================================
AV 89.6 58.6                              12.5 FASTST   M    M   1    MAX(MPH)
                                 MISC ---->  # 37 150               # 47  150
================================================================================
NOTES:
# LAST OF SEVERAL OCCURRENCES

COLUMN 17 PEAK WIND IN M.P.H.

PRELIMINARY LOCAL CLIMATOLOGICAL DATA (WS FORM: F-6) , PAGE 2

                                          STATION:  Fort Stockton
                                          MONTH:    MAY
                                          YEAR:     2017
                                          LATITUDE:   30 55 N
                                          LONGITUDE: 102 55 W

[TEMPERATURE DATA]      [PRECIPITATION DATA]       SYMBOLS USED IN COLUMN 16

AVERAGE MONTHLY: 74.1   TOTAL FOR MONTH:   0.43    1 = FOG OR MIST
DPTR FM NORMAL:  -1.4   DPTR FM NORMAL:   -0.86    2 = FOG REDUCING VISIBILITY
HIGHEST:   102 ON 27,25 GRTST 24HR  0.38 ON 22-22      TO 1/4 MILE OR LESS
LOWEST:     -1 ON 27                               3 = THUNDER
                        SNOW, ICE PELLETS, HAIL    4 = ICE PELLETS
                        TOTAL MONTH:   0.0 INCH    5 = HAIL
                        GRTST 24HR     0.0         6 = FREEZING RAIN OR DRIZZLE
                        GRTST DEPTH:   0           7 = DUSTSTORM OR SANDSTORM:
                                                       VSBY 1/2 MILE OR LESS
                                                   8 = SMOKE OR HAZE
[NO. OF DAYS WITH]      [WEATHER - DAYS WITH]      9 = BLOWING SNOW
                                                   X = TORNADO
MAX 32 OR BELOW:   0    0.01 INCH OR MORE:   3
MAX 90 OR ABOVE:  15    0.10 INCH OR MORE:   1
MIN 32 OR BELOW:   1    0.50 INCH OR MORE:   0
MIN  0 OR BELOW:   1    1.00 INCH OR MORE:   0

[HDD (BASE 65) ]
TOTAL THIS MO.    19    CLEAR  (SCALE 0-3)  27
DPTR FM NORMAL    12    PTCLDY (SCALE 4-7)   2
TOTAL FM JUL 1  1409    CLOUDY (SCALE 8-10)  0
DPTR FM NORMAL  -532

[CDD (BASE 65) ]
TOTAL THIS MO.   291
DPTR FM NORMAL   -24    [PRESSURE DATA]
TOTAL FM JAN 1   663    HIGHEST SLP M ON M
DPTR FM NORMAL   150    LOWEST  SLP 29.41 ON 16

[REMARKS]
