000
CXUS53 KIWX 210800
CF6FWA
PRELIMINARY LOCAL CLIMATOLOGICAL DATA (WS FORM: F-6)

                                          STATION:   FORT WAYNE
                                          MONTH:     APRIL
                                          YEAR:      2014
                                          LATITUDE:   41  0 N
                                          LONGITUDE:  85 12 W

  TEMPERATURE IN F:       :PCPN:    SNOW:  WIND      :SUNSHINE: SKY     :PK WND
================================================================================
1   2   3   4   5  6A  6B    7    8   9   10  11  12  13   14  15   16   17  18
                                     12Z  AVG MX 2MIN
DY MAX MIN AVG DEP HDD CDD  WTR  SNW DPTH SPD SPD DIR MIN PSBL S-S WX    SPD DR
================================================================================

 1  55  45  50   6  15   0 0.06  0.0    0 17.8 36 250   M    M   6        46 250
 2  60  38  49   4  16   0 0.00  0.0    0  4.1 21  70   M    M   9        25  80
 3  47  35  41  -4  24   0 1.81  0.0    0 18.4 33  70   M    M  10 13     40  80
 4  54  36  45  -1  20   0 0.02    T    0 17.9 38 250   M    M   9 12     48 260
 5  50  33  42  -4  23   0    T    T    0  9.0 25 290   M    M   6        29 280
 6  54  26  40  -6  25   0 0.00  0.0    0  5.1 14 140   M    M   5        18 100
 7  51  35  43  -4  22   0 0.92  0.0    0 12.4 24 360   M    M  10 1      31  10
 8  57  37  47   0  18   0 0.02  0.0    0  9.7 16 320   M    M   7 18     21 310
 9  60  35  48   0  17   0 0.00  0.0    0  7.0 17 230   M    M   3        22 230
10  72  41  57   9   8   0 0.01  0.0    0 15.3 33 210   M    M   7        42 240
11  68  45  57   9   8   0    T  0.0    0  4.9 14 260   M    M   7 18     19 270
12  77  42  60  11   5   0 0.00  0.0    0 13.4 28 200   M    M   6        36 200
13  77  54  66  17   0   1 0.00  0.0    0 14.9 31 230   M    M   9        36 230
14  70  30  50   0  15   0 0.21  1.1    0 17.4 37 210   M    M  10 14     45 210
15  36  25  31 -19  34   0    T    T    1 12.4 23 290   M    M   6 1      32 280
16  48  23  36 -14  29   0 0.00  0.0    0 10.1 21 130   M    M   4        27 120
17  67  28  48  -3  17   0 0.00  0.0    0 11.0 25 210   M    M   7        30 230
18  69  41  55   4  10   0 0.00  0.0    0  8.1 20 270   M    M   5        25 280
19  61  38  50  -1  15   0 0.00  0.0    0 12.0 20  80   M    M   2 1      25  50
20  75  33  54   2  11   0 0.00  0.0    0  4.8 13 190   M    M   6        18 180
================================================================================
SM 1208  720       332   1  3.05     1.1 225.7          M      134
================================================================================
AV 60.4 36.0                              11.3 FASTST   M    M   7    MAX(MPH)
                                 MISC ---->  # 38 250               # 48  260
================================================================================
NOTES:
# LAST OF SEVERAL OCCURRENCES

COLUMN 17 PEAK WIND IN M.P.H.

PRELIMINARY LOCAL CLIMATOLOGICAL DATA (WS FORM: F-6) , PAGE 2

                                          STATION:  FORT WAYNE
                                          MONTH:    APRIL
                                          YEAR:     2014
                                          LATITUDE:   41  0 N
                                          LONGITUDE:  85 12 W

[TEMPERATURE DATA]      [PRECIPITATION DATA]       SYMBOLS USED IN COLUMN 16

AVERAGE MONTHLY: 48.2   TOTAL FOR MONTH:   3.05    1 = FOG OR MIST
DPTR FM NORMAL:   0.0   DPTR FM NORMAL:    0.65    2 = FOG REDUCING VISIBILITY
HIGHEST:    77 ON 13,12 GRTST 24HR  1.81 ON  2- 3      TO 1/4 MILE OR LESS
LOWEST:     23 ON 16                               3 = THUNDER
                        SNOW, ICE PELLETS, HAIL    4 = ICE PELLETS
                        TOTAL MONTH:   1.1 INCHES  5 = HAIL
                        GRTST 24HR   1.1 ON   M    6 = FREEZING RAIN OR DRIZZLE
                        GRTST DEPTH:   1 ON 15     7 = DUSTSTORM OR SANDSTORM:
                                                       VSBY 1/2 MILE OR LESS
                                                   8 = SMOKE OR HAZE
[NO. OF DAYS WITH]      [WEATHER - DAYS WITH]      9 = BLOWING SNOW
                                                   X = TORNADO
MAX 32 OR BELOW:   0    0.01 INCH OR MORE:   7
MAX 90 OR ABOVE:   0    0.10 INCH OR MORE:   3
MIN 32 OR BELOW:   5    0.50 INCH OR MORE:   2
MIN  0 OR BELOW:   0    1.00 INCH OR MORE:   1

[HDD (BASE 65) ]
TOTAL THIS MO.   332    CLEAR  (SCALE 0-3)   2
DPTR FM NORMAL    -9    PTCLDY (SCALE 4-7)  12
TOTAL FM JUL 1  6652    CLOUDY (SCALE 8-10)  6
DPTR FM NORMAL   887

[CDD (BASE 65) ]
TOTAL THIS MO.     1
DPTR FM NORMAL     1    [PRESSURE DATA]
TOTAL FM JAN 1     1    HIGHEST SLP M ON M
DPTR FM NORMAL     1    LOWEST  SLP 29.46 ON 14

[REMARKS]
