000
CXUS53 KIWX 200800
CF6FWA
PRELIMINARY LOCAL CLIMATOLOGICAL DATA (WS FORM: F-6)

                                          STATION:   FORT WAYNE
                                          MONTH:     DECEMBER
                                          YEAR:      2014
                                          LATITUDE:   41  0 N
                                          LONGITUDE:  85 12 W

  TEMPERATURE IN F:       :PCPN:    SNOW:  WIND      :SUNSHINE: SKY     :PK WND
================================================================================
1   2   3   4   5  6A  6B    7    8   9   10  11  12  13   14  15   16   17  18
                                     12Z  AVG MX 2MIN
DY MAX MIN AVG DEP HDD CDD  WTR  SNW DPTH SPD SPD DIR MIN PSBL S-S WX    SPD DR
================================================================================

 1  40  23  32  -2  33   0 0.00  0.0    0 11.6 17 340   M    M   9        22 320
 2  32  21  27  -7  38   0 0.01  0.1    0  9.2 16  70   M    M   9 16     19  80
 3  39  24  32  -1  33   0    T    T    0 14.0 26 270   M    M   5 168    32 270
 4  32  21  27  -6  38   0 0.00  0.0    0  6.9 13  90   M    M   9         M  M
 5  40  32  36   4  29   0 0.32    T    0  5.1 12  80   M    M  10 18     14  80
 6  40  28  34   2  31   0 0.05  0.0    0 10.3 20  10   M    M   7 18     26  20
 7  36  23  30  -2  35   0 0.00  0.0    0 10.6 17  90   M    M   7        22  90
 8  41  27  34   3  31   0 0.05  0.0    0  7.0 15 210   M    M  10 1      18 180
 9  38  35  37   6  28   0 0.03    T    0  9.4 17 360   M    M  10 1      23  10
10  35  23  29  -2  36   0 0.00  0.0    0  8.5 15  10   M    M   8        18 350
11  35  21  28  -2  37   0 0.00  0.0    0 11.0 20 260   M    M   2 18     22 290
12  32  22  27  -3  38   0    T  0.0    0 11.1 18 270   M    M   6 126    21 270
13  45  32  39   9  26   0    T  0.0    0  9.8 16 250   M    M   9 168    19 270
14  53  38  46  17  19   0 0.00  0.0    0  7.5 14 220   M    M   9 18     16 220
15  48  39  44  15  21   0 0.30  0.0    0  8.5 17 140   M    M   9 18     22 150
16  46  35  41  12  24   0 0.13  0.0    0 14.4 26 260   M    M   8 1      34 260
17  35  26  31   3  34   0 0.01  0.1    0 14.9 21 260   M    M  10 168    25 290
18  28  27  28   0  37   0    T    T    0  7.2 13 270   M    M  10        15 260
19  33  26  30   2  35   0 0.00  0.0    0  5.6 12 270   M    M   9 18     14 270
================================================================================
SM  728  523       603   0  0.90     0.2 182.6          M      156
================================================================================
AV 38.3 27.5                               9.6 FASTST   M    M   8    MAX(MPH)
                                 MISC ---->  # 26 270               # 34  260
================================================================================
NOTES:
# LAST OF SEVERAL OCCURRENCES

COLUMN 17 PEAK WIND IN M.P.H.

PRELIMINARY LOCAL CLIMATOLOGICAL DATA (WS FORM: F-6) , PAGE 2

                                          STATION:  FORT WAYNE
                                          MONTH:    DECEMBER
                                          YEAR:     2014
                                          LATITUDE:   41  0 N
                                          LONGITUDE:  85 12 W

[TEMPERATURE DATA]      [PRECIPITATION DATA]       SYMBOLS USED IN COLUMN 16

AVERAGE MONTHLY: 32.9   TOTAL FOR MONTH:   0.90    1 = FOG OR MIST
DPTR FM NORMAL:   2.2   DPTR FM NORMAL:   -0.81    2 = FOG REDUCING VISIBILITY
HIGHEST:    53 ON 14    GRTST 24HR  0.43 ON 15-16      TO 1/4 MILE OR LESS
LOWEST:     21 ON 11, 4                            3 = THUNDER
                        SNOW, ICE PELLETS, HAIL    4 = ICE PELLETS
                        TOTAL MONTH:   0.2 INCH    5 = HAIL
                        GRTST 24HR   0.1 ON   M    6 = FREEZING RAIN OR DRIZZLE
                        GRTST DEPTH:   0           7 = DUSTSTORM OR SANDSTORM:
                                                       VSBY 1/2 MILE OR LESS
                                                   8 = SMOKE OR HAZE
[NO. OF DAYS WITH]      [WEATHER - DAYS WITH]      9 = BLOWING SNOW
                                                   X = TORNADO
MAX 32 OR BELOW:   4    0.01 INCH OR MORE:   8
MAX 90 OR ABOVE:   0    0.10 INCH OR MORE:   3
MIN 32 OR BELOW:  15    0.50 INCH OR MORE:   0
MIN  0 OR BELOW:   0    1.00 INCH OR MORE:   0

[HDD (BASE 65) ]
TOTAL THIS MO.   603    CLEAR  (SCALE 0-3)   1
DPTR FM NORMAL   -47    PTCLDY (SCALE 4-7)   5
TOTAL FM JUL 1  2049    CLOUDY (SCALE 8-10) 13
DPTR FM NORMAL   182

[CDD (BASE 65) ]
TOTAL THIS MO.     0
DPTR FM NORMAL     0    [PRESSURE DATA]
TOTAL FM JAN 1   731    HIGHEST SLP M ON M
DPTR FM NORMAL   -78    LOWEST  SLP 29.67 ON 16

[REMARKS]
