000
CXUS53 KIWX 010800
CF6FWA
PRELIMINARY LOCAL CLIMATOLOGICAL DATA (WS FORM: F-6)

                                          STATION:   FORT WAYNE
                                          MONTH:     APRIL
                                          YEAR:      2016
                                          LATITUDE:   41  0 N
                                          LONGITUDE:  85 12 W

  TEMPERATURE IN F:       :PCPN:    SNOW:  WIND      :SUNSHINE: SKY     :PK WND
================================================================================
1   2   3   4   5  6A  6B    7    8   9   10  11  12  13   14  15   16   17  18
                                     12Z  AVG MX 2MIN
DY MAX MIN AVG DEP HDD CDD  WTR  SNW DPTH SPD SPD DIR MIN PSBL S-S WX    SPD DR
================================================================================

 1  50  39  45   1  20   0 0.10  0.0    0 10.3 23 300   M    M   7 1      31 280
 2  41  28  35 -10  30   0 0.07  0.3    0 20.8 46 270   M    M   5 18     59 280
 3  58  24  41  -4  24   0    T    T    0 16.7 32 230   M    M   4        40 230
 4  56  31  44  -2  21   0 0.01  0.1    0 12.7 29 230   M    M  10 18     36 240
 5  42  27  35 -11  30   0 0.01  0.1    T  9.1 18 130   M    M   6 1      23 130
 6  62  37  50   4  15   0 0.65  0.0    0 12.5 28 210   M    M  10 13     35 220
 7  45  34  40  -7  25   0 0.24  0.1    0 13.7 29 320   M    M  10 18     38 320
 8  44  31  38  -9  27   0 0.07  0.1    0 12.7 25 280   M    M   8 18     31 270
 9  37  25  31 -17  34   0 0.03  0.4    T 11.9 28 310   M    M   6 1      37 310
10  52  29  41  -7  24   0 0.22    T    T 12.8 25 150   M    M  10 1      30 160
11  55  35  45  -3  20   0 0.10  0.0    0 11.8 23 270   M    M   8 1      28 260
12  51  31  41  -8  24   0 0.00  0.0    0  5.6 15 340   M    M   1        24 330
13  56  30  43  -6  22   0 0.00  0.0    0  8.9 17  70   M    M   3        24 120
14  61  31  46  -4  19   0 0.00  0.0    0 11.8 18  80   M    M   1        23  90
15  71  35  53   3  12   0 0.00  0.0    0  9.3 16  70   M    M   1        19  70
16  76  40  58   8   7   0 0.00  0.0    0  8.4 15  70   M    M   0        19 110
17  79  45  62  11   3   0 0.00  0.0    0  4.3  9 120   M    M   1        12  90
18  82  47  65  14   0   0 0.00  0.0    0  2.1 12 230   M    M   5        14 220
19  69  52  61  10   4   0 0.00  0.0    0 12.2 22  70   M    M   8        26  70
20  75  48  62  10   3   0    T  0.0    0 13.1 20 100   M    M   8        25  90
21  69  51  60   8   5   0 0.22  0.0    0  8.4 26 210   M    M   8 13     31 210
22  63  52  58   6   7   0 0.08  0.0    0  7.2 18  40   M    M  10 1      22  40
23  61  46  54   1  11   0 0.00  0.0    0  8.1 14  70   M    M   5        18  60
24  74  38  56   3   9   0 0.00  0.0    0  6.3 15 190   M    M   5        22 210
25  80  50  65  11   0   0 0.00  0.0    0 11.9 26 230   M    M   7        34 220
26  77  48  63   9   2   0    T  0.0    0 12.4 22  90   M    M   8 3      26 230
27  60  43  52  -2  13   0 0.05  0.0    0 16.2 30  70   M    M  10 18     34  70
28  54  42  48  -7  17   0 0.76  0.0    0 12.1 26  90   M    M  10 18     31  90
29  54  45  50  -5  15   0    T  0.0    0  3.0 14  90   M    M  10 18     17  90
30  51  42  47  -8  18   0 0.44  0.0    0 11.6 20  90   M    M   9 1      24 100
================================================================================
SM 1805 1156       461   0  3.05     1.1 317.9          M      194
================================================================================
AV 60.2 38.5                              10.6 FASTST   M    M   6    MAX(MPH)
                                 MISC ---->  # 46 270               # 59  280
================================================================================
NOTES:
# LAST OF SEVERAL OCCURRENCES

COLUMN 17 PEAK WIND IN M.P.H.

PRELIMINARY LOCAL CLIMATOLOGICAL DATA (WS FORM: F-6) , PAGE 2

                                          STATION:  FORT WAYNE
                                          MONTH:    APRIL
                                          YEAR:     2016
                                          LATITUDE:   41  0 N
                                          LONGITUDE:  85 12 W

[TEMPERATURE DATA]      [PRECIPITATION DATA]       SYMBOLS USED IN COLUMN 16

AVERAGE MONTHLY: 49.3   TOTAL FOR MONTH:   3.05    1 = FOG OR MIST
DPTR FM NORMAL:  -0.7   DPTR FM NORMAL:   -0.47    2 = FOG REDUCING VISIBILITY
HIGHEST:    82 ON 18    GRTST 24HR  0.88 ON  6- 7      TO 1/4 MILE OR LESS
LOWEST:     24 ON  3                               3 = THUNDER
                        SNOW, ICE PELLETS, HAIL    4 = ICE PELLETS
                        TOTAL MONTH:   1.1 INCHES  5 = HAIL
                        GRTST 24HR   0.4 ON   M    6 = FREEZING RAIN OR DRIZZLE
                        GRTST DEPTH:   0           7 = DUSTSTORM OR SANDSTORM:
                                                       VSBY 1/2 MILE OR LESS
                                                   8 = SMOKE OR HAZE
[NO. OF DAYS WITH]      [WEATHER - DAYS WITH]      9 = BLOWING SNOW
                                                   X = TORNADO
MAX 32 OR BELOW:   0    0.01 INCH OR MORE:  15
MAX 90 OR ABOVE:   0    0.10 INCH OR MORE:   8
MIN 32 OR BELOW:  10    0.50 INCH OR MORE:   2
MIN  0 OR BELOW:   0    1.00 INCH OR MORE:   0

[HDD (BASE 65) ]
TOTAL THIS MO.   461    CLEAR  (SCALE 0-3)   6
DPTR FM NORMAL     3    PTCLDY (SCALE 4-7)  12
TOTAL FM JUL 1  4918    CLOUDY (SCALE 8-10) 12
DPTR FM NORMAL  -964

[CDD (BASE 65) ]
TOTAL THIS MO.     0
DPTR FM NORMAL    -8    [PRESSURE DATA]
TOTAL FM JAN 1     0    HIGHEST SLP 30.53 ON  5
DPTR FM NORMAL    -8    LOWEST  SLP 29.48 ON  7

[REMARKS]
#FINAL-04-16#
