081
CXUS54 KMAF 221100
CF6GDP
PRELIMINARY LOCAL CLIMATOLOGICAL DATA (WS FORM: F-6)

                                          STATION:   Guadalupe Pass
                                          MONTH:     MAY
                                          YEAR:      2015
                                          LATITUDE:   31 49 N
                                          LONGITUDE: 104 48 W

  TEMPERATURE IN F:       :PCPN:    SNOW:  WIND      :SUNSHINE: SKY     :PK WND
================================================================================
1   2   3   4   5  6A  6B    7    8   9   10  11  12  13   14  15   16   17  18
                                     12Z  AVG MX 2MIN
DY MAX MIN AVG DEP HDD CDD  WTR  SNW DPTH SPD SPD DIR MIN PSBL S-S WX    SPD DR
================================================================================

 1  86  58  72   8   0   7 0.00  0.0    0 15.0 35  50   M    M   0        41  50
 2   M   M   M   M   M   M 0.00  0.0    0 13.4 23  50   M    M   0        31 240
 3  88  59  74   9   0   9    T  0.0    0 16.2 33  50   M    M   1        40 290
 4  73  56  65   0   0   0 0.42  0.0    0 25.2 43  40   M    M   6 128    46  40
 5  71  52  62  -4   3   0 0.00  0.0    0 21.4 43 240   M    M   3 12     51 230
 6  79  52  66   0   0   1 0.00  0.0    0 18.1 39 240   M    M   0        49 240
 7  78  56  67   1   0   2 0.00  0.0    0 14.5 39 230   M    M   0        45 250
 8  84  59  72   5   0   7 0.00  0.0    0 15.3 43 240   M    M   0        48 240
 9  73  57  65  -2   0   0 0.00  0.0    0 29.8 52 250   M    M   0 8      62 240
10  74  50  62  -5   3   0 0.00  0.0    0 15.6 36 250   M    M   0        44 250
11  67  53  60  -8   5   0    T  0.0    0 25.9 43  50   M    M   1 8      46  50
12  56  46  51 -17  14   0 0.39  0.0    0 30.5 45  50   M    M  10 128    49  50
13  70  49  60  -8   5   0 0.18    M    0 19.4 41 250   M    M   5 12     53 250
14  79  56  68  -1   0   3    T  0.0    0 18.2 37 260   M    M   2        62 250
15  79  54  67  -2   0   2    T  0.0    0 25.4 48 240   M    M   3        56 210
16  71  54  63  -7   2   0 0.00  0.0    0 30.3 58 250   M    M   2 8      69 250
17  75  49  62  -8   3   0 0.00  0.0    0 17.4 36 250   M    M   0        54 270
18  79  58  69  -1   0   4 0.00  0.0    0 22.0 38  50   M    M   1        47  80
19  81  58  70   0   0   5 0.00  0.0    0 19.3 43 240   M    M   2 128    54 240
20  72  51  62  -9   3   0    T  0.0    0 21.9 45  60   M    M   1 18     49  60
21  51  46  49 -22  16   0 0.02    M    0 37.5 48  60   M    M  10 128    52  60
================================================================================
SM 1486 1073        54  40  1.01     0.0 452.3          M       47
================================================================================
AV 74.3 53.7                              21.5 FASTST   M    M   2    MAX(MPH)
                                 MISC ---->  # 58 250               # 69  250
================================================================================
NOTES:
# LAST OF SEVERAL OCCURRENCES

COLUMN 17 PEAK WIND IN M.P.H.

PRELIMINARY LOCAL CLIMATOLOGICAL DATA (WS FORM: F-6) , PAGE 2

                                          STATION:  Guadalupe Pass
                                          MONTH:    MAY
                                          YEAR:     2015
                                          LATITUDE:   31 49 N
                                          LONGITUDE: 104 48 W

[TEMPERATURE DATA]      [PRECIPITATION DATA]       SYMBOLS USED IN COLUMN 16

AVERAGE MONTHLY: 64.0   TOTAL FOR MONTH:   1.01    1 = FOG OR MIST
DPTR FM NORMAL:  -3.7   DPTR FM NORMAL:    0.39    2 = FOG REDUCING VISIBILITY
HIGHEST:    88 ON  3    GRTST 24HR  0.57 ON 12-13      TO 1/4 MILE OR LESS
LOWEST:     46 ON 21,12                            3 = THUNDER
                        SNOW, ICE PELLETS, HAIL    4 = ICE PELLETS
                        TOTAL MONTH:   0.0 INCH    5 = HAIL
                        GRTST 24HR     0.0         6 = FREEZING RAIN OR DRIZZLE
                        GRTST DEPTH:   0           7 = DUSTSTORM OR SANDSTORM:
                                                       VSBY 1/2 MILE OR LESS
                                                   8 = SMOKE OR HAZE
[NO. OF DAYS WITH]      [WEATHER - DAYS WITH]      9 = BLOWING SNOW
                                                   X = TORNADO
MAX 32 OR BELOW:   0    0.01 INCH OR MORE:   4
MAX 90 OR ABOVE:   0    0.10 INCH OR MORE:   3
MIN 32 OR BELOW:   0    0.50 INCH OR MORE:   0
MIN  0 OR BELOW:   0    1.00 INCH OR MORE:   0

[HDD (BASE 65) ]
TOTAL THIS MO.    54    CLEAR  (SCALE 0-3)  17
DPTR FM NORMAL    16    PTCLDY (SCALE 4-7)   2
TOTAL FM JUL 1  2182    CLOUDY (SCALE 8-10)  2
DPTR FM NORMAL -1096

[CDD (BASE 65) ]
TOTAL THIS MO.    40
DPTR FM NORMAL   -57    [PRESSURE DATA]
TOTAL FM JAN 1    65    HIGHEST SLP M ON M
DPTR FM NORMAL   -74    LOWEST  SLP 29.58 ON M

[REMARKS]
