000
CXUS54 KMAF 301100
CF6GDP
PRELIMINARY LOCAL CLIMATOLOGICAL DATA (WS FORM: F-6)

                                          STATION:   Guadalupe Pass
                                          MONTH:     JULY
                                          YEAR:      2015
                                          LATITUDE:   31 49 N
                                          LONGITUDE: 104 48 W

  TEMPERATURE IN F:       :PCPN:    SNOW:  WIND      :SUNSHINE: SKY     :PK WND
================================================================================
1   2   3   4   5  6A  6B    7    8   9   10  11  12  13   14  15   16   17  18
                                     12Z  AVG MX 2MIN
DY MAX MIN AVG DEP HDD CDD  WTR  SNW DPTH SPD SPD DIR MIN PSBL S-S WX    SPD DR
================================================================================

 1  90  66  78   1   0  13 0.00  0.0    0 10.7 26  50   M    M   0        32  60
 2  86  67  77   0   0  12    T  0.0    0 17.5 33  50   M    M   0        37  50
 3  83  66  75  -2   0  10    T  0.0    0 18.9 32  60   M    M   7        40  50
 4  84  63  74  -3   0   9 0.00  0.0    0 17.6 28  80   M    M   1 18     36  80
 5  91  68  80   3   0  15 0.02  0.0    0 11.5 26 240   M    M   2        31 240
 6  92  65  79   2   0  14 0.19  0.0    0 19.5 31  20   M    M   3        38 250
 7  77  61  69  -7   0   4 0.42  0.0    0 22.4 31  60   M    M   7 12     39  80
 8  86  59  73  -3   0   8 0.00  0.0    0 10.8 33  60   M    M   1 2      39  80
 9  88  63  76   0   0  11 0.35  0.0    0 11.6 35 200   M    M   2 1      51 200
10  83  62  73  -3   0   8 0.04  0.0    0  9.8 23 230   M    M   3 12     27 240
11  88  62  75  -1   0  10 0.31  0.0    0 10.8 33  80   M    M   4 12     42  80
12  91  68  80   4   0  15 0.00  0.0    0 10.8 25  50   M    M   2        27  90
13  95  70  83   7   0  18 0.00  0.0    0  9.8 22  40   M    M   1        26  40
14  97  67  82   6   0  17 0.29  0.0    0 11.1 40  40   M    M   2        50  30
15  94  69  82   6   0  17 0.00  0.0    0 11.8 26  40   M    M   0        29  40
16  91  69  80   4   0  15 0.00  0.0    0 12.3 22 240   M    M   1        29 240
17  94  70  82   6   0  17 0.01  0.0    0 14.3 28  40   M    M   2        33 250
18  96  66  81   5   0  16 0.30  0.0    0 15.6 38  60   M    M   2        42  60
19  93  67  80   4   0  15    T  0.0    0 14.9 32 230   M    M   1        39 260
20  93  66  80   4   0  15 0.14  0.0    0 13.5 39  90   M    M   1        45  90
21  86  60  73  -3   0   8 1.26  0.0    0 13.0 44  60   M    M   5 12     53  60
22  87  61  74  -2   0   9 0.00  0.0    0 12.9 28 240   M    M   2 12     31 240
23  92  66  79   3   0  14    T  0.0    0 12.9 23 240   M    M   1        28 250
24  92  69  81   5   0  16    T  0.0    0 11.0 23  60   M    M   2        27 120
25  91  69  80   4   0  15 0.00  0.0    0 10.8 25 200   M    M   0 8      36 200
26  92  67  80   4   0  15 0.01  0.0    0 10.6 32 170   M    M   1        39 170
27  92  73  83   7   0  18 0.00  0.0    0  9.2 36 240   M    M   0        45 230
28  94  63  79   3   0  14 0.10  0.0    0 16.9 43  70   M    M   3        46  80
29  84  64  74  -2   0   9 0.02  0.0    0 17.7 31  60   M    M   4 8      38  80
================================================================================
SM 2602 1906         0 377  3.46     0.0 390.2          M       60
================================================================================
AV 89.7 65.7                              13.5 FASTST   M    M   2    MAX(MPH)
                                 MISC ---->  # 44  60               # 53   60
================================================================================
NOTES:
# LAST OF SEVERAL OCCURRENCES

COLUMN 17 PEAK WIND IN M.P.H.

PRELIMINARY LOCAL CLIMATOLOGICAL DATA (WS FORM: F-6) , PAGE 2

                                          STATION:  Guadalupe Pass
                                          MONTH:    JULY
                                          YEAR:     2015
                                          LATITUDE:   31 49 N
                                          LONGITUDE: 104 48 W

[TEMPERATURE DATA]      [PRECIPITATION DATA]       SYMBOLS USED IN COLUMN 16

AVERAGE MONTHLY: 77.7   TOTAL FOR MONTH:   3.46    1 = FOG OR MIST
DPTR FM NORMAL:   1.5   DPTR FM NORMAL:    1.34    2 = FOG REDUCING VISIBILITY
HIGHEST:    97 ON 14    GRTST 24HR  1.26 ON 21-21      TO 1/4 MILE OR LESS
LOWEST:     59 ON  8                               3 = THUNDER
                        SNOW, ICE PELLETS, HAIL    4 = ICE PELLETS
                        TOTAL MONTH:   0.0 INCH    5 = HAIL
                        GRTST 24HR     0.0         6 = FREEZING RAIN OR DRIZZLE
                        GRTST DEPTH:   0           7 = DUSTSTORM OR SANDSTORM:
                                                       VSBY 1/2 MILE OR LESS
                                                   8 = SMOKE OR HAZE
[NO. OF DAYS WITH]      [WEATHER - DAYS WITH]      9 = BLOWING SNOW
                                                   X = TORNADO
MAX 32 OR BELOW:   0    0.01 INCH OR MORE:  14
MAX 90 OR ABOVE:  18    0.10 INCH OR MORE:   9
MIN 32 OR BELOW:   0    0.50 INCH OR MORE:   1
MIN  0 OR BELOW:   0    1.00 INCH OR MORE:   1

[HDD (BASE 65) ]
TOTAL THIS MO.     0    CLEAR  (SCALE 0-3)  24
DPTR FM NORMAL     0    PTCLDY (SCALE 4-7)   5
TOTAL FM JUL 1     0    CLOUDY (SCALE 8-10)  0
DPTR FM NORMAL     0

[CDD (BASE 65) ]
TOTAL THIS MO.   377
DPTR FM NORMAL    51    [PRESSURE DATA]
TOTAL FM JAN 1   800    HIGHEST SLP M ON M
DPTR FM NORMAL  -101    LOWEST  SLP 29.67 ON 14

[REMARKS]
