000
CXUS56 KOTX 261500
CF6GEG
PRELIMINARY LOCAL CLIMATOLOGICAL DATA (WS FORM: F-6)

                                          STATION:   SPOKANE WA AIRPORT
                                          MONTH:     NOVEMBER
                                          YEAR:      2014
                                          LATITUDE:   47 37 N
                                          LONGITUDE: 117 32 W

  TEMPERATURE IN F:       :PCPN:    SNOW:  WIND      :SUNSHINE: SKY     :PK WND
================================================================================
1   2   3   4   5  6A  6B    7    8   9   10  11  12  13   14  15   16   17  18
                                     12Z  AVG MX 2MIN
DY MAX MIN AVG DEP HDD CDD  WTR  SNW DPTH SPD SPD DIR MIN PSBL S-S WX    SPD DR
================================================================================

 1  48  39  44   3  21   0 0.08  0.0    0  6.9 14 280   M    M   9 1      16 280
 2  51  32  42   1  23   0 0.00  0.0    0  9.9 17 240   M    M   3        21 240
 3  49  37  43   3  22   0 0.02  0.0    0  8.2 14 180   M    M  10        19 180
 4  52  46  49   9  16   0 0.26  0.0    0 15.7 30 220   M    M   9 1      35 220
 5  55  45  50  10  15   0    T  0.0    0  7.1 14 200   M    M   9 1      18 210
 6  59  47  53  14  12   0 0.05  0.0    0 12.1 31 240   M    M   9 1      39 240
 7  52  35  44   5  21   0 0.00  0.0    0  6.5 21 220   M    M   4        26 220
 8  50  29  40   1  25   0 0.00  0.0    0  2.5  8  50   M    M   8 1       9  60
 9  47  35  41   3  24   0 0.18  0.0    0  8.7 23 230   M    M   9 13     27 220
10  41  27  34  -4  31   0 0.01    T    0  9.3 22  60   M    M   5        30  70
11  27  19  23 -14  42   0 0.00  0.0    0 19.5 29  50   M    M   3        36  60
12  29  15  22 -15  43   0 0.00  0.0    0 10.2 22  70   M    M   1        26  70
13  32  14  23 -14  42   0 0.00  0.0    0  6.6 15  40   M    M   1        19  60
14  33  11  22 -14  43   0 0.00  0.0    0  5.7 15  30   M    M   1        19  30
15  33  12  23 -13  42   0 0.00  0.0    0  4.6 13 220   M    M   0        15 220
16  32  13  23 -13  42   0 0.00  0.0    0  3.7 10 170   M    M   2 18     13 170
17  34  12  23 -12  42   0 0.00  0.0    0  1.3  8  50   M    M   1         9  40
18  29  16  23 -12  42   0 0.00  0.0    0  4.6  9  40   M    M   7        11  40
19  33  21  27  -7  38   0 0.00  0.0    0  5.4  9  40   M    M   7        11  60
20  34  26  30  -4  35   0 0.05  0.5    T  4.3 13 230   M    M  10 18     15 220
21  44  30  37   3  28   0 0.38  0.0    0  6.5 26 210   M    M  10 1      35 200
22  43  31  37   4  28   0    T  0.0    0 15.4 28 210   M    M   4 1      34 210
23  41  31  36   3  29   0 0.01  0.0    0 15.5 31 220   M    M   6        39 210
24  41  27  34   2  31   0    T  0.0    0 10.3 25 200   M    M   7        32 200
25  41  33  37   5  28   0 0.18    T    0  6.8 22 210   M    M  10 12     29 220
================================================================================
SM 1030  683       765   0  1.22     0.5 207.3          M      145
================================================================================
AV 41.2 27.3                               8.3 FASTST   M    M   6    MAX(MPH)
                                 MISC ---->  # 31 240               # 39  240
================================================================================
NOTES:
# LAST OF SEVERAL OCCURRENCES

COLUMN 17 PEAK WIND IN M.P.H.

PRELIMINARY LOCAL CLIMATOLOGICAL DATA (WS FORM: F-6) , PAGE 2

                                          STATION:  SPOKANE WA AIRPORT
                                          MONTH:    NOVEMBER
                                          YEAR:     2014
                                          LATITUDE:   47 37 N
                                          LONGITUDE: 117 32 W

[TEMPERATURE DATA]      [PRECIPITATION DATA]       SYMBOLS USED IN COLUMN 16

AVERAGE MONTHLY: 34.3   TOTAL FOR MONTH:   1.22    1 = FOG OR MIST
DPTR FM NORMAL:  -2.4   DPTR FM NORMAL:   -0.66    2 = FOG REDUCING VISIBILITY
HIGHEST:    59 ON  6    GRTST 24HR  0.38 ON 21-21      TO 1/4 MILE OR LESS
LOWEST:     11 ON 14                               3 = THUNDER
                        SNOW, ICE PELLETS, HAIL    4 = ICE PELLETS
                        TOTAL MONTH:   0.5 INCH    5 = HAIL
                        GRTST 24HR   0.5 ON 20-20  6 = FREEZING RAIN OR DRIZZLE
                        GRTST DEPTH:   T           7 = DUSTSTORM OR SANDSTORM:
                                                       VSBY 1/2 MILE OR LESS
                                                   8 = SMOKE OR HAZE
[NO. OF DAYS WITH]      [WEATHER - DAYS WITH]      9 = BLOWING SNOW
                                                   X = TORNADO
MAX 32 OR BELOW:   5    0.01 INCH OR MORE:  10
MAX 90 OR ABOVE:   0    0.10 INCH OR MORE:   4
MIN 32 OR BELOW:  17    0.50 INCH OR MORE:   0
MIN  0 OR BELOW:   0    1.00 INCH OR MORE:   0

[HDD (BASE 65) ]
TOTAL THIS MO.   765    CLEAR  (SCALE 0-3)   6
DPTR FM NORMAL    56    PTCLDY (SCALE 4-7)  10
TOTAL FM JUL 1  1228    CLOUDY (SCALE 8-10)  9
DPTR FM NORMAL  -269

[CDD (BASE 65) ]
TOTAL THIS MO.     0
DPTR FM NORMAL     0    [PRESSURE DATA]
TOTAL FM JAN 1   654    HIGHEST SLP M ON M
DPTR FM NORMAL   204    LOWEST  SLP  0.00 ON M

[REMARKS]
