000
CXUS56 KOTX 220900
CF6GEG
PRELIMINARY LOCAL CLIMATOLOGICAL DATA (WS FORM: F-6)

                                          STATION:   SPOKANE WA AIRPORT
                                          MONTH:     OCTOBER
                                          YEAR:      2017
                                          LATITUDE:   47 37 N
                                          LONGITUDE: 117 32 W

  TEMPERATURE IN F:       :PCPN:    SNOW:  WIND      :SUNSHINE: SKY     :PK WND
================================================================================
1   2   3   4   5  6A  6B    7    8   9   10  11  12  13   14  15   16   17  18
                                     12Z  AVG MX 2MIN
DY MAX MIN AVG DEP HDD CDD  WTR  SNW DPTH SPD SPD DIR MIN PSBL S-S WX    SPD DR
================================================================================

 1  60  41  51  -3  14   0    T  0.0    0  5.8 15 280   M    M   6        18 280
 2  54  40  47  -7  18   0    T  0.0    0  4.6 15  40   M    M   7        18  10
 3  58  36  47  -6  18   0 0.00  0.0    0  5.6 16  70   M    M   2 18     20  50
 4  64  39  52  -1  13   0 0.00  0.0    0  6.5 15  30   M    M   6        19  40
 5  65  42  54   2  11   0 0.00  0.0    0  5.3 14 250   M    M   5        16 250
 6  66  41  54   2  11   0    T  0.0    0 16.9 31 240   M    M   6        37 220
 7  60  46  53   2  12   0 0.00  0.0    0 15.0 28 260   M    M   5        33 250
 8  58  35  47  -4  18   0 0.00  0.0    0  6.4 14 330   M    M   3 8      20 290
 9  58  33  46  -4  19   0 0.00  0.0    0  6.9 17 220   M    M   5        24 240
10  63  39  51   1  14   0 0.00  0.0    0  9.3 24 210   M    M   8        30 220
11  51  36  44  -6  21   0 0.02  0.0    0 11.3 20 250   M    M   7        25 220
12  47  34  41  -8  24   0 0.13    T    0 10.1 23 220   M    M   9 1      26 200
13  42  34  38 -11  27   0 0.20    T    0  3.0 14 230   M    M   8 1      15 230
14  49  32  41  -7  24   0 0.00  0.0    0  9.2 21 220   M    M   8 12     24 220
15  59  36  48   0  17   0 0.00  0.0    0  3.8  9 190   M    M   3        13 180
16  63  35  49   1  16   0 0.00  0.0    0  7.1 18 210   M    M   2        23 230
17  64  43  54   7  11   0 0.00  0.0    0 17.1 44 230   M    M   5        53 230
18  56  41  49   2  16   0 0.14  0.0    0 10.6 18 200   M    M  10 1      30 170
19  57  46  52   6  13   0 0.29  0.0    0  9.2 20 200   M    M  10 1      27 190
20  52  37  45  -1  20   0 0.09  0.0    0 17.3 29 250   M    M   7        34 240
21  48  34  41  -4  24   0 0.33  0.0    0 11.8 23 190   M    M   8 1      32 190
================================================================================
SM 1194  800       361   0  1.20    T    192.8          M      130
================================================================================
AV 56.9 38.1                               9.2 FASTST   M    M   6    MAX(MPH)
                                 MISC ---->  # 44 230               # 53  230
================================================================================
NOTES:
# LAST OF SEVERAL OCCURRENCES

COLUMN 17 PEAK WIND IN M.P.H.

PRELIMINARY LOCAL CLIMATOLOGICAL DATA (WS FORM: F-6) , PAGE 2

                                          STATION:  SPOKANE WA AIRPORT
                                          MONTH:    OCTOBER
                                          YEAR:     2017
                                          LATITUDE:   47 37 N
                                          LONGITUDE: 117 32 W

[TEMPERATURE DATA]      [PRECIPITATION DATA]       SYMBOLS USED IN COLUMN 16

AVERAGE MONTHLY: 47.5   TOTAL FOR MONTH:   1.20    1 = FOG OR MIST
DPTR FM NORMAL:  -2.2   DPTR FM NORMAL:    0.55    2 = FOG REDUCING VISIBILITY
HIGHEST:    66 ON  6    GRTST 24HR  0.33 ON 21-21      TO 1/4 MILE OR LESS
LOWEST:     32 ON 14                               3 = THUNDER
                        SNOW, ICE PELLETS, HAIL    4 = ICE PELLETS
                        TOTAL MONTH:    T          5 = HAIL
                        GRTST 24HR    T  ON 13-13  6 = FREEZING RAIN OR DRIZZLE
                        GRTST DEPTH:   0           7 = DUSTSTORM OR SANDSTORM:
                                                       VSBY 1/2 MILE OR LESS
                                                   8 = SMOKE OR HAZE
[NO. OF DAYS WITH]      [WEATHER - DAYS WITH]      9 = BLOWING SNOW
                                                   X = TORNADO
MAX 32 OR BELOW:   0    0.01 INCH OR MORE:   7
MAX 90 OR ABOVE:   0    0.10 INCH OR MORE:   5
MIN 32 OR BELOW:   1    0.50 INCH OR MORE:   0
MIN  0 OR BELOW:   0    1.00 INCH OR MORE:   0

[HDD (BASE 65) ]
TOTAL THIS MO.   361    CLEAR  (SCALE 0-3)   4
DPTR FM NORMAL    37    PTCLDY (SCALE 4-7)  12
TOTAL FM JUL 1   530    CLOUDY (SCALE 8-10)  5
DPTR FM NORMAL   -42

[CDD (BASE 65) ]
TOTAL THIS MO.     0
DPTR FM NORMAL     0    [PRESSURE DATA]
TOTAL FM JAN 1   794    HIGHEST SLP M ON M
DPTR FM NORMAL   345    LOWEST  SLP 29.48 ON 19

[REMARKS]
