000
CXUS55 KRIW 290945
CF6GEY
PRELIMINARY LOCAL CLIMATOLOGICAL DATA (WS FORM: F-6)

                                          STATION:   GREYBULL WY
                                          MONTH:     JULY
                                          YEAR:      2015
                                          LATITUDE:   44 30 N
                                          LONGITUDE: 108  4 W

  TEMPERATURE IN F:       :PCPN:    SNOW:  WIND      :SUNSHINE: SKY     :PK WND
================================================================================
1   2   3   4   5  6A  6B    7    8   9   10  11  12  13   14  15   16   17  18
                                     12Z  AVG MX 2MIN
DY MAX MIN AVG DEP HDD CDD  WTR  SNW DPTH SPD SPD DIR MIN PSBL S-S WX    SPD DR
================================================================================

 1  97  62  80   9   0  15 0.00  0.0    0  8.5 28 340   M    M   0        32 340
 2  91  67  79   8   0  14 0.00  0.0    0  9.6 25 330   M    M   3        31 330
 3  95  62  79   7   0  14 0.00  0.0    0  5.1 17 180   M    M   1        21 190
 4 100  65  83  11   0  18 0.00  0.0    0  4.4 13 340   M    M   0        16  30
 5  79  58  69  -3   0   4    T  0.0    0 13.8 36 320   M    M   4 18     43 320
 6  77  54  66  -6   0   1 0.00  0.0    0  6.1 20 290   M    M   4 18     24 290
 7  88  57  73   1   0   8 0.00  0.0    0  6.9 26 330   M    M   2        32 350
 8  79  58  69  -4   0   4    T  0.0    0  6.4 24 160   M    M   3        32 150
 9  86  58  72  -1   0   7 0.00  0.0    0  6.8 20 240   M    M   1 3      27 240
10  88  57  73   0   0   8 0.00  0.0    0  9.2 37 260   M    M   1 3      48 260
11  92  54  73   0   0   8    T  0.0    0  9.5 26 300   M    M   1        34 290
12  94  62  78   4   0  13 0.00  0.0    0  8.7 31 320   M    M   2        36 320
13  93  57  75   1   0  10    T  0.0    0  7.9 35 270   M    M   0        42 260
14  89  60  75   1   0  10    T  0.0    0  5.7 31 190   M    M   0        41 200
15  83  58  71  -3   0   6    T  0.0    0  8.3 36 210   M    M   3 3      45 220
16  90  54  72  -2   0   7 0.00  0.0    0  9.3 35 330   M    M   0        42 330
17  80  56  68  -6   0   3    T  0.0    0  9.1 22 320   M    M   1 3      30 320
18  74  56  65  -9   0   0 0.00  0.0    0  8.6 18 290   M    M   3        23 330
19  87  55  71  -3   0   6 0.00  0.0    0  6.2 22 350   M    M   2        27 340
20  91  63  77   2   0  12 0.00  0.0    0  7.9 22 200   M    M   1        26 290
21  92  60  76   1   0  11 0.00  0.0    0  5.9 24 340   M    M   1 3      28 330
22  94  58  76   1   0  11    T  0.0    0  8.6 36 180   M    M   0        54 200
23  91  64  78   3   0  13    T  0.0    0  8.4 29 310   M    M   3        38 300
24  90  62  76   1   0  11    T  0.0    0  4.9 18 200   M    M   1 3      24 220
25  91  60  76   1   0  11 0.00  0.0    0  4.8 12 150   M    M   1        16 140
26 100  57  79   4   0  14 0.00  0.0    0  8.4 26 230   M    M   0        39 140
27  91  53  72  -3   0   7    T  0.0    0  9.9 58 310   M    M   0 38     74 320
28  76  47  62 -13   3   0 0.00  0.0    0  7.2 20  10   M    M   1        26 330
================================================================================
SM 2478 1634         3 246    T      0.0 216.1          M       39
================================================================================
AV 88.5 58.4                               7.7 FASTST   M    M   1    MAX(MPH)
                                 MISC ---->  # 58 310               # 74  320
================================================================================
NOTES:
# LAST OF SEVERAL OCCURRENCES

COLUMN 17 PEAK WIND IN M.P.H.

PRELIMINARY LOCAL CLIMATOLOGICAL DATA (WS FORM: F-6) , PAGE 2

                                          STATION:  GREYBULL WY
                                          MONTH:    JULY
                                          YEAR:     2015
                                          LATITUDE:   44 30 N
                                          LONGITUDE: 108  4 W

[TEMPERATURE DATA]      [PRECIPITATION DATA]       SYMBOLS USED IN COLUMN 16

AVERAGE MONTHLY: 73.4   TOTAL FOR MONTH:      T    1 = FOG OR MIST
DPTR FM NORMAL:  -0.2   DPTR FM NORMAL:   -0.61    2 = FOG REDUCING VISIBILITY
HIGHEST:   100 ON 26, 4 GRTST 24HR    T  ON 27-27      TO 1/4 MILE OR LESS
LOWEST:     47 ON 28                               3 = THUNDER
                        SNOW, ICE PELLETS, HAIL    4 = ICE PELLETS
                        TOTAL MONTH:   0.0 INCH    5 = HAIL
                        GRTST 24HR     0.0         6 = FREEZING RAIN OR DRIZZLE
                        GRTST DEPTH:   0           7 = DUSTSTORM OR SANDSTORM:
                                                       VSBY 1/2 MILE OR LESS
                                                   8 = SMOKE OR HAZE
[NO. OF DAYS WITH]      [WEATHER - DAYS WITH]      9 = BLOWING SNOW
                                                   X = TORNADO
MAX 32 OR BELOW:   0    0.01 INCH OR MORE:   0
MAX 90 OR ABOVE:  16    0.10 INCH OR MORE:   0
MIN 32 OR BELOW:   0    0.50 INCH OR MORE:   0
MIN  0 OR BELOW:   0    1.00 INCH OR MORE:   0

[HDD (BASE 65) ]
TOTAL THIS MO.     3    CLEAR  (SCALE 0-3)  24
DPTR FM NORMAL     2    PTCLDY (SCALE 4-7)   4
TOTAL FM JUL 1     3    CLOUDY (SCALE 8-10)  0
DPTR FM NORMAL     2

[CDD (BASE 65) ]
TOTAL THIS MO.   246
DPTR FM NORMAL    -2    [PRESSURE DATA]
TOTAL FM JAN 1   496    HIGHEST SLP M ON M
DPTR FM NORMAL   122    LOWEST  SLP 29.46 ON 27

[REMARKS]
