000
CXUS55 KALY 270710
CF6GFL
PRELIMINARY LOCAL CLIMATOLOGICAL DATA (WS FORM: F-6)

                                          STATION:   GLENS FALLS NY
                                          MONTH:     JULY
                                          YEAR:      2017
                                          LATITUDE:   43 20 N
                                          LONGITUDE:  73 37 W

  TEMPERATURE IN F:       :PCPN:    SNOW:  WIND      :SUNSHINE: SKY     :PK WND
================================================================================
1   2   3   4   5  6A  6B    7    8   9   10  11  12  13   14  15   16   17  18
                                     12Z  AVG MX 2MIN
DY MAX MIN AVG DEP HDD CDD  WTR  SNW DPTH SPD SPD DIR MIN PSBL S-S WX    SPD DR
================================================================================

 1  75  64  70   2   0   5 3.30    M    M  4.0 23 330   M    M   8 12     31 320
 2  84  62  73   5   0   8 0.00    M    M  6.2 16 290   M    M   2 12     25 220
 3  82  57  70   2   0   5 0.00  0.0    0  5.7 15 300   M    M   1 1      20 310
 4  79  52  66  -2   0   1 0.00    M    M  1.9  9 120   M    M   3 18     13  70
 5  82  53  68   0   0   3 0.00  0.0    0  2.8 13 190   M    M   0 12     17 190
 6  78  59  69   1   0   4 0.03    M    0  4.9 16 200   M    M   3        21 180
 7  80  62  71   3   0   6 0.01    M    M  4.6 20 350   M    M   6 1      24 350
 8  79  61  70   1   0   5 0.03    M    0  6.1 22 350   M    M   6 1      29  10
 9  81  53  67  -2   0   2    T    M    M  5.5 16 270   M    M   1 1      23 260
10  83  57  70   1   0   5    T    M    M  6.6 16 200   M    M   2        23 200
11  81  65  73   4   0   8 0.06    M    M  2.5 13 180   M    M   3 1      16 190
12  84  61  73   4   0   8 0.22    M    M  4.4 14  90   M    M   3 18     20  40
13  64  59  62  -7   3   0 0.59    M    M  5.9 12  70   M    M   9 1      16  50
14  70  60  65  -4   0   0 0.05    M    0  4.2 10 210   M    M  10 1      17 190
15  79  61  70   1   0   5 0.04    M    0  4.0 16 280   M    M   6 1      21 280
16  81  57  69   0   0   4 0.00    M    M  4.1 15 160   M    M   2 12     20 140
17  85  60  73   4   0   8 0.60    M    M  4.3 23 340   M    M   4 12     28 330
18  84  60  72   3   0   7 0.00    M    M  2.8 13 150   M    M   5 128    16 150
19  87  60  74   5   0   9 0.00    M    M  3.7 13 160   M    M   2 1      15 170
20  86  60  73   4   0   8 0.00    M    M  3.3 13 290   M    M   2 1      17 160
21  87  55  71   2   0   6 0.00    M    M  5.1 16 140   M    M   1 12     23 240
22  78  59  69   0   0   4 0.00    M    M  3.7 12 180   M    M   0 1      15 180
23  79  58  69   0   0   4 0.00    M    0  4.0 10  60   M    M   2 1      12  60
24  67  58  63  -6   2   0 0.50    M    0  4.9 10  50   M    M  10 1      14  30
25  67  55  61  -8   4   0 0.02    M    M  2.4  8  70   M    M   9 12     12  70
26  75  52  64  -5   1   0 0.00    M    M  3.8 13 200   M    M   7 128    18 190
================================================================================
SM 2057 1520        10 115  5.45     0.0 111.4          M      107
================================================================================
AV 79.1 58.5                               4.3 FASTST   M    M   4    MAX(MPH)
                                 MISC ---->  # 23 330               # 31  320
================================================================================
NOTES:
# LAST OF SEVERAL OCCURRENCES

COLUMN 17 PEAK WIND IN M.P.H.

PRELIMINARY LOCAL CLIMATOLOGICAL DATA (WS FORM: F-6) , PAGE 2

                                          STATION:  GLENS FALLS NY
                                          MONTH:    JULY
                                          YEAR:     2017
                                          LATITUDE:   43 20 N
                                          LONGITUDE:  73 37 W

[TEMPERATURE DATA]      [PRECIPITATION DATA]       SYMBOLS USED IN COLUMN 16

AVERAGE MONTHLY: 68.8   TOTAL FOR MONTH:   5.45    1 = FOG OR MIST
DPTR FM NORMAL:   0.1   DPTR FM NORMAL:    2.04    2 = FOG REDUCING VISIBILITY
HIGHEST:    87 ON 21,19 GRTST 24HR  3.30 ON  1- 1      TO 1/4 MILE OR LESS
LOWEST:     52 ON 26, 4                            3 = THUNDER
                        SNOW, ICE PELLETS, HAIL    4 = ICE PELLETS
                        TOTAL MONTH:   0.0 INCH    5 = HAIL
                        GRTST 24HR     0.0         6 = FREEZING RAIN OR DRIZZLE
                        GRTST DEPTH:   0           7 = DUSTSTORM OR SANDSTORM:
                                                       VSBY 1/2 MILE OR LESS
                                                   8 = SMOKE OR HAZE
[NO. OF DAYS WITH]      [WEATHER - DAYS WITH]      9 = BLOWING SNOW
                                                   X = TORNADO
MAX 32 OR BELOW:   0    0.01 INCH OR MORE:  12
MAX 90 OR ABOVE:   0    0.10 INCH OR MORE:   5
MIN 32 OR BELOW:   0    0.50 INCH OR MORE:   4
MIN  0 OR BELOW:   0    1.00 INCH OR MORE:   1

[HDD (BASE 65) ]
TOTAL THIS MO.    10    CLEAR  (SCALE 0-3)  14
DPTR FM NORMAL   -16    PTCLDY (SCALE 4-7)   8
TOTAL FM JUL 1    10    CLOUDY (SCALE 8-10)  4
DPTR FM NORMAL   -16

[CDD (BASE 65) ]
TOTAL THIS MO.   115
DPTR FM NORMAL    -7    [PRESSURE DATA]
TOTAL FM JAN 1   224    HIGHEST SLP M ON M
DPTR FM NORMAL    21    LOWEST  SLP 29.68 ON  7

[REMARKS]
