000
CXUS55 KGGW 260800
CF6GGW
PRELIMINARY LOCAL CLIMATOLOGICAL DATA (WS FORM: F-6)

                                          STATION:   GLASGOW MT
                                          MONTH:     FEBRUARY
                                          YEAR:      2015
                                          LATITUDE:   48 13 N
                                          LONGITUDE: 106 37 W

  TEMPERATURE IN F:       :PCPN:    SNOW:  WIND      :SUNSHINE: SKY     :PK WND
================================================================================
1   2   3   4   5  6A  6B    7    8   9   10  11  12  13   14  15   16   17  18
                                     12Z  AVG MX 2MIN
DY MAX MIN AVG DEP HDD CDD  WTR  SNW DPTH SPD SPD DIR MIN PSBL S-S WX    SPD DR
================================================================================

 1  11  -9   1 -15  64   0 0.01  0.1    4  9.5 16 120   M    M   2 18     17 110
 2  16   9  13  -3  52   0 0.03  0.7    4  9.4 22 100   M    M   7 18     26  90
 3  12  -7   3 -13  62   0 0.09  1.8    5 10.4 17 340   M    M   8 1      20  90
 4  13 -18  -2 -18  67   0 0.00  0.0    5  8.7 17 140   M    M   0 18     19 140
 5  27   0  14  -2  51   0    T    T    5  9.2 26 110   M    M   4        29 110
 6  35  21  28  11  37   0 0.00  0.0    5 11.1 23 110   M    M   1        26 110
 7  47  27  37  20  28   0 0.07  0.0    4  4.6 15 220   M    M   5 1      19 220
 8  49  24  37  20  28   0 0.00  0.0    1  8.8 17 120   M    M   4 1      23 310
 9  33  22  28  11  37   0 0.02  0.0    T 15.4 24  90   M    M  10 126    29  90
10  33  16  25   7  40   0    T    T    0 17.5 31 330   M    M  10 12     35 330
11  18   8  13  -5  52   0    T    T    0 11.9 24 110   M    M   8 8      28 110
12  38   8  23   5  42   0 0.00  0.0    0  9.4 25 120   M    M   2        28 120
13  48  25  37  19  28   0 0.00  0.0    0  7.7 28  90   M    M   2        34  90
14  32  14  23   4  42   0 0.00  0.0    0 18.1 32 110   M    M  10        37 110
15  41  20  31  12  34   0    T    T    0  7.7 22 340   M    M   9 1      29 310
16  32   5  19   0  46   0 0.01  0.2    T 14.3 24 340   M    M   8 1      28 360
17  19   1  10 -10  55   0 0.00  0.0    T 12.2 23 320   M    M   0        28 340
18  26   5  16  -4  49   0 0.00  0.0    T  7.8 15 140   M    M   7        17 120
19  44  21  33  13  32   0 0.00  0.0    T 10.2 20 300   M    M   5        22 290
20  38  21  30   9  35   0 0.02    T    0 13.0 26 360   M    M   7        31 360
21  21  -2  10 -11  55   0    T    T    0 14.9 24 330   M    M   6 8      28 340
22  18  -7   6 -16  59   0 0.00  0.0    0  5.4 10 140   M    M   0        13 210
23  46   7  27   5  38   0 0.00  0.0    0 11.1 29 310   M    M   1        36 310
24  47  25  36  14  29   0    T  0.0    0  7.5 26 340   M    M   8        31 340
25  33  -2  16  -7  49   0 0.01  0.2    0 14.2 30 350   M    M   6 9      36 350
================================================================================
SM  777  234      1111   0  0.26     3.0 270.0          M      130
================================================================================
AV 31.1  9.4                              10.8 FASTST   M    M   5    MAX(MPH)
                                 MISC ---->  # 32 110               # 37  110
================================================================================
NOTES:
# LAST OF SEVERAL OCCURRENCES

COLUMN 17 PEAK WIND IN M.P.H.

PRELIMINARY LOCAL CLIMATOLOGICAL DATA (WS FORM: F-6) , PAGE 2

                                          STATION:  GLASGOW MT
                                          MONTH:    FEBRUARY
                                          YEAR:     2015
                                          LATITUDE:   48 13 N
                                          LONGITUDE: 106 37 W

[TEMPERATURE DATA]      [PRECIPITATION DATA]       SYMBOLS USED IN COLUMN 16

AVERAGE MONTHLY: 20.2   TOTAL FOR MONTH:   0.26    1 = FOG OR MIST
DPTR FM NORMAL:   1.5   DPTR FM NORMAL:    0.03    2 = FOG REDUCING VISIBILITY
HIGHEST:    49 ON  8    GRTST 24HR  0.14 ON 31- 1      TO 1/4 MILE OR LESS
LOWEST:    -18 ON  4                               3 = THUNDER
                        SNOW, ICE PELLETS, HAIL    4 = ICE PELLETS
                        TOTAL MONTH:   3.0 INCHES  5 = HAIL
                        GRTST 24HR   1.8 ON   M    6 = FREEZING RAIN OR DRIZZLE
                        GRTST DEPTH:   5 ON  6, 5  7 = DUSTSTORM OR SANDSTORM:
                                                       VSBY 1/2 MILE OR LESS
                                                   8 = SMOKE OR HAZE
[NO. OF DAYS WITH]      [WEATHER - DAYS WITH]      9 = BLOWING SNOW
                                                   X = TORNADO
MAX 32 OR BELOW:  12    0.01 INCH OR MORE:   8
MAX 90 OR ABOVE:   0    0.10 INCH OR MORE:   0
MIN 32 OR BELOW:  25    0.50 INCH OR MORE:   0
MIN  0 OR BELOW:   7    1.00 INCH OR MORE:   0

[HDD (BASE 65) ]
TOTAL THIS MO.  1111    CLEAR  (SCALE 0-3)   8
DPTR FM NORMAL   -46    PTCLDY (SCALE 4-7)  12
TOTAL FM JUL 1  5917    CLOUDY (SCALE 8-10)  5
DPTR FM NORMAL  -329

[CDD (BASE 65) ]
TOTAL THIS MO.     0
DPTR FM NORMAL     0    [PRESSURE DATA]
TOTAL FM JAN 1     0    HIGHEST SLP M ON M
DPTR FM NORMAL     0    LOWEST  SLP 29.53 ON  7

[REMARKS]
