078
CXUS55 KGJT 241000
CF6GJT
PRELIMINARY LOCAL CLIMATOLOGICAL DATA (WS FORM: F-6)

                                          STATION:   GRAND JUNCTION CO
                                          MONTH:     FEBRUARY
                                          YEAR:      2018
                                          LATITUDE:   39  7 N
                                          LONGITUDE: 108 32 W

  TEMPERATURE IN F:       :PCPN:    SNOW:  WIND      :SUNSHINE: SKY     :PK WND
================================================================================
1   2   3   4   5  6A  6B    7    8   9   10  11  12  13   14  15   16   17  18
                                     12Z  AVG MX 2MIN
DY MAX MIN AVG DEP HDD CDD  WTR  SNW DPTH SPD SPD DIR MIN PSBL S-S WX    SPD DR
================================================================================

 1  52  29  41  11  24   0 0.00  0.0    0  3.9  9  90   M    M   1        12 180
 2  56  30  43  13  22   0 0.00  0.0    0  4.7 15 330   M    M   3        16 340
 3  57  30  44  14  21   0 0.00  0.0    0  3.3 12 340   M    M   0        14 340
 4  55  27  41  10  24   0 0.00  0.0    0  4.1 10 330   M    M   1        12 320
 5  56  28  42  11  23   0    T  0.0    0  4.6 21 360   M    M   4        25 350
 6  51  29  40   9  25   0    T  0.0    0  8.1 24 310   M    M   4        32 300
 7  49  24  37   5  28   0 0.00  0.0    0  6.7 14 140   M    M   0        16 310
 8  52  23  38   6  27   0 0.00  0.0    0  5.0 14 100   M    M   0        15 100
 9  55  30  43  11  22   0 0.00  0.0    0  2.9 10 110   M    M   0        15 320
10  43  27  35   2  30   0 0.15  0.3    0  5.1 13 310   M    M   6 1      17 220
11  40  19  30  -3  35   0 0.00  0.0    0  5.2 17 130   M    M   0        23 150
12  40  32  36   2  29   0 0.27  0.7    0 10.3 25 150   M    M   8 1      30 130
13  47  31  39   5  26   0 0.09    T    1  3.3 12 320   M    M   9 1      15 270
14  50  34  42   8  23   0    T  0.0    0  6.1 13 300   M    M   7        16 310
15  47  31  39   4  26   0 0.01    T    0  6.4 26 350   M    M   8        30 350
16  40  21  31  -4  34   0 0.00  0.0    0  5.6 14 300   M    M   1        16 300
17  49  21  35   0  30   0 0.00  0.0    0  4.7 13 320   M    M   0        16 310
18  60  27  44   8  21   0 0.00  0.0    0 11.2 30 220   M    M   0        39 210
19  53  22  38   2  27   0 0.06  0.6    0 16.9 37 180   M    M   7 1      50 190
20  33  14  24 -13  41   0    T  0.4    1  5.3 17 110   M    M   6 1      20 120
21  36  15  26 -11  39   0 0.03  0.4    0  7.6 21 120   M    M   3 1      25 120
22  34  25  30  -7  35   0 0.11  2.0    1  5.9 15 160   M    M  10 1      16 130
23  37  25  31  -7  34   0    T    T    T 10.9 24 140   M    M   7        29 140
================================================================================
SM 1092  594       646   0  0.72     4.4 147.8          M       85
================================================================================
AV 47.5 25.8                               6.4 FASTST   M    M   4    MAX(MPH)
                                 MISC ---->  # 37 180               # 50  190
================================================================================
NOTES:
# LAST OF SEVERAL OCCURRENCES

COLUMN 17 PEAK WIND IN M.P.H.

PRELIMINARY LOCAL CLIMATOLOGICAL DATA (WS FORM: F-6) , PAGE 2

                                          STATION:  GRAND JUNCTION CO
                                          MONTH:    FEBRUARY
                                          YEAR:     2018
                                          LATITUDE:   39  7 N
                                          LONGITUDE: 108 32 W

[TEMPERATURE DATA]      [PRECIPITATION DATA]       SYMBOLS USED IN COLUMN 16

AVERAGE MONTHLY: 36.7   TOTAL FOR MONTH:   0.72    1 = FOG OR MIST
DPTR FM NORMAL:   3.0   DPTR FM NORMAL:    0.29    2 = FOG REDUCING VISIBILITY
HIGHEST:    60 ON 18    GRTST 24HR  0.27 ON 12-12      TO 1/4 MILE OR LESS
LOWEST:     14 ON 20                               3 = THUNDER
                        SNOW, ICE PELLETS, HAIL    4 = ICE PELLETS
                        TOTAL MONTH:   4.4 INCHES  5 = HAIL
                        GRTST 24HR   2.0 ON 22-22  6 = FREEZING RAIN OR DRIZZLE
                        GRTST DEPTH:   1 ON 22,20  7 = DUSTSTORM OR SANDSTORM:
                                                       VSBY 1/2 MILE OR LESS
                                                   8 = SMOKE OR HAZE
[NO. OF DAYS WITH]      [WEATHER - DAYS WITH]      9 = BLOWING SNOW
                                                   X = TORNADO
MAX 32 OR BELOW:   0    0.01 INCH OR MORE:   7
MAX 90 OR ABOVE:   0    0.10 INCH OR MORE:   3
MIN 32 OR BELOW:  22    0.50 INCH OR MORE:   0
MIN  0 OR BELOW:   0    1.00 INCH OR MORE:   0

[HDD (BASE 65) ]
TOTAL THIS MO.   646    CLEAR  (SCALE 0-3)  11
DPTR FM NORMAL   -76    PTCLDY (SCALE 4-7)  10
TOTAL FM JUL 1  3821    CLOUDY (SCALE 8-10)  2
DPTR FM NORMAL  -427

[CDD (BASE 65) ]
TOTAL THIS MO.     0
DPTR FM NORMAL     0    [PRESSURE DATA]
TOTAL FM JAN 1     0    HIGHEST SLP M ON M
DPTR FM NORMAL     0    LOWEST  SLP 29.12 ON 19

[REMARKS]
