000
CXUS55 KGJT 291000
CF6GJT
PRELIMINARY LOCAL CLIMATOLOGICAL DATA (WS FORM: F-6)

                                          STATION:   GRAND JUNCTION CO
                                          MONTH:     JUNE
                                          YEAR:      2015
                                          LATITUDE:   39  7 N
                                          LONGITUDE: 108 32 W

  TEMPERATURE IN F:       :PCPN:    SNOW:  WIND      :SUNSHINE: SKY     :PK WND
================================================================================
1   2   3   4   5  6A  6B    7    8   9   10  11  12  13   14  15   16   17  18
                                     12Z  AVG MX 2MIN
DY MAX MIN AVG DEP HDD CDD  WTR  SNW DPTH SPD SPD DIR MIN PSBL S-S WX    SPD DR
================================================================================

 1  92  60  76   9   0  11    T  0.0    0 11.0 24 120   M    M   1 3      31 120
 2  88  57  73   6   0   8 0.00  0.0    0 10.3 20 310   M    M   0        23 310
 3  88  51  70   2   0   5 0.00  0.0    0  9.5 25 190   M    M   0        32 180
 4  89  48  69   1   0   4 0.00  0.0    0 10.5 22 210   M    M   0        27 220
 5  72  58  65  -3   0   0 0.19  0.0    0  8.7 28 170   M    M   4 138    33 160
 6  63  53  58 -11   7   0 0.16  0.0    0 16.2 38 150   M    M   5 1      45 160
 7  75  48  62  -7   3   0 0.00  0.0    0  7.7 17 300   M    M   0        25 300
 8  84  48  66  -3   0   1 0.00  0.0    0  6.6 17 130   M    M   0        19 130
 9  90  53  72   2   0   7 0.00  0.0    0  8.2 23 310   M    M   1        29 320
10  76  56  66  -4   0   1 0.72  0.0    0  4.9 23 280   M    M   9 13     30 280
11  68  57  63  -7   2   0    T  0.0    0  6.0 23 320   M    M   8 3      27 310
12  81  55  68  -3   0   3 0.00  0.0    0  4.6 14 270   M    M   3        20 270
13  85  53  69  -2   0   4 0.08  0.0    0  9.2 24 270   M    M   1 3      30 270
14  88  54  71  -1   0   6 0.00  0.0    0  8.5 25 330   M    M   1        30 330
15  88  61  75   3   0  10 0.00  0.0    0  6.9 20 130   M    M   0        22 120
16  90  63  77   5   0  12 0.04  0.0    0 15.6 36 150   M    M   3 3      41 150
17  94  63  79   6   0  14 0.00  0.0    0  8.7 24  60   M    M   0        32  50
18  95  59  77   4   0  12 0.00  0.0    0  7.6 16 110   M    M   0        20 130
19  97  60  79   6   0  14 0.00  0.0    0  9.1 17 300   M    M   0        21 300
20  97  60  79   5   0  14 0.00  0.0    0  7.4 18 110   M    M   0        21 280
21 101  63  82   8   0  17 0.00  0.0    0  8.4 20 250   M    M   0        24 250
22  98  64  81   7   0  16 0.00  0.0    0  7.1 18 320   M    M   0        23 310
23  98  59  79   4   0  14 0.00  0.0    0  7.2 20 270   M    M   0        25 260
24  95  68  82   7   0  17 0.00  0.0    0 12.7 40 160   M    M   0 8      50 160
25  96  64  80   5   0  15 0.00  0.0    0  8.3 22 130   M    M   0        26 300
26  97  61  79   3   0  14 0.00  0.0    0  8.7 20 270   M    M   0        25 280
27  98  62  80   4   0  15 0.00  0.0    0  7.8 16 120   M    M   0 8      20 300
28  99  62  81   5   0  16 0.00  0.0    0  8.0 21 150   M    M   0        25 140
================================================================================
SM 2482 1620        12 250  1.19     0.0 245.4          M       36
================================================================================
AV 88.6 57.9                               8.8 FASTST   M    M   1    MAX(MPH)
                                 MISC ---->  # 40 160               # 50  160
================================================================================
NOTES:
# LAST OF SEVERAL OCCURRENCES

COLUMN 17 PEAK WIND IN M.P.H.

PRELIMINARY LOCAL CLIMATOLOGICAL DATA (WS FORM: F-6) , PAGE 2

                                          STATION:  GRAND JUNCTION CO
                                          MONTH:    JUNE
                                          YEAR:     2015
                                          LATITUDE:   39  7 N
                                          LONGITUDE: 108 32 W

[TEMPERATURE DATA]      [PRECIPITATION DATA]       SYMBOLS USED IN COLUMN 16

AVERAGE MONTHLY: 73.2   TOTAL FOR MONTH:   1.19    1 = FOG OR MIST
DPTR FM NORMAL:   1.6   DPTR FM NORMAL:    0.76    2 = FOG REDUCING VISIBILITY
HIGHEST:   101 ON 21    GRTST 24HR  0.72 ON 10-10      TO 1/4 MILE OR LESS
LOWEST:     48 ON  8, 7                            3 = THUNDER
                        SNOW, ICE PELLETS, HAIL    4 = ICE PELLETS
                        TOTAL MONTH:   0.0 INCH    5 = HAIL
                        GRTST 24HR     0.0         6 = FREEZING RAIN OR DRIZZLE
                        GRTST DEPTH:   0           7 = DUSTSTORM OR SANDSTORM:
                                                       VSBY 1/2 MILE OR LESS
                                                   8 = SMOKE OR HAZE
[NO. OF DAYS WITH]      [WEATHER - DAYS WITH]      9 = BLOWING SNOW
                                                   X = TORNADO
MAX 32 OR BELOW:   0    0.01 INCH OR MORE:   5
MAX 90 OR ABOVE:  15    0.10 INCH OR MORE:   3
MIN 32 OR BELOW:   0    0.50 INCH OR MORE:   1
MIN  0 OR BELOW:   0    1.00 INCH OR MORE:   0

[HDD (BASE 65) ]
TOTAL THIS MO.    12    CLEAR  (SCALE 0-3)  24
DPTR FM NORMAL    -8    PTCLDY (SCALE 4-7)   3
TOTAL FM JUL 1  5179    CLOUDY (SCALE 8-10)  1
DPTR FM NORMAL  -430

[CDD (BASE 65) ]
TOTAL THIS MO.   250
DPTR FM NORMAL    42    [PRESSURE DATA]
TOTAL FM JAN 1   258    HIGHEST SLP M ON M
DPTR FM NORMAL    -1    LOWEST  SLP 29.63 ON  3

[REMARKS]
