000
CXUS55 KGJT 231000
CF6GJT
PRELIMINARY LOCAL CLIMATOLOGICAL DATA (WS FORM: F-6)

                                          STATION:   GRAND JUNCTION CO
                                          MONTH:     APRIL
                                          YEAR:      2014
                                          LATITUDE:   39  7 N
                                          LONGITUDE: 108 32 W

  TEMPERATURE IN F:       :PCPN:    SNOW:  WIND      :SUNSHINE: SKY     :PK WND
================================================================================
1   2   3   4   5  6A  6B    7    8   9   10  11  12  13   14  15   16   17  18
                                     12Z  AVG MX 2MIN
DY MAX MIN AVG DEP HDD CDD  WTR  SNW DPTH SPD SPD DIR MIN PSBL S-S WX    SPD DR
================================================================================

 1  60  40  50   2  15   0 0.00  0.0    0 13.0 33 220   M    M   5        42 210
 2  50  32  41  -7  24   0 0.26    T    0  7.2 26 180   M    M   9 138    31 180
 3  51  30  41  -7  24   0 0.00  0.0    0  5.7 22 330   M    M   4        26 330
 4  54  29  42  -6  23   0 0.00  0.0    0 10.1 23 170   M    M   4        28 160
 5  60  38  49   0  16   0    T  0.0    0  6.0 22  40   M    M   5        26 270
 6  56  36  46  -3  19   0    T  0.0    0  5.1 24  30   M    M   7        28 320
 7  61  30  46  -3  19   0    T  0.0    0  5.8 16 160   M    M   2        23 140
 8  68  34  51   2  14   0 0.00  0.0    0  6.1 17 120   M    M   0        20 120
 9  75  39  57   7   8   0 0.00  0.0    0  9.7 26 270   M    M   0        31 270
10  75  41  58   8   7   0 0.00  0.0    0  8.9 26 250   M    M   0        32 250
11  77  36  57   7   8   0 0.00  0.0    0  7.2 24 270   M    M   0        29 270
12  73  47  60  10   5   0    T  0.0    0 10.5 30 250   M    M   3        40 260
13  53  29  41 -10  24   0 0.32    T    0 12.6 36 300   M    M   7 1      45 300
14  47  24  36 -15  29   0 0.00  0.0    0  5.0 18  20   M    M   0        21  40
15  59  29  44  -7  21   0 0.00  0.0    0  7.7 16 120   M    M   0        20 120
16  60  34  47  -5  18   0 0.00  0.0    0  4.8 21  60   M    M   2        24  50
17  66  34  50  -2  15   0 0.00  0.0    0  6.8 15 110   M    M   0        19 310
18  76  43  60   8   5   0 0.00  0.0    0 12.7 24 120   M    M   2        29 280
19  65  46  56   3   9   0 0.06  0.0    0  6.2 17 330   M    M   6 1      21 330
20  73  40  57   4   8   0 0.00  0.0    0  7.5 28 320   M    M   1        32 310
21  75  39  57   4   8   0 0.00  0.0    0  5.8 15  90   M    M   1        25 350
22  76  52  64  10   1   0 0.00  0.0    0 16.5 32 190   M    M   3        43 180
================================================================================
SM 1410  802       320   0  0.64    T    180.9          M       61
================================================================================
AV 64.1 36.5                               8.2 FASTST   M    M   3    MAX(MPH)
                                 MISC ---->  # 36 300               # 45  300
================================================================================
NOTES:
# LAST OF SEVERAL OCCURRENCES

COLUMN 17 PEAK WIND IN M.P.H.

PRELIMINARY LOCAL CLIMATOLOGICAL DATA (WS FORM: F-6) , PAGE 2

                                          STATION:  GRAND JUNCTION CO
                                          MONTH:    APRIL
                                          YEAR:     2014
                                          LATITUDE:   39  7 N
                                          LONGITUDE: 108 32 W

[TEMPERATURE DATA]      [PRECIPITATION DATA]       SYMBOLS USED IN COLUMN 16

AVERAGE MONTHLY: 50.3   TOTAL FOR MONTH:   0.64    1 = FOG OR MIST
DPTR FM NORMAL:  -0.2   DPTR FM NORMAL:   -0.05    2 = FOG REDUCING VISIBILITY
HIGHEST:    77 ON 11    GRTST 24HR  0.32 ON 13-13      TO 1/4 MILE OR LESS
LOWEST:     24 ON 14                               3 = THUNDER
                        SNOW, ICE PELLETS, HAIL    4 = ICE PELLETS
                        TOTAL MONTH:    T          5 = HAIL
                        GRTST 24HR    T  ON 13-13  6 = FREEZING RAIN OR DRIZZLE
                        GRTST DEPTH:   0           7 = DUSTSTORM OR SANDSTORM:
                                                       VSBY 1/2 MILE OR LESS
                                                   8 = SMOKE OR HAZE
[NO. OF DAYS WITH]      [WEATHER - DAYS WITH]      9 = BLOWING SNOW
                                                   X = TORNADO
MAX 32 OR BELOW:   0    0.01 INCH OR MORE:   3
MAX 90 OR ABOVE:   0    0.10 INCH OR MORE:   2
MIN 32 OR BELOW:   7    0.50 INCH OR MORE:   0
MIN  0 OR BELOW:   0    1.00 INCH OR MORE:   0

[HDD (BASE 65) ]
TOTAL THIS MO.   320    CLEAR  (SCALE 0-3)  13
DPTR FM NORMAL    -1    PTCLDY (SCALE 4-7)   8
TOTAL FM JUL 1  5910    CLOUDY (SCALE 8-10)  1
DPTR FM NORMAL   557

[CDD (BASE 65) ]
TOTAL THIS MO.     0
DPTR FM NORMAL     0    [PRESSURE DATA]
TOTAL FM JAN 1     0    HIGHEST SLP M ON M
DPTR FM NORMAL     0    LOWEST  SLP 29.45 ON 22

[REMARKS]
