000
CXUS53 KGLD 300800
CF6GLD
PRELIMINARY LOCAL CLIMATOLOGICAL DATA (WS FORM: F-6)

                                          STATION:   GOODLAND KS
                                          MONTH:     JULY
                                          YEAR:      2015
                                          LATITUDE:   39 22 N
                                          LONGITUDE: 101 42 W

  TEMPERATURE IN F:       :PCPN:    SNOW:  WIND      :SUNSHINE: SKY     :PK WND
================================================================================
1   2   3   4   5  6A  6B    7    8   9   10  11  12  13   14  15   16   17  18
                                     12Z  AVG MX 2MIN
DY MAX MIN AVG DEP HDD CDD  WTR  SNW DPTH SPD SPD DIR MIN PSBL S-S WX    SPD DR
================================================================================

 1  96  66  81   7   0  16 0.16  0.0    0 11.9 26 260   M    M   0 3      33 270
 2  86  61  74  -1   0   9    T  0.0    0 10.5 30  10   M    M   1 3      38  20
 3  87  57  72  -3   0   7 0.00  0.0    0  5.6 15 130   M    M   3        19 130
 4  93  62  78   3   0  13 0.00  0.0    0 16.2 25 170   M    M   1 1      35 170
 5 100  67  84   9   0  19 0.10  0.0    0 14.7 29 240   M    M   1 3      36 240
 6  74  62  68  -7   0   3    T  0.0    0 16.3 29 360   M    M   8 18     37  10
 7  76  52  64 -11   1   0 0.00  0.0    0  8.1 17 150   M    M   1 18     23 110
 8  77  56  67  -9   0   2 0.00  0.0    0  9.4 17 180   M    M   6        22 190
 9  76  57  67  -9   0   2 0.04  0.0    0  9.4 17 150   M    M   6 1      22 150
10  91  60  76   0   0  11 0.00  0.0    0  8.6 20 170   M    M   2 12     27 200
11  94  58  76   0   0  11 0.02  0.0    0  5.6 35 110   M    M   1 38     45 110
12  99  60  80   4   0  15 0.00  0.0    0  6.9 14 340   M    M   0        20  20
13 100  68  84   8   0  19 0.00  0.0    0  8.1 18 240   M    M   0        26 250
14  97  65  81   5   0  16 0.11  0.0    0  8.6 36 260   M    M   3 13     46 250
15  87  63  75  -1   0  10 0.21  0.0    0  5.2 25 320   M    M   4 13     32 320
16  94  63  79   3   0  14 0.00  0.0    0  9.0 15 230   M    M   1        21 190
17  99  66  83   7   0  18 0.00  0.0    0 11.5 20 200   M    M   0        27 210
18  94  59  77   1   0  12 0.27  0.0    0 11.8 24 340   M    M   3 13     30 320
19  85  65  75  -1   0  10 0.21  0.0    0  7.0 16 120   M    M   3 13     19  30
20  89  63  76   0   0  11 0.00  0.0    0  9.9 20 360   M    M   0        24 360
21  84  61  73  -3   0   8 0.15  0.0    0 11.4 21 300   M    M   2 13     27 290
22  88  64  76   0   0  11 0.00  0.0    0 10.2 17 200   M    M   3 1      22 200
23  94  65  80   4   0  15 0.00  0.0    0  9.4 18 180   M    M   2 18     22 180
24 101  64  83   7   0  18 0.12  0.0    0  8.8 32  60   M    M   1 3      42  40
25  93  66  80   4   0  15 0.00  0.0    0  6.5 20 120   M    M   1 3      23 110
26  98  65  82   6   0  17 0.88  0.0    0 10.8 33 300   M    M   1 13     40 290
27  92  65  79   3   0  14    T  0.0    0 16.9 26 160   M    M   0 3      31 180
28  85  59  72  -4   0   7 0.00  0.0    0 14.7 29 360   M    M   0        37  10
29  82  56  69  -7   0   4    T  0.0    0  8.2 21 110   M    M   1        26 110
================================================================================
SM 2611 1795         1 327  2.27     0.0 291.2          M       55
================================================================================
AV 90.0 61.9                              10.0 FASTST   M    M   2    MAX(MPH)
                                 MISC ---->  # 36 260               # 46  250
================================================================================
NOTES:
# LAST OF SEVERAL OCCURRENCES

COLUMN 17 PEAK WIND IN M.P.H.

PRELIMINARY LOCAL CLIMATOLOGICAL DATA (WS FORM: F-6) , PAGE 2

                                          STATION:  GOODLAND KS
                                          MONTH:    JULY
                                          YEAR:     2015
                                          LATITUDE:   39 22 N
                                          LONGITUDE: 101 42 W

[TEMPERATURE DATA]      [PRECIPITATION DATA]       SYMBOLS USED IN COLUMN 16

AVERAGE MONTHLY: 76.0   TOTAL FOR MONTH:   2.27    1 = FOG OR MIST
DPTR FM NORMAL:   0.2   DPTR FM NORMAL:   -0.98    2 = FOG REDUCING VISIBILITY
HIGHEST:   101 ON 24    GRTST 24HR  0.88 ON 26-26      TO 1/4 MILE OR LESS
LOWEST:     52 ON  7                               3 = THUNDER
                        SNOW, ICE PELLETS, HAIL    4 = ICE PELLETS
                        TOTAL MONTH:   0.0 INCH    5 = HAIL
                        GRTST 24HR     0.0         6 = FREEZING RAIN OR DRIZZLE
                        GRTST DEPTH:   0           7 = DUSTSTORM OR SANDSTORM:
                                                       VSBY 1/2 MILE OR LESS
                                                   8 = SMOKE OR HAZE
[NO. OF DAYS WITH]      [WEATHER - DAYS WITH]      9 = BLOWING SNOW
                                                   X = TORNADO
MAX 32 OR BELOW:   0    0.01 INCH OR MORE:  11
MAX 90 OR ABOVE:  16    0.10 INCH OR MORE:   9
MIN 32 OR BELOW:   0    0.50 INCH OR MORE:   1
MIN  0 OR BELOW:   0    1.00 INCH OR MORE:   0

[HDD (BASE 65) ]
TOTAL THIS MO.     1    CLEAR  (SCALE 0-3)  24
DPTR FM NORMAL     1    PTCLDY (SCALE 4-7)   5
TOTAL FM JUL 1     1    CLOUDY (SCALE 8-10)  0
DPTR FM NORMAL     1

[CDD (BASE 65) ]
TOTAL THIS MO.   327
DPTR FM NORMAL    15    [PRESSURE DATA]
TOTAL FM JAN 1   575    HIGHEST SLP M ON M
DPTR FM NORMAL    43    LOWEST  SLP 29.58 ON 17

[REMARKS]
