000
CXUS54 KFWD 300730
CF6GLE
PRELIMINARY LOCAL CLIMATOLOGICAL DATA (WS FORM: F-6)

                                          STATION:   GAINESVILLE
                                          MONTH:     MARCH
                                          YEAR:      2015
                                          LATITUDE:   33 39 N
                                          LONGITUDE:  97 12 W

  TEMPERATURE IN F:       :PCPN:    SNOW:  WIND      :SUNSHINE: SKY     :PK WND
================================================================================
1   2   3   4   5  6A  6B    7    8   9   10  11  12  13   14  15   16   17  18
                                     12Z  AVG MX 2MIN
DY MAX MIN AVG DEP HDD CDD  WTR  SNW DPTH SPD SPD DIR MIN PSBL S-S WX    SPD DR
================================================================================

 1  36  30  33 -16  32   0    M  0.0    0  6.2 10  10   M    M  10 16      M  M
 2  38  31  35 -15  30   0    M  0.0    M  4.2  9 360   M    M  10 1       M  M
 3  50  38  44  -6  21   0 0.01  0.0    0  3.8  9 150   M    M  10 12      M  M
 4  47  25  36 -14  29   0 0.27    M    0 13.2 23 360   M    M  10 12     32 360
 5  40  19  30 -20  35   0    M    M    M  6.5 16 350   M    M   1        17 350
 6  52  24  38 -13  27   0 0.00  0.0    0  5.4 12 180   M    M   0        16 210
 7  62  28  45  -6  20   0 0.00  0.0    0  5.8 12 190   M    M   3        17 190
 8  53  46  50  -1  15   0    M  0.0    0  8.7 13 140   M    M   9 1      18 140
 9  49  46  48  -4  17   0 0.34  0.0    0  5.7  9  80   M    M  10 1       M  M
10  57  43  50  -2  15   0 0.00  0.0    0  4.5 13 330   M    M   8 1       M  M
11  71  37  54   2  11   0 0.00  0.0    0  3.5 12  90   M    M   3 12     16  30
12  70  44  57   5   8   0 0.00  0.0    0  5.0 13  90   M    M   1         M  M
13  57  51  54   1  11   0 0.30  0.0    0  9.4 17 330   M    M  10 1      22 320
14  64  53  59   6   6   0    T  0.0    0 13.2 23 340   M    M  10        29 330
15  66  52  59   6   6   0 0.00  0.0    0  3.5  8 350   M    M   9         M  M
16  77  47  62   8   3   0 0.00  0.0    0  4.9 10 160   M    M   1 12     16 210
17  77  57  67  13   0   2 0.00  0.0    0  6.5 13 340   M    M   1        16 360
18  60  51  56   2   9   0 0.61  0.0    0  4.3  8 360   M    M   9 1       M  M
19  61  53  57   3   8   0 0.53  0.0    0  7.3 12  60   M    M  10 12     16  30
20  58  49  54  -1  11   0 0.73  0.0    0  8.2 17 360   M    M   7        24 360
21  62  49  56   1   9   0 0.11  0.0    0  3.7  8  70   M    M   9         M  M
22  67  49  58   3   7   0 0.02  0.0    0  2.0  6  40   M    M   6         M  M
23  73  48  61   5   4   0 0.00  0.0    0  7.9 15 160   M    M   0 1      21 160
24  85  56  71  15   0   6 0.00  0.0    0 10.1 20 180   M    M   2        27 180
25  82  56  69  13   0   4 0.19  0.0    0 14.6 28 320   M    M   3 1      33 320
26  63  42  53  -4  12   0 0.00  0.0    0 16.6 32 340   M    M   4        38 340
27  64  42  53  -4  12   0 0.00  0.0    0  6.8 16  10   M    M   0        20  10
28  77  42  60   3   5   0 0.00  0.0    0  8.6 16 180   M    M   0         M  M
29  82  51  67   9   0   2 0.00  0.0    0 10.7 17 180   M    M   2        24 190
================================================================================
SM 1800 1259       363  14  3.11     0.0 210.8          M      158
================================================================================
AV 62.1 43.4                               7.3 FASTST   M    M   5    MAX(MPH)
                                 MISC ---->    32   M               # 38  340
================================================================================
NOTES:
# LAST OF SEVERAL OCCURRENCES

COLUMN 17 PEAK WIND IN M.P.H.

PRELIMINARY LOCAL CLIMATOLOGICAL DATA (WS FORM: F-6) , PAGE 2

                                          STATION:  GAINESVILLE
                                          MONTH:    MARCH
                                          YEAR:     2015
                                          LATITUDE:   33 39 N
                                          LONGITUDE:  97 12 W

[TEMPERATURE DATA]      [PRECIPITATION DATA]       SYMBOLS USED IN COLUMN 16

AVERAGE MONTHLY: 52.7   TOTAL FOR MONTH:   3.11    1 = FOG OR MIST
DPTR FM NORMAL:  -0.6   DPTR FM NORMAL:   -0.28    2 = FOG REDUCING VISIBILITY
HIGHEST:    85 ON 24    GRTST 24HR  0.73 ON 20-20      TO 1/4 MILE OR LESS
LOWEST:     19 ON  5                               3 = THUNDER
                        SNOW, ICE PELLETS, HAIL    4 = ICE PELLETS
                        TOTAL MONTH:   0.0 INCH    5 = HAIL
                        GRTST 24HR     0.0         6 = FREEZING RAIN OR DRIZZLE
                        GRTST DEPTH:   0           7 = DUSTSTORM OR SANDSTORM:
                                                       VSBY 1/2 MILE OR LESS
                                                   8 = SMOKE OR HAZE
[NO. OF DAYS WITH]      [WEATHER - DAYS WITH]      9 = BLOWING SNOW
                                                   X = TORNADO
MAX 32 OR BELOW:   0    0.01 INCH OR MORE:  10
MAX 90 OR ABOVE:   0    0.10 INCH OR MORE:   8
MIN 32 OR BELOW:   6    0.50 INCH OR MORE:   3
MIN  0 OR BELOW:   0    1.00 INCH OR MORE:   0

[HDD (BASE 65) ]
TOTAL THIS MO.   363    CLEAR  (SCALE 0-3)  13
DPTR FM NORMAL    14    PTCLDY (SCALE 4-7)   3
TOTAL FM JUL 1  2754    CLOUDY (SCALE 8-10) 13
DPTR FM NORMAL    32

[CDD (BASE 65) ]
TOTAL THIS MO.    14
DPTR FM NORMAL     7    [PRESSURE DATA]
TOTAL FM JAN 1    14    HIGHEST SLP M ON M
DPTR FM NORMAL     5    LOWEST  SLP M ON M

[REMARKS]
