000
CXUS54 KFWD 230730
CF6GLE
PRELIMINARY LOCAL CLIMATOLOGICAL DATA (WS FORM: F-6)

                                          STATION:   GAINESVILLE
                                          MONTH:     JANUARY
                                          YEAR:      2017
                                          LATITUDE:   33 39 N
                                          LONGITUDE:  97 12 W

  TEMPERATURE IN F:       :PCPN:    SNOW:  WIND      :SUNSHINE: SKY     :PK WND
================================================================================
1   2   3   4   5  6A  6B    7    8   9   10  11  12  13   14  15   16   17  18
                                     12Z  AVG MX 2MIN
DY MAX MIN AVG DEP HDD CDD  WTR  SNW DPTH SPD SPD DIR MIN PSBL S-S WX    SPD DR
================================================================================

 1  64  40  52  11  13   0 0.02  0.0    0  4.8  8 130   M    M   5 12      M  M
 2  70  50  60  19   5   0 0.22  0.0    0  6.0 14 240   M    M   4 1      24 240
 3  55  31  43   2  22   0 0.00  0.0    0 12.3 21 320   M    M   7 1      24 320
 4  36  27  32  -9  33   0 0.00  0.0    0  6.3 10  20   M    M   0         M  M
 5  32  23  28 -13  37   0 0.00  0.0    0 11.4 21 360   M    M   3        27 360
 6  23  10  17 -24  48   0    M    M    0 10.6 17 360   M    M   7        23 360
 7  38   6  22 -19  43   0 0.00  0.0    0  2.0  7 310   M    M   0         M  M
 8  46  19  33  -9  32   0 0.00  0.0    0  7.8 20 160   M    M   0        27 180
 9  65  32  49   7  16   0 0.00  0.0    0 15.1 25 180   M    M   0        32 180
10  75  47  61  19   4   0 0.00  0.0    0 10.0 23 200   M    M   0        30 200
11  77  44  61  19   4   0 0.00  0.0    0 13.0 29 190   M    M   1 1      37 190
12  65  41  53  11  12   0 0.00  0.0    0 11.0 17 190   M    M   8 1      27 190
13  43  35  39  -3  26   0 0.18  0.0    0  9.4 13 350   M    M  10 18      M  M
14  40  34  37  -5  28   0    M  0.0    0  7.3 12 350   M    M  10 1       M  M
15  61  38  50   8  15   0 1.57  0.0    0  6.4 25 300   M    M  10 12     31 300
16  59  40  50   8  15   0 0.01    M    0  6.7 14 270   M    M   5 1       M  M
17  51  35  43   1  22   0 0.20    M    0  3.7 12 330   M    M   4         M  M
18  54  43  49   7  16   0 0.04    M    0  3.5  7 360   M    M   9 12      M  M
19  64  40  52  10  13   0 0.00  0.0    0  8.0 17 160   M    M   5 12     23 160
20  74  38  56  14   9   0 0.00  0.0    0  7.8 18 250   M    M   0        24 250
21  69  42  56  14   9   0 0.00  0.0    0  4.9 12 180   M    M   3         M  M
22  62  44  53  10  12   0 0.00  0.0    0 15.4 30 320   M    M   2        40 330
================================================================================
SM 1223  759       434   0  2.24     0.0 183.4          M       93
================================================================================
AV 55.6 34.5                               8.3 FASTST   M    M   4    MAX(MPH)
                                 MISC ---->    30   M                 40    M
================================================================================
NOTES:
# LAST OF SEVERAL OCCURRENCES

COLUMN 17 PEAK WIND IN M.P.H.

PRELIMINARY LOCAL CLIMATOLOGICAL DATA (WS FORM: F-6) , PAGE 2

                                          STATION:  GAINESVILLE
                                          MONTH:    JANUARY
                                          YEAR:     2017
                                          LATITUDE:   33 39 N
                                          LONGITUDE:  97 12 W

[TEMPERATURE DATA]      [PRECIPITATION DATA]       SYMBOLS USED IN COLUMN 16

AVERAGE MONTHLY: 45.1   TOTAL FOR MONTH:   2.24    1 = FOG OR MIST
DPTR FM NORMAL:   3.3   DPTR FM NORMAL:    0.88    2 = FOG REDUCING VISIBILITY
HIGHEST:    77 ON 11    GRTST 24HR  1.57 ON 15-15      TO 1/4 MILE OR LESS
LOWEST:      6 ON  7                               3 = THUNDER
                        SNOW, ICE PELLETS, HAIL    4 = ICE PELLETS
                        TOTAL MONTH:   0.0 INCH    5 = HAIL
                        GRTST 24HR     0.0         6 = FREEZING RAIN OR DRIZZLE
                        GRTST DEPTH:   0           7 = DUSTSTORM OR SANDSTORM:
                                                       VSBY 1/2 MILE OR LESS
                                                   8 = SMOKE OR HAZE
[NO. OF DAYS WITH]      [WEATHER - DAYS WITH]      9 = BLOWING SNOW
                                                   X = TORNADO
MAX 32 OR BELOW:   2    0.01 INCH OR MORE:   7
MAX 90 OR ABOVE:   0    0.10 INCH OR MORE:   4
MIN 32 OR BELOW:   7    0.50 INCH OR MORE:   1
MIN  0 OR BELOW:   0    1.00 INCH OR MORE:   1

[HDD (BASE 65) ]
TOTAL THIS MO.   434    CLEAR  (SCALE 0-3)   9
DPTR FM NORMAL   -80    PTCLDY (SCALE 4-7)   9
TOTAL FM JUL 1  1313    CLOUDY (SCALE 8-10)  4
DPTR FM NORMAL  -341

[CDD (BASE 65) ]
TOTAL THIS MO.     0
DPTR FM NORMAL     0    [PRESSURE DATA]
TOTAL FM JAN 1     0    HIGHEST SLP M ON M
DPTR FM NORMAL     0    LOWEST  SLP M ON M

[REMARKS]
