000
CXUS55 KMSO 260800
CF6GPI
PRELIMINARY LOCAL CLIMATOLOGICAL DATA (WS FORM: F-6)

                                          STATION:   KALISPELL MT
                                          MONTH:     DECEMBER
                                          YEAR:      2014
                                          LATITUDE:   48 17 N
                                          LONGITUDE: 114 16 W

  TEMPERATURE IN F:       :PCPN:    SNOW:  WIND      :SUNSHINE: SKY     :PK WND
================================================================================
1   2   3   4   5  6A  6B    7    8   9   10  11  12  13   14  15   16   17  18
                                     12Z  AVG MX 2MIN
DY MAX MIN AVG DEP HDD CDD  WTR  SNW DPTH SPD SPD DIR MIN PSBL S-S WX    SPD DR
================================================================================

 1  15  -8   4 -22  61   0 0.01  1.0    4  0.3  6 270   M    M   9 1       6 290
 2  22  11  17  -9  48   0    T    T    3  2.3  8  10   M    M  10 18      9  10
 3  19  11  15 -11  50   0 0.00  0.0    2  2.2  6  80   M    M   9 1       8 350
 4  22  15  19  -6  46   0 0.20  3.0    2  1.1  7 350   M    M  10 18      8 350
 5  30  21  26   1  39   0 0.24  2.5    4  0.0  3 220   M    M  10 1       6 150
 6  37  20  29   5  36   0 0.05  0.0    4  3.5 15 150   M    M  10 126    18 160
 7  44  24  34  10  31   0    T  0.0    0  2.3 12 230   M    M   9 12     13 160
 8  32  18  25   1  40   0 0.00  0.0    2  0.7  6 210   M    M   8 12      7 120
 9  34  31  33   9  32   0    T  0.0    2  1.1  8  40   M    M  10 12      9  40
10  40  29  35  12  30   0 0.00  0.0    2  1.7  9 270   M    M   5 12     10 270
11  41  30  36  13  29   0    T  0.0    2  2.5  9 290   M    M   9 1      10  90
12  43  27  35  12  30   0    T  0.0    2  1.3  6  20   M    M   8 12      7 340
13  36  33  35  12  30   0 0.42  0.0    T  2.3  8 130   M    M  10 1      10 190
14  41  19  30   8  35   0 0.01  0.0    T  0.5  6 210   M    M   8 12      8 160
15  34  15  25   3  40   0 0.00  0.0    T  4.9 13  20   M    M   1 12     14  20
16  30  20  25   3  40   0 0.00  0.0    T  3.9 13 360   M    M   6        16 360
17  37  23  30   8  35   0 0.00  0.0    T  0.1  5  10   M    M   9         6 110
18  34  29  32  10  33   0 0.01  0.1    T  0.5  5 310   M    M  10 1       6 230
19  37  30  34  12  31   0 0.15    T    T  4.3 15 140   M    M  10 12     19 150
20  36  25  31   9  34   0 0.04    T    0  1.0 12 160   M    M  10 12     12 160
21  46  32  39  17  26   0 0.20    T    T  7.3 16 160   M    M   8 1      20 150
22  39  20  30   8  35   0 0.01    T    T  2.3 14 350   M    M   8 1      19 340
23  35  17  26   5  39   0 0.13  1.6    0  2.9 10 160   M    M   7 1      13 170
24  35  31  33  12  32   0 0.52  1.6    2  4.6 13 170   M    M  10 16     16 350
25  31  12  22   1  43   0    T    T    2  1.8 14 350   M    M   7 1      17 340
================================================================================
SM  850  535       925   0  1.99     9.8  55.4          M      211
================================================================================
AV 34.0 21.4                               2.2 FASTST   M    M   8    MAX(MPH)
                                 MISC ---->  # 16 160               # 20  150
================================================================================
NOTES:
# LAST OF SEVERAL OCCURRENCES

COLUMN 17 PEAK WIND IN M.P.H.

PRELIMINARY LOCAL CLIMATOLOGICAL DATA (WS FORM: F-6) , PAGE 2

                                          STATION:  KALISPELL MT
                                          MONTH:    DECEMBER
                                          YEAR:     2014
                                          LATITUDE:   48 17 N
                                          LONGITUDE: 114 16 W

[TEMPERATURE DATA]      [PRECIPITATION DATA]       SYMBOLS USED IN COLUMN 16

AVERAGE MONTHLY: 27.7   TOTAL FOR MONTH:   1.99    1 = FOG OR MIST
DPTR FM NORMAL:   4.6   DPTR FM NORMAL:    0.74    2 = FOG REDUCING VISIBILITY
HIGHEST:    46 ON 21    GRTST 24HR  0.65 ON 23-24      TO 1/4 MILE OR LESS
LOWEST:     -8 ON  1                               3 = THUNDER
                        SNOW, ICE PELLETS, HAIL    4 = ICE PELLETS
                        TOTAL MONTH:   9.8 INCHES  5 = HAIL
                        GRTST 24HR   3.0 ON  4- 4  6 = FREEZING RAIN OR DRIZZLE
                        GRTST DEPTH:   4 ON  6, 5  7 = DUSTSTORM OR SANDSTORM:
                                                       VSBY 1/2 MILE OR LESS
                                                   8 = SMOKE OR HAZE
[NO. OF DAYS WITH]      [WEATHER - DAYS WITH]      9 = BLOWING SNOW
                                                   X = TORNADO
MAX 32 OR BELOW:   8    0.01 INCH OR MORE:  13
MAX 90 OR ABOVE:   0    0.10 INCH OR MORE:   7
MIN 32 OR BELOW:  24    0.50 INCH OR MORE:   1
MIN  0 OR BELOW:   1    1.00 INCH OR MORE:   0

[HDD (BASE 65) ]
TOTAL THIS MO.   925    CLEAR  (SCALE 0-3)   1
DPTR FM NORMAL  -125    PTCLDY (SCALE 4-7)   7
TOTAL FM JUL 1  2923    CLOUDY (SCALE 8-10) 17
DPTR FM NORMAL  -331

[CDD (BASE 65) ]
TOTAL THIS MO.     0
DPTR FM NORMAL     0    [PRESSURE DATA]
TOTAL FM JAN 1   217    HIGHEST SLP M ON M
DPTR FM NORMAL    70    LOWEST  SLP 29.56 ON 24

[REMARKS]
