892
CXUS55 KMSO 270900
CF6GPI
PRELIMINARY LOCAL CLIMATOLOGICAL DATA (WS FORM: F-6)

                                          STATION:   KALISPELL MT
                                          MONTH:     JULY
                                          YEAR:      2016
                                          LATITUDE:   48 17 N
                                          LONGITUDE: 114 16 W

  TEMPERATURE IN F:       :PCPN:    SNOW:  WIND      :SUNSHINE: SKY     :PK WND
================================================================================
1   2   3   4   5  6A  6B    7    8   9   10  11  12  13   14  15   16   17  18
                                     12Z  AVG MX 2MIN
DY MAX MIN AVG DEP HDD CDD  WTR  SNW DPTH SPD SPD DIR MIN PSBL S-S WX    SPD DR
================================================================================

 1  87  49  68   7   0   3 0.00  0.0    0  4.6 14 160   M    M   0        23 150
 2  82  48  65   3   0   0 0.00  0.0    0  5.6 16 160   M    M   2        22 260
 3  83  49  66   4   0   1 0.00  0.0    0  9.9 25 240   M    M   0        34 240
 4  74  46  60  -2   5   0 0.00  0.0    0 10.3 21 230   M    M   1        29 230
 5  74  38  56  -6   9   0 0.00  0.0    0  5.4 16 260   M    M   4        22 270
 6  63  46  55  -8  10   0 0.18  0.0    0  6.1 18 160   M    M   8 1      23 140
 7  73  44  59  -4   6   0 0.00  0.0    0  3.9 14 180   M    M   6 1      18 140
 8  69  54  62  -1   3   0 0.02  0.0    0  3.7 10 180   M    M   8        18 240
 9  74  45  60  -4   5   0    T  0.0    0  6.6 21 160   M    M   5 1      27 160
10  75  39  57  -7   8   0 0.08  0.0    0  4.1 21  40   M    M   2        25  50
11  73  52  63  -1   2   0 0.14  0.0    0 10.7 21 140   M    M   9        26 150
12  74  46  60  -4   5   0 0.02  0.0    0  5.4 17 290   M    M   7        22 290
13  72  48  60  -4   5   0 0.01  0.0    0  7.4 17 170   M    M   6        21 160
14  79  45  62  -3   3   0 0.00  0.0    0  3.4 12 160   M    M   1        14 150
15  85  45  65   0   0   0 0.00  0.0    0  6.4 20 260   M    M   1        23 260
16  67  43  55 -10  10   0 1.03  0.0    0  3.4 31 360   M    M   7 138    41 360
17  80  39  60  -5   5   0    T  0.0    0  5.4 16  30   M    M   2 1      22 360
18  88  47  68   2   0   3 0.00  0.0    0  4.8 16 360   M    M   0        22 360
19  84  51  68   2   0   3 0.03  0.0    0  3.7 13 240   M    M   3        19 240
20  83  48  66   0   0   1 0.00  0.0    0  8.4 18 140   M    M   1        24 260
21  87  43  65  -1   0   0 0.00  0.0    0  9.0 20 110   M    M   0        25 110
22  84  51  68   2   0   3    T  0.0    0 10.0 25 260   M    M   3        36 270
23  80  49  65  -1   0   0 0.00  0.0    0  7.7 20 130   M    M   4        25 130
24  82  42  62  -4   3   0 0.00  0.0    0  7.5 16 130   M    M   0        21 120
25  89  48  69   3   0   4 0.00  0.0    0  8.2 18  30   M    M   0        23  20
26  87  53  70   4   0   5    T  0.0    0 10.7 26 360   M    M   1        35  10
================================================================================
SM 2048 1208        79  23  1.51     0.0 172.3          M       81
================================================================================
AV 78.8 46.5                               6.6 FASTST   M    M   3    MAX(MPH)
                                 MISC ---->  # 31 360               # 41  360
================================================================================
NOTES:
# LAST OF SEVERAL OCCURRENCES

COLUMN 17 PEAK WIND IN M.P.H.

PRELIMINARY LOCAL CLIMATOLOGICAL DATA (WS FORM: F-6) , PAGE 2

                                          STATION:  KALISPELL MT
                                          MONTH:    JULY
                                          YEAR:     2016
                                          LATITUDE:   48 17 N
                                          LONGITUDE: 114 16 W

[TEMPERATURE DATA]      [PRECIPITATION DATA]       SYMBOLS USED IN COLUMN 16

AVERAGE MONTHLY: 62.6   TOTAL FOR MONTH:   1.51    1 = FOG OR MIST
DPTR FM NORMAL:  -1.7   DPTR FM NORMAL:    0.22    2 = FOG REDUCING VISIBILITY
HIGHEST:    89 ON 25    GRTST 24HR  1.03 ON 16-16      TO 1/4 MILE OR LESS
LOWEST:     38 ON  5                               3 = THUNDER
                        SNOW, ICE PELLETS, HAIL    4 = ICE PELLETS
                        TOTAL MONTH:   0.0 INCH    5 = HAIL
                        GRTST 24HR     0.0         6 = FREEZING RAIN OR DRIZZLE
                        GRTST DEPTH:   0           7 = DUSTSTORM OR SANDSTORM:
                                                       VSBY 1/2 MILE OR LESS
                                                   8 = SMOKE OR HAZE
[NO. OF DAYS WITH]      [WEATHER - DAYS WITH]      9 = BLOWING SNOW
                                                   X = TORNADO
MAX 32 OR BELOW:   0    0.01 INCH OR MORE:   8
MAX 90 OR ABOVE:   0    0.10 INCH OR MORE:   3
MIN 32 OR BELOW:   0    0.50 INCH OR MORE:   1
MIN  0 OR BELOW:   0    1.00 INCH OR MORE:   1

[HDD (BASE 65) ]
TOTAL THIS MO.    79    CLEAR  (SCALE 0-3)  16
DPTR FM NORMAL     7    PTCLDY (SCALE 4-7)   9
TOTAL FM JUL 1    79    CLOUDY (SCALE 8-10)  1
DPTR FM NORMAL     7

[CDD (BASE 65) ]
TOTAL THIS MO.    23
DPTR FM NORMAL   -29    [PRESSURE DATA]
TOTAL FM JAN 1    70    HIGHEST SLP M ON M
DPTR FM NORMAL     2    LOWEST  SLP 29.76 ON 18

[REMARKS]
