580
CXUS55 KLIX 291000
CF6GPT
PRELIMINARY LOCAL CLIMATOLOGICAL DATA (WS FORM: F-6)

                                          STATION:   GULFPORT
                                          MONTH:     JUNE
                                          YEAR:      2017
                                          LATITUDE:   30 23 N
                                          LONGITUDE:  89  4 W

  TEMPERATURE IN F:       :PCPN:    SNOW:  WIND      :SUNSHINE: SKY     :PK WND
================================================================================
1   2   3   4   5  6A  6B    7    8   9   10  11  12  13   14  15   16   17  18
                                     12Z  AVG MX 2MIN
DY MAX MIN AVG DEP HDD CDD  WTR  SNW DPTH SPD SPD DIR MIN PSBL S-S WX    SPD DR
================================================================================

 1  85  71  78   0   0  13 0.12  0.0    0  4.3 22 120   M    M   6 1      24 120
 2  84  71  78   0   0  13 0.19  0.0    0  9.4 21 130   M    M   6 1      25 120
 3  83  74  79   1   0  14 0.28  0.0    0  7.6 14 140   M    M   8 138    20 220
 4  83  73  78  -1   0  13 0.46  0.0    0  6.3 13 160   M    M   9 1      19 190
 5  84  76  80   1   0  15 0.03  0.0    0  8.8 20 180   M    M   7        27 150
 6  84  72  78  -1   0  13 1.04  0.0    0  3.6 10  80   M    M   7 13      M  M
 7  90  70  80   1   0  15 0.04  0.0    0 10.2 18 350   M    M   4 1      26 350
 8  87  65  76  -3   0  11 0.00  0.0    0  6.5 15  10   M    M   0        19 360
 9  85  61  73  -7   0   8 0.00  0.0    0  4.5 14 150   M    M   1        17 150
10  85  67  76  -4   0  11 0.00  0.0    0  7.2 18 140   M    M   1 1      24 120
11  87  72  80   0   0  15 0.06  0.0    0 11.1 22 130   M    M   4 18     26 150
12  86  75  81   1   0  16 0.01  0.0    0 10.4 23 140   M    M   4 13     28 130
13  86  73  80   0   0  15 1.05  0.0    0  2.6 16  50   M    M   4 123    18  50
14  87  75  81   1   0  16 0.03  0.0    0  2.4  9 160   M    M   3 13     12 140
15  90  71  81   1   0  16 1.04  0.0    0  6.8 28  10   M    M   3 138    41 150
16  90  69  80  -1   0  15 0.44  0.0    0  4.7 35 330   M    M   1 13     53 330
17  83  69  76  -5   0  11 0.02  0.0    0  4.4 13 280   M    M   3 3      19 290
18  88  76  82   1   0  17 0.00  0.0    0  6.0 16 160   M    M   2 3      21 150
19  91  74  83   2   0  18    T  0.0    0  7.9 20 120   M    M   3        25 140
20  82  71  77  -4   0  12 4.27  0.0    0 12.7 22  40   M    M   8 13     31  30
21  84  72  78  -3   0  13 4.10  0.0    0 19.6 38 130   M    M  10 13     49 130
22  85  77  81   0   0  16 0.89  0.0    0 13.4 28 140   M    M  10 138    36 150
23  86  81  84   3   0  19 0.05  0.0    0 11.0 18 160   M    M  10 1      25 170
24  88  75  82   1   0  17 0.39  0.0    0  4.0 16 300   M    M   7 13     22 310
25  90  74  82   0   0  17 0.00  0.0    0  6.2 13 360   M    M   2 1      19  40
26  90  70  80  -2   0  15 0.00  0.0    0  4.9 12  10   M    M   1        16 360
27  89  71  80  -2   0  15 0.00  0.0    0  3.0 12  70   M    M   0        16  60
28  85  73  79  -3   0  14 0.71  0.0    0  6.9 18 160   M    M   4 13     25 160
================================================================================
SM 2417 2018         0 403 15.22     0.0 206.4          M      128
================================================================================
AV 86.3 72.1                               7.4 FASTST   M    M   5    MAX(MPH)
                                 MISC ---->  # 38 130               # 53  330
================================================================================
NOTES:
# LAST OF SEVERAL OCCURRENCES

COLUMN 17 PEAK WIND IN M.P.H.

PRELIMINARY LOCAL CLIMATOLOGICAL DATA (WS FORM: F-6) , PAGE 2

                                          STATION:  GULFPORT
                                          MONTH:    JUNE
                                          YEAR:     2017
                                          LATITUDE:   30 23 N
                                          LONGITUDE:  89  4 W

[TEMPERATURE DATA]      [PRECIPITATION DATA]       SYMBOLS USED IN COLUMN 16

AVERAGE MONTHLY: 79.2   TOTAL FOR MONTH:  15.22    1 = FOG OR MIST
DPTR FM NORMAL:  -1.0   DPTR FM NORMAL:    9.30    2 = FOG REDUCING VISIBILITY
HIGHEST:    91 ON 19    GRTST 24HR  4.27 ON 20-20      TO 1/4 MILE OR LESS
LOWEST:     61 ON  9                               3 = THUNDER
                        SNOW, ICE PELLETS, HAIL    4 = ICE PELLETS
                        TOTAL MONTH:   0.0 INCH    5 = HAIL
                        GRTST 24HR     0.0         6 = FREEZING RAIN OR DRIZZLE
                        GRTST DEPTH:   0           7 = DUSTSTORM OR SANDSTORM:
                                                       VSBY 1/2 MILE OR LESS
                                                   8 = SMOKE OR HAZE
[NO. OF DAYS WITH]      [WEATHER - DAYS WITH]      9 = BLOWING SNOW
                                                   X = TORNADO
MAX 32 OR BELOW:   0    0.01 INCH OR MORE:  20
MAX 90 OR ABOVE:   6    0.10 INCH OR MORE:  13
MIN 32 OR BELOW:   0    0.50 INCH OR MORE:   7
MIN  0 OR BELOW:   0    1.00 INCH OR MORE:   5

[HDD (BASE 65) ]
TOTAL THIS MO.     0    CLEAR  (SCALE 0-3)  12
DPTR FM NORMAL     0    PTCLDY (SCALE 4-7)  12
TOTAL FM JUL 1   845    CLOUDY (SCALE 8-10)  4
DPTR FM NORMAL  -783

[CDD (BASE 65) ]
TOTAL THIS MO.   403
DPTR FM NORMAL   -22    [PRESSURE DATA]
TOTAL FM JAN 1  1056    HIGHEST SLP M ON M
DPTR FM NORMAL   194    LOWEST  SLP 29.64 ON 21

[REMARKS]
