000
CXUS53 KGID 300730
CF6GRI
PRELIMINARY LOCAL CLIMATOLOGICAL DATA (WS FORM: F-6)

                                          STATION:   GRAND ISLAND NE
                                          MONTH:     MAY
                                          YEAR:      2016
                                          LATITUDE:   40 58 N
                                          LONGITUDE:  98 19 W

  TEMPERATURE IN F:       :PCPN:    SNOW:  WIND      :SUNSHINE: SKY     :PK WND
================================================================================
1   2   3   4   5  6A  6B    7    8   9   10  11  12  13   14  15   16   17  18
                                     12Z  AVG MX 2MIN
DY MAX MIN AVG DEP HDD CDD  WTR  SNW DPTH SPD SPD DIR MIN PSBL S-S WX    SPD DR
================================================================================

 1  52  40  46 -10  19   0 0.08  0.0    0 14.3 25 360   M    M  10 1      30 360
 2  61  35  48  -8  17   0 0.00  0.0    0  5.7 12 320   M    M   3        15 300
 3  70  37  54  -3  11   0 0.00  0.0    0  6.4 18 280   M    M   1        23 310
 4  71  43  57   0   8   0 0.00  0.0    0 10.0 18 360   M    M   0 8      23 350
 5  81  41  61   3   4   0 0.00  0.0    0  6.2 13 190   M    M   0        17 190
 6  84  56  70  12   0   5 0.00  0.0    0 15.2 25 210   M    M   0        33 220
 7  77  53  65   7   0   0 0.08  0.0    0 14.5 25  60   M    M   2 38     31  60
 8  77  48  63   5   2   0 0.08  0.0    0 17.4 43 210   M    M   3 38     56 210
 9  72  52  62   3   3   0 0.02  0.0    0 11.0 28 110   M    M   5        34 110
10  80  49  65   6   0   0 1.45  0.0    0  8.9 30 190   M    M   3 138    43 210
11  70  50  60   0   5   0 0.78  0.0    0 13.4 28 340   M    M   3 13     32 340
12  71  43  57  -3   8   0 0.00  0.0    0 10.9 26 300   M    M   0        33 300
13  70  40  55  -5  10   0 0.00  0.0    0 17.3 35  10   M    M   1 8      42  10
14  59  34  47 -13  18   0 0.00  0.0    0  9.7 22 350   M    M   0        26 340
15  59  38  49 -12  16   0    T  0.0    0  8.4 21 210   M    M   6        27 210
16  52  46  49 -12  16   0 0.22  0.0    0  9.8 18  80   M    M  10 1      22  90
17  67  41  54  -8  11   0 0.00  0.0    0  6.3 17  40   M    M   2 1      22  50
18  71  40  56  -6   9   0 0.00  0.0    0  5.0 14 210   M    M   2        18 170
19  67  48  58  -4   7   0 0.00  0.0    0 13.4 24 180   M    M   4        33 170
20  65  48  57  -5   8   0    T  0.0    0 12.1 18 140   M    M   9 1      23 130
21  70  53  62  -1   3   0 0.00  0.0    0 15.0 25 150   M    M   9        32 130
22  80  60  70   7   0   5 0.00  0.0    0 19.3 30 170   M    M   6        38 160
23  77  58  68   4   0   3 2.06  0.0    0 10.0 32 150   M    M   7 123    40 150
24  80  58  69   5   0   4    T  0.0    0  7.6 17 120   M    M   1 1      22 120
25  79  58  69   5   0   4 0.49  0.0    0  9.7 37 280   M    M   3 13     46 270
26  77  53  65   1   0   0 0.23  0.0    0 11.5 37 100   M    M   1 138    47 100
27  70  57  64  -1   1   0 1.09  0.0    0  9.7 31 100   M    M   8 13     43 100
28  76  54  65   0   0   0 0.03  0.0    0 10.2 22 300   M    M   5        29 300
29  83  54  69   3   0   4 0.02  0.0    0  8.1 23 150   M    M   2 18     30 180
================================================================================
SM 2068 1387       176  25  6.63     0.0 317.0          M      106
================================================================================
AV 71.3 47.8                              10.9 FASTST   M    M   4    MAX(MPH)
                                 MISC ---->  # 43 210               # 56  210
================================================================================
NOTES:
# LAST OF SEVERAL OCCURRENCES

COLUMN 17 PEAK WIND IN M.P.H.

PRELIMINARY LOCAL CLIMATOLOGICAL DATA (WS FORM: F-6) , PAGE 2

                                          STATION:  GRAND ISLAND NE
                                          MONTH:    MAY
                                          YEAR:     2016
                                          LATITUDE:   40 58 N
                                          LONGITUDE:  98 19 W

[TEMPERATURE DATA]      [PRECIPITATION DATA]       SYMBOLS USED IN COLUMN 16

AVERAGE MONTHLY: 59.6   TOTAL FOR MONTH:   6.63    1 = FOG OR MIST
DPTR FM NORMAL:  -1.3   DPTR FM NORMAL:    2.52    2 = FOG REDUCING VISIBILITY
HIGHEST:    84 ON  6    GRTST 24HR  2.23 ON 10-11      TO 1/4 MILE OR LESS
LOWEST:     34 ON 14                               3 = THUNDER
                        SNOW, ICE PELLETS, HAIL    4 = ICE PELLETS
                        TOTAL MONTH:   0.0 INCH    5 = HAIL
                        GRTST 24HR     0.0         6 = FREEZING RAIN OR DRIZZLE
                        GRTST DEPTH:   0           7 = DUSTSTORM OR SANDSTORM:
                                                       VSBY 1/2 MILE OR LESS
                                                   8 = SMOKE OR HAZE
[NO. OF DAYS WITH]      [WEATHER - DAYS WITH]      9 = BLOWING SNOW
                                                   X = TORNADO
MAX 32 OR BELOW:   0    0.01 INCH OR MORE:  13
MAX 90 OR ABOVE:   0    0.10 INCH OR MORE:   7
MIN 32 OR BELOW:   0    0.50 INCH OR MORE:   4
MIN  0 OR BELOW:   0    1.00 INCH OR MORE:   3

[HDD (BASE 65) ]
TOTAL THIS MO.   176    CLEAR  (SCALE 0-3)  17
DPTR FM NORMAL     8    PTCLDY (SCALE 4-7)   8
TOTAL FM JUL 1  5131    CLOUDY (SCALE 8-10)  4
DPTR FM NORMAL -1039

[CDD (BASE 65) ]
TOTAL THIS MO.    25
DPTR FM NORMAL   -23    [PRESSURE DATA]
TOTAL FM JAN 1    25    HIGHEST SLP M ON M
DPTR FM NORMAL   -34    LOWEST  SLP 29.44 ON  9

[REMARKS]
