000
CXUS53 KIWX 010800
CF6GSH
PRELIMINARY LOCAL CLIMATOLOGICAL DATA (WS FORM: F-6)

                                          STATION:   GOSHEN
                                          MONTH:     JUNE
                                          YEAR:      2015
                                          LATITUDE:   41 31 N
                                          LONGITUDE:  85 47 W

  TEMPERATURE IN F:       :PCPN:    SNOW:  WIND      :SUNSHINE: SKY     :PK WND
================================================================================
1   2   3   4   5  6A  6B    7    8   9   10  11  12  13   14  15   16   17  18
                                     12Z  AVG MX 2MIN
DY MAX MIN AVG DEP HDD CDD  WTR  SNW DPTH SPD SPD DIR MIN PSBL S-S WX    SPD DR
================================================================================

 1  66  48  57  -7   8   0 0.00  0.0    0  6.4 14  40   M    M   4        18  50
 2  72  43  58  -7   7   0 0.00  0.0    0  6.2 15 110   M    M   1 12     22 100
 3  74  44  59  -6   6   0 0.00  0.0    0  5.2 14 170   M    M   3 1      19 130
 4  81  54  68   3   0   3 0.00  0.0    0  4.5 14 260   M    M   2 18     17 160
 5  78  60  69   3   0   4 0.00  0.0    0  9.4 20  10   M    M   4 18     26  60
 6  79  58  69   3   0   4 0.00  0.0    0  9.8 20  60   M    M   4        22  50
 7  77  58  68   2   0   3 0.61  0.0    0 13.5 35 200   M    M   5 138    45 190
 8  81  60  71   4   0   6 0.40  0.0    0 11.9 28 300   M    M   6 13     36 300
 9  78  55  67   0   0   2 0.00  0.0    0  6.6 15 260   M    M   0 18     18 260
10  88  67  78  11   0  13 0.11  0.0    0 12.0 25 230   M    M   3 3      33 230
11  84  66  75   7   0  10    T  0.0    0  7.3 23 310   M    M   2 138    28 310
12  78  67  73   5   0   8 0.05  0.0    0  7.8 21 240   M    M   5 3      24 250
13  87  68  78  10   0  13 0.03  0.0    0  7.7 22 200   M    M   6 138    28 200
14  84  72  78  10   0  13 0.09  0.0    0 12.1 24 220   M    M   6 138    32 220
15  80  70  75   6   0  10 0.76  0.0    0  8.6 17 230   M    M   8 13     22 210
16  79  63  71   2   0   6 0.05  0.0    0  8.1 14 350   M    M   5 1       M  M
17  73  62  68  -1   0   3 0.44  0.0    0  4.6 14 150   M    M  10 1      17 150
18  83  65  74   4   0   9 0.37  0.0    0  8.0 32 220   M    M   6 138    41 210
19  73  63  68  -2   0   3 0.00  0.0    0  7.7 14  70   M    M   7 1      17  60
20  78  64  71   1   0   6 0.03  0.0    0  7.5 13 250   M    M   8 18     18 230
21  81  66  74   4   0   9 0.20  0.0    0  8.3 30 200   M    M   4 13     37 210
22  84  67  76   6   0  11 0.01  0.0    0 13.3 30 190   M    M   6 1238   36 210
23  80  58  69  -2   0   4    T  0.0    0 12.3 26 270   M    M   3        33 270
24  78  55  67  -4   0   2    T  0.0    0  3.1  8 160   M    M   2 1      14 240
25  79  65  72   1   0   7 0.20  0.0    0  5.0 13  40   M    M   8 1      15  40
26  74  62  68  -3   0   3 0.11  0.0    0  9.8 18 100   M    M   9 1      23 100
27  67  57  62  -9   3   0 0.98  0.0    0 12.1 23  10   M    M   8 1      29  10
28  77  50  64  -8   1   0    T  0.0    0  4.5 10 270   M    M   1        14 270
29  70  57  64  -8   1   0 0.10  0.0    0  6.7 16 130   M    M   8 1      21 120
30  76  57  67  -5   0   2 0.04  0.0    0  7.9 20 320   M    M   6 18     23 310
================================================================================
SM 2339 1801        26 154  4.58     0.0 247.9          M      150
================================================================================
AV 78.0 60.0                               8.3 FASTST   M    M   5    MAX(MPH)
                                 MISC ---->  # 35 200               # 45  190
================================================================================
NOTES:
# LAST OF SEVERAL OCCURRENCES

COLUMN 17 PEAK WIND IN M.P.H.

PRELIMINARY LOCAL CLIMATOLOGICAL DATA (WS FORM: F-6) , PAGE 2

                                          STATION:  GOSHEN
                                          MONTH:    JUNE
                                          YEAR:     2015
                                          LATITUDE:   41 31 N
                                          LONGITUDE:  85 47 W

[TEMPERATURE DATA]      [PRECIPITATION DATA]       SYMBOLS USED IN COLUMN 16

AVERAGE MONTHLY: 69.0   TOTAL FOR MONTH:   4.58    1 = FOG OR MIST
DPTR FM NORMAL:   0.3   DPTR FM NORMAL:    0.52    2 = FOG REDUCING VISIBILITY
HIGHEST:    88 ON 10    GRTST 24HR  1.09 ON 26-27      TO 1/4 MILE OR LESS
LOWEST:     43 ON  2                               3 = THUNDER
                        SNOW, ICE PELLETS, HAIL    4 = ICE PELLETS
                        TOTAL MONTH:   0.0 INCH    5 = HAIL
                        GRTST 24HR     0.0         6 = FREEZING RAIN OR DRIZZLE
                        GRTST DEPTH:   0           7 = DUSTSTORM OR SANDSTORM:
                                                       VSBY 1/2 MILE OR LESS
                                                   8 = SMOKE OR HAZE
[NO. OF DAYS WITH]      [WEATHER - DAYS WITH]      9 = BLOWING SNOW
                                                   X = TORNADO
MAX 32 OR BELOW:   0    0.01 INCH OR MORE:  18
MAX 90 OR ABOVE:   0    0.10 INCH OR MORE:  11
MIN 32 OR BELOW:   0    0.50 INCH OR MORE:   3
MIN  0 OR BELOW:   0    1.00 INCH OR MORE:   0

[HDD (BASE 65) ]
TOTAL THIS MO.    26    CLEAR  (SCALE 0-3)   8
DPTR FM NORMAL   -17    PTCLDY (SCALE 4-7)  18
TOTAL FM JUL 1  6780    CLOUDY (SCALE 8-10)  4
DPTR FM NORMAL   352

[CDD (BASE 65) ]
TOTAL THIS MO.   154
DPTR FM NORMAL     1    [PRESSURE DATA]
TOTAL FM JAN 1   220    HIGHEST SLP 30.24 ON  1
DPTR FM NORMAL    18    LOWEST  SLP 29.62 ON  8

[REMARKS]
#FINAL-06-15#
