000
CXUS52 KGSP 180817
CF6GSP
PRELIMINARY LOCAL CLIMATOLOGICAL DATA (WS FORM: F-6)

                                          STATION:   GREENVILLE-SPARTANBURG SC
                                          MONTH:     DECEMBER
                                          YEAR:      2017
                                          LATITUDE:   34 54 N
                                          LONGITUDE:  82 13 W

  TEMPERATURE IN F:       :PCPN:    SNOW:  WIND      :SUNSHINE: SKY     :PK WND
================================================================================
1   2   3   4   5  6A  6B    7    8   9   10  11  12  13   14  15   16   17  18
                                     12Z  AVG MX 2MIN
DY MAX MIN AVG DEP HDD CDD  WTR  SNW DPTH SPD SPD DIR MIN PSBL S-S WX    SPD DR
================================================================================

 1  69  48  59  12   6   0 0.00  0.0    0  4.1 12  50   M    M   2 12     16  80
 2  62  44  53   6  12   0    T  0.0    0  4.3  9  90   M    M   6 1      13  50
 3  68  39  54   7  11   0 0.00  0.0    0  1.7  9  60   M    M   1 128    11  80
 4  62  42  52   5  13   0 0.00  0.0    0  3.2 10 110   M    M   2        12 110
 5  61  50  56  10   9   0 0.46  0.0    0  4.2 15 230   M    M  10 1      20 210
 6  56  43  50   4  15   0 0.01  0.0    0  2.7 10 210   M    M   6 1      14 220
 7  52  42  47   1  18   0 0.00  0.0    0  4.0 12 200   M    M   2        13 210
 8  44  33  39  -7  26   0 0.78  1.6    0  6.4 13  20   M    M  10 1      18  20
 9  42  29  36  -9  29   0 0.09    T    1  3.3 14 270   M    M   7 1      18 260
10  46  23  35 -10  30   0 0.00  0.0    T  6.0 14 230   M    M   0        17 210
11  57  28  43  -2  22   0 0.00  0.0    T  6.5 14 210   M    M   0        17 230
12  57  29  43  -1  22   0 0.00  0.0    0  8.1 22 260   M    M   1        31 270
13  46  26  36  -8  29   0 0.00  0.0    0  8.9 20 220   M    M   0        25 230
14  60  32  46   2  19   0 0.00  0.0    0  6.1 16 230   M    M   0        21 240
15  50  30  40  -4  25   0 0.00  0.0    0  3.8 12 270   M    M   0        14 270
16  49  26  38  -6  27   0 0.00  0.0    0  4.0 12 210   M    M   0        17 220
17  53  28  41  -3  24   0    T  0.0    0  3.6 14 220   M    M   5 1      17 220
================================================================================
SM  934  592       337   0  1.34     1.6  80.9          M       52
================================================================================
AV 54.9 34.8                               4.8 FASTST   M    M   3    MAX(MPH)
                                 MISC ---->  # 22 260               # 31  270
================================================================================
NOTES:
# LAST OF SEVERAL OCCURRENCES

COLUMN 17 PEAK WIND IN M.P.H.

PRELIMINARY LOCAL CLIMATOLOGICAL DATA (WS FORM: F-6) , PAGE 2

                                          STATION:  GREENVILLE-SPARTANBURG SC
                                          MONTH:    DECEMBER
                                          YEAR:     2017
                                          LATITUDE:   34 54 N
                                          LONGITUDE:  82 13 W

[TEMPERATURE DATA]      [PRECIPITATION DATA]       SYMBOLS USED IN COLUMN 16

AVERAGE MONTHLY: 44.9   TOTAL FOR MONTH:   1.34    1 = FOG OR MIST
DPTR FM NORMAL:  -0.5   DPTR FM NORMAL:   -1.01    2 = FOG REDUCING VISIBILITY
HIGHEST:    69 ON  1    GRTST 24HR  0.78 ON  8- 8      TO 1/4 MILE OR LESS
LOWEST:     23 ON 10                               3 = THUNDER
                        SNOW, ICE PELLETS, HAIL    4 = ICE PELLETS
                        TOTAL MONTH:   1.6 INCHES  5 = HAIL
                        GRTST 24HR   1.6 ON  8- 8  6 = FREEZING RAIN OR DRIZZLE
                        GRTST DEPTH:   1 ON  9     7 = DUSTSTORM OR SANDSTORM:
                                                       VSBY 1/2 MILE OR LESS
                                                   8 = SMOKE OR HAZE
[NO. OF DAYS WITH]      [WEATHER - DAYS WITH]      9 = BLOWING SNOW
                                                   X = TORNADO
MAX 32 OR BELOW:   0    0.01 INCH OR MORE:   4
MAX 90 OR ABOVE:   0    0.10 INCH OR MORE:   2
MIN 32 OR BELOW:   9    0.50 INCH OR MORE:   1
MIN  0 OR BELOW:   0    1.00 INCH OR MORE:   0

[HDD (BASE 65) ]
TOTAL THIS MO.   337    CLEAR  (SCALE 0-3)  11
DPTR FM NORMAL     0    PTCLDY (SCALE 4-7)   4
TOTAL FM JUL 1   831    CLOUDY (SCALE 8-10)  2
DPTR FM NORMAL   -59

[CDD (BASE 65) ]
TOTAL THIS MO.     0
DPTR FM NORMAL     0    [PRESSURE DATA]
TOTAL FM JAN 1  1802    HIGHEST SLP M ON M
DPTR FM NORMAL    87    LOWEST  SLP 29.71 ON 12

[REMARKS]
