000
CXUS54 KEWX 280910
CF6GYB
PRELIMINARY LOCAL CLIMATOLOGICAL DATA (WS FORM: F-6)

                                          STATION:   Giddings-Lee County Airport
                                          MONTH:     FEBRUARY
                                          YEAR:      2015
                                          LATITUDE:   30 10 N
                                          LONGITUDE:  96 59 W

  TEMPERATURE IN F:       :PCPN:    SNOW:  WIND      :SUNSHINE: SKY     :PK WND
================================================================================
1   2   3   4   5  6A  6B    7    8   9   10  11  12  13   14  15   16   17  18
                                     12Z  AVG MX 2MIN
DY MAX MIN AVG DEP HDD CDD  WTR  SNW DPTH SPD SPD DIR MIN PSBL S-S WX    SPD DR
================================================================================

 1  72  45  59   M   6   0 0.00    M    M  9.6 20 340   M    M   5 1      29 360
 2  45  33  39   M  26   0 0.00    M    M  7.4 14 360   M    M   0        21 360
 3  44  40  42   M  23   0 0.14    M    M  1.2  7 200   M    M   7 1       M  M
 4  55  42  49   M  16   0 0.03    M    M  1.3  6 220   M    M  10 1       M  M
 5  52  38  45   M  20   0 0.00    M    M  7.5 16 360   M    M  10 1      23 350
 6  58  38  48   M  17   0 0.00    M    M  3.0  9 200   M    M   5 1       M  M
 7  68  44  56   M   9   0 0.00    M    M  9.4 17 210   M    M   4 1      24 210
 8  73  53  63   M   2   0 0.00    M    M  9.1 15 210   M    M   5 1      24 220
 9  79  50  65   M   0   0 0.03    M    M  4.3  9 340   M    M   0 1       M  M
10  56  49  53   M  12   0 0.00  0.0    M  2.3  5  60   M    M   0         M  M
11   M   M   M   M   M   M    M    M    M   M   M   M   M    M   M         M  M
12   M  46   M   M   M   M 0.00  0.0    M  5.8  9  10   M    M   0         M  M
13  66  38  52   M  13   0 0.00    M    M  3.0  7 200   M    M   2         M  M
14  76  43  60   M   5   0 0.00    M    M  3.4  8 320   M    M   0 1       M  M
15  67  57  62   M   3   0 0.01    M    M  5.9 12 190   M    M   5 1      20 190
16  65  35  50   M  15   0 0.03    M    M 11.9 15 350   M    M   9 1      32 350
17  51  32  42   M  23   0 0.00    M    M  8.0 14  10   M    M   5        20  10
18  63  29  46   M  19   0 0.00    M    M  3.3 10 280   M    M   0        17 280
19  68  33  51   M  14   0 0.00    M    M  6.4 14 200   M    M   2        24 200
20  73  53  63   M   2   0 0.00    M    M 12.1 23 190   M    M  10        36 190
21  75  56  66   M   0   1 0.00    M    M 11.8 18 200   M    M   7        31 190
22  60  38  49   M  16   0 0.00    M    M  8.4 17  10   M    M  10 1      27 360
23  38  31  35   M  30   0 0.00    M    M 11.6 16 360   M    M  10 1      24 360
24  35  30  33   M  32   0 0.00    M    M  5.6 10  10   M    M  10 1       M  M
25  56  34  45   M  20   0 0.00    M    M  4.6 12 320   M    M   6 1      22 310
26  51  29  40   M  25   0 0.00    M    M  7.7 14 350   M    M   2 1      21  20
27  39  34  37   M  28   0 0.00  0.0    0  7.7 10  20   M    M  10        18  20
================================================================================
SM 1485 1050       376   1  0.24     0.0 172.3          M      134
================================================================================
AV 59.4 40.4                               6.6 FASTST   M    M   5    MAX(MPH)
                                 MISC ---->  # 23 190                 36    M
================================================================================
NOTES:
# LAST OF SEVERAL OCCURRENCES

COLUMN 17 PEAK WIND IN M.P.H.

PRELIMINARY LOCAL CLIMATOLOGICAL DATA (WS FORM: F-6) , PAGE 2

                                          STATION:  Giddings-Lee County Airport
                                          MONTH:    FEBRUARY
                                          YEAR:     2015
                                          LATITUDE:   30 10 N
                                          LONGITUDE:  96 59 W

[TEMPERATURE DATA]      [PRECIPITATION DATA]       SYMBOLS USED IN COLUMN 16

AVERAGE MONTHLY: 49.9   TOTAL FOR MONTH:   0.24    1 = FOG OR MIST
DPTR FM NORMAL:     M   DPTR FM NORMAL:       M    2 = FOG REDUCING VISIBILITY
HIGHEST:    79 ON  9    GRTST 24HR  0.14 ON  3- 3      TO 1/4 MILE OR LESS
LOWEST:     29 ON 26,18                            3 = THUNDER
                        SNOW, ICE PELLETS, HAIL    4 = ICE PELLETS
                        TOTAL MONTH:   0.0 INCH    5 = HAIL
                        GRTST 24HR     0.0         6 = FREEZING RAIN OR DRIZZLE
                        GRTST DEPTH:   0           7 = DUSTSTORM OR SANDSTORM:
                                                       VSBY 1/2 MILE OR LESS
                                                   8 = SMOKE OR HAZE
[NO. OF DAYS WITH]      [WEATHER - DAYS WITH]      9 = BLOWING SNOW
                                                   X = TORNADO
MAX 32 OR BELOW:   0    0.01 INCH OR MORE:   5
MAX 90 OR ABOVE:   0    0.10 INCH OR MORE:   1
MIN 32 OR BELOW:   5    0.50 INCH OR MORE:   0
MIN  0 OR BELOW:   0    1.00 INCH OR MORE:   0

[HDD (BASE 65) ]
TOTAL THIS MO.   376    CLEAR  (SCALE 0-3)   9
DPTR FM NORMAL     M    PTCLDY (SCALE 4-7)   9
TOTAL FM JUL 1  1579    CLOUDY (SCALE 8-10)  8
DPTR FM NORMAL     M

[CDD (BASE 65) ]
TOTAL THIS MO.     1
DPTR FM NORMAL     M    [PRESSURE DATA]
TOTAL FM JAN 1     2    HIGHEST SLP M ON M
DPTR FM NORMAL     M    LOWEST  SLP M ON M

[REMARKS]
