000
CXUS54 KFWD 270730
CF6GYI
PRELIMINARY LOCAL CLIMATOLOGICAL DATA (WS FORM: F-6)

                                          STATION:   SHERMAN DENISON
                                          MONTH:     JUNE
                                          YEAR:      2017
                                          LATITUDE:   33 42 N
                                          LONGITUDE:  96 40 W

  TEMPERATURE IN F:       :PCPN:    SNOW:  WIND      :SUNSHINE: SKY     :PK WND
================================================================================
1   2   3   4   5  6A  6B    7    8   9   10  11  12  13   14  15   16   17  18
                                     12Z  AVG MX 2MIN
DY MAX MIN AVG DEP HDD CDD  WTR  SNW DPTH SPD SPD DIR MIN PSBL S-S WX    SPD DR
================================================================================

 1  81  67  74  -1   0   9 0.05  0.0    0  0.0  M   M   M    M   2 3       M  M
 2  77  66  72  -3   0   7 0.44  0.0    0  3.4 14  80   M    M   7 138    18  80
 3  80  67  74  -1   0   9 0.02  0.0    0  0.0  M   M   M    M   7 3       M  M
 4  85  66  76   0   0  11 0.00  0.0    0  0.0  M   M   M    M   4 1       M  M
 5  80  68  74  -2   0   9 0.01  0.0    0  0.3  8  20   M    M   5 1       M  M
 6  91  67  79   3   0  14 0.00  0.0    0  3.5 16 360   M    M   0 1      22  20
 7  86  67  77   1   0  12 0.00  0.0    0  0.2  6  30   M    M   1         M  M
 8  86  63  75  -2   0  10 0.00  0.0    0  0.1  4 190   M    M   2         M  M
 9  83  65  74  -3   0   9 0.02  0.0    0  5.2 17 170   M    M   5        22 170
10  88  69  79   2   0  14 0.00  0.0    0  8.7 18 150   M    M   4        27 140
11  89  72  81   4   0  16 0.00  0.0    0 11.3 21 160   M    M   2        27 170
12  92  73  83   5   0  18 0.00  0.0    0  9.3 22 150   M    M   3        28 150
13  93  76  85   7   0  20 0.00  0.0    0 12.9 20 150   M    M   3        27 170
14  93  76  85   7   0  20 0.00  0.0    0 11.6 20 190   M    M   4        25 200
15  94  74  84   6   0  19 0.00  0.0    0  5.3 16 190   M    M   1        21 170
16  96  73  85   7   0  20 0.00  0.0    0  8.3 16 180   M    M   0        22 180
17  91  76  84   5   0  19 0.00  0.0    0 14.2 22 170   M    M   0        22 170
18  90  73  82   3   0  17 0.00  0.0    0 10.1 17  10   M    M   7        29  10
19  83  68  76  -3   0  11 0.57  0.0    0  6.1 10  40   M    M   7 3      16  40
20  91  68  80   1   0  15 0.00  0.0    0  5.0 10  80   M    M   1 12     17 110
21  91  67  79   0   0  14 0.00  0.0    0  5.3 13  90   M    M   0        20  90
22  89  69  79  -1   0  14 0.00  0.0    0  4.6 10  80   M    M   5         M  M
23  99  72  86   6   0  21 0.00  0.0    0  7.0 14  30   M    M   1        21  30
24  82  67  75  -5   0  10 2.54  0.0    0  6.4 13  70   M    M   5 3      21  60
25  86  65  76  -4   0  11 0.00  0.0    0  5.7 12  90   M    M   2        16  90
26  84  65  75  -5   0  10 0.00  0.0    0  5.6  8  80   M    M   1         M  M
================================================================================
SM 2280 1799         0 359  3.65     0.0 150.1          M       79
================================================================================
AV 87.7 69.2                               5.8 FASTST   M    M   3    MAX(MPH)
                                 MISC ---->    22   M                 29    M
================================================================================
NOTES:
# LAST OF SEVERAL OCCURRENCES

COLUMN 17 PEAK WIND IN M.P.H.

PRELIMINARY LOCAL CLIMATOLOGICAL DATA (WS FORM: F-6) , PAGE 2

                                          STATION:  SHERMAN DENISON
                                          MONTH:    JUNE
                                          YEAR:     2017
                                          LATITUDE:   33 42 N
                                          LONGITUDE:  96 40 W

[TEMPERATURE DATA]      [PRECIPITATION DATA]       SYMBOLS USED IN COLUMN 16

AVERAGE MONTHLY: 78.4   TOTAL FOR MONTH:   3.65    1 = FOG OR MIST
DPTR FM NORMAL:   0.7   DPTR FM NORMAL:   -0.80    2 = FOG REDUCING VISIBILITY
HIGHEST:    99 ON 23    GRTST 24HR  2.54 ON 24-24      TO 1/4 MILE OR LESS
LOWEST:     63 ON  8                               3 = THUNDER
                        SNOW, ICE PELLETS, HAIL    4 = ICE PELLETS
                        TOTAL MONTH:   0.0 INCH    5 = HAIL
                        GRTST 24HR     0.0         6 = FREEZING RAIN OR DRIZZLE
                        GRTST DEPTH:   0           7 = DUSTSTORM OR SANDSTORM:
                                                       VSBY 1/2 MILE OR LESS
                                                   8 = SMOKE OR HAZE
[NO. OF DAYS WITH]      [WEATHER - DAYS WITH]      9 = BLOWING SNOW
                                                   X = TORNADO
MAX 32 OR BELOW:   0    0.01 INCH OR MORE:   7
MAX 90 OR ABOVE:  11    0.10 INCH OR MORE:   3
MIN 32 OR BELOW:   0    0.50 INCH OR MORE:   2
MIN  0 OR BELOW:   0    1.00 INCH OR MORE:   1

[HDD (BASE 65) ]
TOTAL THIS MO.     0    CLEAR  (SCALE 0-3)  14
DPTR FM NORMAL     0    PTCLDY (SCALE 4-7)  12
TOTAL FM JUL 1  1811    CLOUDY (SCALE 8-10)  0
DPTR FM NORMAL -1061

[CDD (BASE 65) ]
TOTAL THIS MO.   359
DPTR FM NORMAL    27    [PRESSURE DATA]
TOTAL FM JAN 1   710    HIGHEST SLP M ON M
DPTR FM NORMAL   110    LOWEST  SLP M ON M

[REMARKS]
