000
CXUS54 KJAN 261200
CF6HBG
PRELIMINARY LOCAL CLIMATOLOGICAL DATA (WS FORM: F-6)

                                          STATION:   HATTIESBURG
                                          MONTH:     FEBRUARY
                                          YEAR:      2015
                                          LATITUDE:   31 16 N
                                          LONGITUDE:  89 15 W

  TEMPERATURE IN F:       :PCPN:    SNOW:  WIND      :SUNSHINE: SKY     :PK WND
================================================================================
1   2   3   4   5  6A  6B    7    8   9   10  11  12  13   14  15   16   17  18
                                     12Z  AVG MX 2MIN
DY MAX MIN AVG DEP HDD CDD  WTR  SNW DPTH SPD SPD DIR MIN PSBL S-S WX    SPD DR
================================================================================

 1  74  43  59  10   6   0 0.38  0.0    0  6.9 24 300   M    M   8 1      35 290
 2  56  31  44  -5  21   0 0.02  0.0    0 10.7 22 310   M    M   2        30 320
 3  48  32  40  -9  25   0 0.00  0.0    0  2.5  8  20   M    M   0        11  20
 4  46  41  44  -5  21   0 0.19  0.0    0  2.5  8 300   M    M   7 1      11 360
 5  59  33  46  -4  19   0 0.00  0.0    0  6.7 17  10   M    M   5 1      22 340
 6  61  26  44  -6  21   0 0.00  0.0    0  0.6  6 250   M    M   0         9 290
 7  70  29  50   0  15   0 0.00  0.0    0  5.3 16 180   M    M   0        21 200
 8  76  41  59   9   6   0 0.00  0.0    0  6.1 18 210   M    M   5        29 180
 9  75  50  63  13   2   0 0.00  0.0    0 10.9 22 320   M    M   2        30 350
10  61  35  48  -3  17   0 0.00  0.0    0  7.3 15  20   M    M   3        20 360
11  70  30  50  -1  15   0 0.00  0.0    0  1.3  8  20   M    M   0 1      13 340
12  61  36  49  -2  16   0 0.00  0.0    0  8.7 21 330   M    M   0        27 320
13  53  29  41 -10  24   0 0.00  0.0    0  3.6 12  30   M    M   0        15  20
14  72  29  51   0  14   0 0.00  0.0    0  4.0 17 250   M    M   0        25 290
15  64  45  55   3  10   0 0.00  0.0    0  5.5 14  10   M    M   1 1      19  10
16  73  34  54   2  11   0 0.44    M    0 10.1 24 310   M    M  10 1      34 210
17  44  30  37 -15  28   0    T  0.0    0 10.2 17 350   M    M   7        24 320
18  53  27  40 -13  25   0 0.00  0.0    0  9.1 26 320   M    M   0        36 310
19  46  27  37 -16  28   0 0.00  0.0    0  4.6 14 360   M    M   2        16 350
20  61  25  43 -10  22   0 0.01  0.0    0  8.7 24 160   M    M   6        32 170
21  70  56  63  10   2   0 0.00  0.0    0 14.7 26 170   M    M   9        36 150
22  71  48  60   6   5   0 0.46  0.0    0  5.4 13 340   M    M  10 1      16  10
23  48  36  42 -12  23   0 0.15  0.0    0 10.7 17 350   M    M  10 18     25 350
24  43  35  39 -15  26   0 0.02  0.0    0  6.5 13  20   M    M  10 1      16  20
25  40  37  39 -16  26   0 0.81  0.0    0  6.9 15  50   M    M  10 13     19 310
================================================================================
SM 1495  885       428   0  2.48     0.0 169.5          M      107
================================================================================
AV 59.8 35.4                               6.8 FASTST   M    M   4    MAX(MPH)
                                 MISC ---->  # 26 320               # 36  310
================================================================================
NOTES:
# LAST OF SEVERAL OCCURRENCES

COLUMN 17 PEAK WIND IN M.P.H.

PRELIMINARY LOCAL CLIMATOLOGICAL DATA (WS FORM: F-6) , PAGE 2

                                          STATION:  HATTIESBURG
                                          MONTH:    FEBRUARY
                                          YEAR:     2015
                                          LATITUDE:   31 16 N
                                          LONGITUDE:  89 15 W

[TEMPERATURE DATA]      [PRECIPITATION DATA]       SYMBOLS USED IN COLUMN 16

AVERAGE MONTHLY: 47.6   TOTAL FOR MONTH:   2.48    1 = FOG OR MIST
DPTR FM NORMAL:  -3.8   DPTR FM NORMAL:   -2.32    2 = FOG REDUCING VISIBILITY
HIGHEST:    76 ON  8    GRTST 24HR  0.81 ON 25-25      TO 1/4 MILE OR LESS
LOWEST:     25 ON 20                               3 = THUNDER
                        SNOW, ICE PELLETS, HAIL    4 = ICE PELLETS
                        TOTAL MONTH:   0.0 INCH    5 = HAIL
                        GRTST 24HR     0.0         6 = FREEZING RAIN OR DRIZZLE
                        GRTST DEPTH:   0           7 = DUSTSTORM OR SANDSTORM:
                                                       VSBY 1/2 MILE OR LESS
                                                   8 = SMOKE OR HAZE
[NO. OF DAYS WITH]      [WEATHER - DAYS WITH]      9 = BLOWING SNOW
                                                   X = TORNADO
MAX 32 OR BELOW:   0    0.01 INCH OR MORE:   9
MAX 90 OR ABOVE:   0    0.10 INCH OR MORE:   6
MIN 32 OR BELOW:  11    0.50 INCH OR MORE:   1
MIN  0 OR BELOW:   0    1.00 INCH OR MORE:   0

[HDD (BASE 65) ]
TOTAL THIS MO.   428    CLEAR  (SCALE 0-3)  13
DPTR FM NORMAL    81    PTCLDY (SCALE 4-7)   6
TOTAL FM JUL 1  1718    CLOUDY (SCALE 8-10)  6
DPTR FM NORMAL    72

[CDD (BASE 65) ]
TOTAL THIS MO.     0
DPTR FM NORMAL     0    [PRESSURE DATA]
TOTAL FM JAN 1     6    HIGHEST SLP M ON M
DPTR FM NORMAL     0    LOWEST  SLP 29.72 ON 16

[REMARKS]
