000
CXUS54 KJAN 011200
CF6HBG
PRELIMINARY LOCAL CLIMATOLOGICAL DATA (WS FORM: F-6)

                                          STATION:   HATTIESBURG
                                          MONTH:     AUGUST
                                          YEAR:      2014
                                          LATITUDE:   31 16 N
                                          LONGITUDE:  89 15 W

  TEMPERATURE IN F:       :PCPN:    SNOW:  WIND      :SUNSHINE: SKY     :PK WND
================================================================================
1   2   3   4   5  6A  6B    7    8   9   10  11  12  13   14  15   16   17  18
                                     12Z  AVG MX 2MIN
DY MAX MIN AVG DEP HDD CDD  WTR  SNW DPTH SPD SPD DIR MIN PSBL S-S WX    SPD DR
================================================================================

 1  81  70  76  -6   0  11 0.15  0.0    0  1.2  8  10   M    M   5 1      22 140
 2  91  70  81  -1   0  16 0.00  0.0    0  1.9 10  40   M    M   4 18     12  40
 3  92  73  83   1   0  18    T  0.0    0  2.9 10 330   M    M   2 138    19  80
 4  93  72  83   1   0  18 0.02  0.0    0  3.0 12 330   M    M   2 138     M  M
 5  95  71  83   1   0  18 0.00  0.0    0  3.2 12 280   M    M   1 1238    M  M
 6  97  72  85   3   0  20 0.01  0.0    0  3.8  M   M   M    M   2 1       M  M
 7  93  73  83   1   0  18 0.01  0.0    0  3.4 20  20   M    M   1 13     27  40
 8  97  71  84   2   0  19 0.00  0.0    0  4.4 14 280   M    M   1 1       M  M
 9  96  73  85   3   0  20 0.47  0.0    0  5.0 21 340   M    M   2 138    28 340
10  92  71  82   0   0  17    T  0.0    0  3.1 16 250   M    M   2 3      23 250
11  92  72  82   0   0  17 0.12  0.0    0  4.3 21 350   M    M   1 3      32 350
12  92  73  83   1   0  18 0.00  0.0    0  4.4 13 330   M    M   3        22  50
13  90  68  79  -3   0  14 0.00  0.0    0  4.3 15 360   M    M   2        25  60
14  90  63  77  -5   0  12 0.00  0.0    0  3.4 12 340   M    M   0        19 280
15  92  63  78  -4   0  13 0.00  0.0    0  3.0 12 280   M    M   1        17  M
16  96  67  82   0   0  17    T  0.0    0  3.9  M   M   M    M   3 3       M  M
17  94  75  85   3   0  20    T  0.0    0  5.2 20 290   M    M   2 3      27 230
18  96  74  85   3   0  20 0.09  0.0    0  3.4 30 330   M    M   1 1238   41 330
19  96  75  86   4   0  21 0.00  0.0    0  6.2 16 250   M    M   2 128    34 220
20  97  75  86   4   0  21 0.00  0.0    0  4.0 10 200   M    M   1         M  M
21  98  73  86   5   0  21 0.16  0.0    0  2.3 18 300   M    M   1 138    25 300
22  98  73  86   5   0  21 0.00  0.0    0  2.3 10 360   M    M   0 128    18 330
23  99  75  87   6   0  22 0.00  0.0    0  2.5 10 330   M    M   1 1238   14 320
24 100  72  86   5   0  21    T  0.0    0  4.6 18  50   M    M   0 123    25  40
25  93  74  84   3   0  19    T  0.0    0  4.5 18 100   M    M   1        33  90
26  93  67  80  -1   0  15 0.00  0.0    0  4.2 15  60   M    M   1 1      20  80
27  96  68  82   1   0  17 0.00  0.0    0  3.1 12  60   M    M   2        18 350
28  94  71  83   2   0  18    T  0.0    0  2.6 14 150   M    M   1        17 280
29  93  70  82   1   0  17 0.05  0.0    0  3.8 22 220   M    M   2 138    33 170
30  92  74  83   2   0  18 0.52  0.0    0  4.7 23 240   M    M   5 1238   35 240
31  96  74  85   5   0  20 0.00  0.0    0  3.7 14 170   M    M   4 12      M 200
================================================================================
SM 2914 2212         0 557  1.60     0.0 112.3          M       56
================================================================================
AV 94.0 71.4                               3.6 FASTST   M    M   2    MAX(MPH)
                                 MISC ---->  # 30 330               # 41  330
================================================================================
NOTES:
# LAST OF SEVERAL OCCURRENCES

COLUMN 17 PEAK WIND IN M.P.H.

PRELIMINARY LOCAL CLIMATOLOGICAL DATA (WS FORM: F-6) , PAGE 2

                                          STATION:  HATTIESBURG
                                          MONTH:    AUGUST
                                          YEAR:     2014
                                          LATITUDE:   31 16 N
                                          LONGITUDE:  89 15 W

[TEMPERATURE DATA]      [PRECIPITATION DATA]       SYMBOLS USED IN COLUMN 16

AVERAGE MONTHLY: 82.7   TOTAL FOR MONTH:   1.60    1 = FOG OR MIST
DPTR FM NORMAL:   1.2   DPTR FM NORMAL:   -3.13    2 = FOG REDUCING VISIBILITY
HIGHEST:   100 ON 24    GRTST 24HR  0.54 ON 29-30      TO 1/4 MILE OR LESS
LOWEST:     63 ON 15,14                            3 = THUNDER
                        SNOW, ICE PELLETS, HAIL    4 = ICE PELLETS
                        TOTAL MONTH:   0.0 INCH    5 = HAIL
                        GRTST 24HR     0.0         6 = FREEZING RAIN OR DRIZZLE
                        GRTST DEPTH:   0           7 = DUSTSTORM OR SANDSTORM:
                                                       VSBY 1/2 MILE OR LESS
                                                   8 = SMOKE OR HAZE
[NO. OF DAYS WITH]      [WEATHER - DAYS WITH]      9 = BLOWING SNOW
                                                   X = TORNADO
MAX 32 OR BELOW:   0    0.01 INCH OR MORE:  10
MAX 90 OR ABOVE:  30    0.10 INCH OR MORE:   5
MIN 32 OR BELOW:   0    0.50 INCH OR MORE:   1
MIN  0 OR BELOW:   0    1.00 INCH OR MORE:   0

[HDD (BASE 65) ]
TOTAL THIS MO.     0    CLEAR  (SCALE 0-3)  27
DPTR FM NORMAL     0    PTCLDY (SCALE 4-7)   4
TOTAL FM JUL 1     0    CLOUDY (SCALE 8-10)  0
DPTR FM NORMAL     0

[CDD (BASE 65) ]
TOTAL THIS MO.   557
DPTR FM NORMAL    46    [PRESSURE DATA]
TOTAL FM JAN 1  1879    HIGHEST SLP 30.15 ON 21
DPTR FM NORMAL     8    LOWEST  SLP 29.84 ON 24

[REMARKS]
#FINAL-08-14#
