000
CXUS53 KGID 270730
CF6HDE
PRELIMINARY LOCAL CLIMATOLOGICAL DATA (WS FORM: F-6)

                                          STATION:   HOLDREGE
                                          MONTH:     MAY
                                          YEAR:      2017
                                          LATITUDE:   40 27 N
                                          LONGITUDE:  99 20 W

  TEMPERATURE IN F:       :PCPN:    SNOW:  WIND      :SUNSHINE: SKY     :PK WND
================================================================================
1   2   3   4   5  6A  6B    7    8   9   10  11  12  13   14  15   16   17  18
                                     12Z  AVG MX 2MIN
DY MAX MIN AVG DEP HDD CDD  WTR  SNW DPTH SPD SPD DIR MIN PSBL S-S WX    SPD DR
================================================================================

 1  63  33  48  -7  17   0 0.06    M    M 11.8 27 270   M    M   3        33 270
 2  56  40  48  -7  17   0    T    M    M  6.7 10 350   M    M   8         M  M
 3  59  40  50  -6  15   0    T    M    M  9.5 21  40   M    M   5 3      27 350
 4  67  38  53  -3  12   0 0.00    M    M  8.2 15 360   M    M   0        22 360
 5  77  36  57   1   8   0 0.00    M    M  4.2 10 220   M    M   0         M  M
 6  83  47  65   8   0   0 0.00    M    M  5.4 10 150   M    M   0        18 170
 7  86  51  69  12   0   4 0.00    M    M 15.6 27 150   M    M   0 3      32 160
 8  87  59  73  16   0   8 0.06    M    M 10.4 15 220   M    M   2 3      20 200
 9  77  55  66   8   0   1    T    M    M 11.7 21  60   M    M   4 3      24  70
10  60  51  56  -2   9   0 0.44    M    M 12.0 22  70   M    M   9 13     41  50
11  67  47  57  -1   8   0    T    M    M 12.5 21  50   M    M   5        25  50
12  73  42  58  -1   7   0 0.00    M    M  5.4 10 150   M    M   0         M  M
13  76  43  60   1   5   0 0.00    M    M 15.5 28 190   M    M   0        37 190
14  83  58  71  12   0   6 0.00    M    M 12.3 18  10   M    M   0        23  30
15  87  60  74  14   0   9 0.53    M    M 11.4 39 200   M    M   2 3      54 200
16  79  56  68   8   0   3 1.37    M    M 11.1 24 190   M    M   3 3      67 190
17  63  52  58  -2   7   0 1.02    M    M 10.9 23 320   M    M   8 3      37  10
18  52  48  50 -10  15   0 0.58    M    M 20.2 25  60   M    M  10 3      35  60
19  51  44  48 -13  17   0 0.32    M    M 18.2 27  20   M    M  10 13     31  20
20  45  38  42 -19  23   0 0.22    M    M 15.0 21 310   M    M   9 13     31 310
21  69  36  53  -9  12   0    T    M    M  6.2 12 300   M    M   1        16 350
22  72  49  61  -1   4   0 0.11    M    M  9.1 16 350   M    M   4        23 350
23  58  43  51 -11  14   0 0.00    M    M 12.1 21 360   M    M   7        30 360
24  66  40  53 -10  12   0 0.00    M    M  7.6 15 150   M    M   2        17 210
25  76  49  63   0   2   0    T    M    M 11.7 21 170   M    M   1 3      28 170
26  76  55  66   3   0   1 0.00    M    M  8.4 18  10   M    M   1        27  10
================================================================================
SM 1808 1210       204  32  4.71    M    283.1          M       94
================================================================================
AV 69.5 46.5                              10.9 FASTST   M    M   4    MAX(MPH)
                                 MISC ---->  # 39 200               # 67  190
================================================================================
NOTES:
# LAST OF SEVERAL OCCURRENCES

COLUMN 17 PEAK WIND IN M.P.H.

PRELIMINARY LOCAL CLIMATOLOGICAL DATA (WS FORM: F-6) , PAGE 2

                                          STATION:  HOLDREGE
                                          MONTH:    MAY
                                          YEAR:     2017
                                          LATITUDE:   40 27 N
                                          LONGITUDE:  99 20 W

[TEMPERATURE DATA]      [PRECIPITATION DATA]       SYMBOLS USED IN COLUMN 16

AVERAGE MONTHLY: 58.0   TOTAL FOR MONTH:   4.71    1 = FOG OR MIST
DPTR FM NORMAL:  -1.1   DPTR FM NORMAL:    0.99    2 = FOG REDUCING VISIBILITY
HIGHEST:    87 ON 15, 8 GRTST 24HR  1.37 ON 16-16      TO 1/4 MILE OR LESS
LOWEST:     33 ON  1                               3 = THUNDER
                        SNOW, ICE PELLETS, HAIL    4 = ICE PELLETS
                        TOTAL MONTH:    M          5 = HAIL
                        GRTST 24HR    M  ON   M    6 = FREEZING RAIN OR DRIZZLE
                        GRTST DEPTH:  M  ON   M    7 = DUSTSTORM OR SANDSTORM:
                                                       VSBY 1/2 MILE OR LESS
                                                   8 = SMOKE OR HAZE
[NO. OF DAYS WITH]      [WEATHER - DAYS WITH]      9 = BLOWING SNOW
                                                   X = TORNADO
MAX 32 OR BELOW:   0    0.01 INCH OR MORE:  10
MAX 90 OR ABOVE:   0    0.10 INCH OR MORE:   8
MIN 32 OR BELOW:   0    0.50 INCH OR MORE:   4
MIN  0 OR BELOW:   0    1.00 INCH OR MORE:   2

[HDD (BASE 65) ]
TOTAL THIS MO.   204    CLEAR  (SCALE 0-3)  15
DPTR FM NORMAL    20    PTCLDY (SCALE 4-7)   7
TOTAL FM JUL 1  5309    CLOUDY (SCALE 8-10)  4
DPTR FM NORMAL  -911

[CDD (BASE 65) ]
TOTAL THIS MO.    32
DPTR FM NORMAL     0    [PRESSURE DATA]
TOTAL FM JAN 1    38    HIGHEST SLP M ON M
DPTR FM NORMAL    -1    LOWEST  SLP M ON M

[REMARKS]
