000
CXUS53 KGID 280730
CF6HDE
PRELIMINARY LOCAL CLIMATOLOGICAL DATA (WS FORM: F-6)

                                          STATION:   HOLDREGE
                                          MONTH:     AUGUST
                                          YEAR:      2015
                                          LATITUDE:   40 27 N
                                          LONGITUDE:  99 20 W

  TEMPERATURE IN F:       :PCPN:    SNOW:  WIND      :SUNSHINE: SKY     :PK WND
================================================================================
1   2   3   4   5  6A  6B    7    8   9   10  11  12  13   14  15   16   17  18
                                     12Z  AVG MX 2MIN
DY MAX MIN AVG DEP HDD CDD  WTR  SNW DPTH SPD SPD DIR MIN PSBL S-S WX    SPD DR
================================================================================

 1  87  62  75   0   0  10 0.00    M    M  8.1 17  20   M    M   0        24  60
 2  95  65  80   5   0  15 0.00    M    M  6.2 23  20   M    M   0 3      29  20
 3  85  60  73  -2   0   8 0.00    M    M  9.0 17 100   M    M   1         M  M
 4  79  62  71  -4   0   6 0.70    M    M  9.4 18  90   M    M   6 123    27  90
 5  81  59  70  -4   0   5 0.00    M    M  3.6 13 100   M    M   3 12      M  M
 6  81  64  73  -1   0   8 0.04    M    M  8.0 16 160   M    M   3 13     23 160
 7  89  60  75   1   0  10 0.42    M    M  5.1 13 130   M    M   4 123    17  50
 8  81  64  73  -1   0   8 0.27    M    M  4.7 16  90   M    M   5 3       M  M
 9  85  68  77   3   0  12 0.00    M    M  2.3  7  90   M    M   2 1       M  M
10  79  64  72  -2   0   7 0.00    M    M  5.9 12  40   M    M   2        18  40
11  81  58  70  -4   0   5 0.00    M    M  5.3  9 190   M    M   1         M  M
12  85  60  73  -1   0   8 0.00    M    M  8.1 16 180   M    M   0        23 180
13  87  64  76   2   0  11 0.03    M    M  9.5 15 150   M    M   1 3      24 190
14  88  64  76   2   0  11 0.00    M    M  6.4 12  20   M    M   1         M  M
15  91  66  79   5   0  14 0.00    M    M 10.0 16 180   M    M   0        22 180
16  84  67  76   2   0  11 1.04    M    M  7.5 21 340   M    M   6 13     44 340
17  68  62  65  -8   0   0 0.03    M    M  8.9 13  60   M    M  10 1      17  10
18  72  52  62 -11   3   0 0.00    M    M  9.3 17 350   M    M   7 1      22 330
19  73  49  61 -12   4   0 0.00    M    M  8.5 15 280   M    M   1        21 320
20  85  52  69  -4   0   4 0.00    M    M 10.2 20 180   M    M   0        29 180
21  86  58  72  -1   0   7 0.00    M    M 14.2 20 180   M    M   0        30 180
22  83  58  71  -1   0   6 0.00    M    M 13.5 23 190   M    M   2 1      29 190
23  71  46  59 -13   6   0 0.00    M    M  6.4 15 360   M    M   0        21 360
24  81  50  66  -6   0   1 0.00    M    M  4.7  8 150   M    M   0         M  M
25  84  50  67  -5   0   2 0.00    M    M  4.9 10 150   M    M   0         M  M
26  90  55  73   1   0   8 0.00    M    M  8.6 16 170   M    M   0        22 160
27  91  67  79   8   0  14    T    M    M 10.4 22 140   M    M   0        29 130
================================================================================
SM 2242 1606        13 191  2.53    M    208.7          M       55
================================================================================
AV 83.0 59.5                               7.7 FASTST   M    M   2    MAX(MPH)
                                 MISC ---->  # 23  20                 44    M
================================================================================
NOTES:
# LAST OF SEVERAL OCCURRENCES

COLUMN 17 PEAK WIND IN M.P.H.

PRELIMINARY LOCAL CLIMATOLOGICAL DATA (WS FORM: F-6) , PAGE 2

                                          STATION:  HOLDREGE
                                          MONTH:    AUGUST
                                          YEAR:     2015
                                          LATITUDE:   40 27 N
                                          LONGITUDE:  99 20 W

[TEMPERATURE DATA]      [PRECIPITATION DATA]       SYMBOLS USED IN COLUMN 16

AVERAGE MONTHLY: 71.3   TOTAL FOR MONTH:   2.53    1 = FOG OR MIST
DPTR FM NORMAL:  -2.2   DPTR FM NORMAL:   -0.57    2 = FOG REDUCING VISIBILITY
HIGHEST:    95 ON  2    GRTST 24HR  1.04 ON 16-16      TO 1/4 MILE OR LESS
LOWEST:     46 ON 23                               3 = THUNDER
                        SNOW, ICE PELLETS, HAIL    4 = ICE PELLETS
                        TOTAL MONTH:    M          5 = HAIL
                        GRTST 24HR    M  ON   M    6 = FREEZING RAIN OR DRIZZLE
                        GRTST DEPTH:  M  ON   M    7 = DUSTSTORM OR SANDSTORM:
                                                       VSBY 1/2 MILE OR LESS
                                                   8 = SMOKE OR HAZE
[NO. OF DAYS WITH]      [WEATHER - DAYS WITH]      9 = BLOWING SNOW
                                                   X = TORNADO
MAX 32 OR BELOW:   0    0.01 INCH OR MORE:   7
MAX 90 OR ABOVE:   4    0.10 INCH OR MORE:   4
MIN 32 OR BELOW:   0    0.50 INCH OR MORE:   2
MIN  0 OR BELOW:   0    1.00 INCH OR MORE:   1

[HDD (BASE 65) ]
TOTAL THIS MO.    13    CLEAR  (SCALE 0-3)  20
DPTR FM NORMAL    11    PTCLDY (SCALE 4-7)   6
TOTAL FM JUL 1    19    CLOUDY (SCALE 8-10)  1
DPTR FM NORMAL    14

[CDD (BASE 65) ]
TOTAL THIS MO.   191
DPTR FM NORMAL   -45    [PRESSURE DATA]
TOTAL FM JAN 1   689    HIGHEST SLP M ON M
DPTR FM NORMAL   -97    LOWEST  SLP M ON M

[REMARKS]
