000
CXUS53 KGID 310730
CF6HDE
PRELIMINARY LOCAL CLIMATOLOGICAL DATA (WS FORM: F-6)

                                          STATION:   HOLDREGE
                                          MONTH:     OCTOBER
                                          YEAR:      2014
                                          LATITUDE:   40 27 N
                                          LONGITUDE:  99 20 W

  TEMPERATURE IN F:       :PCPN:    SNOW:  WIND      :SUNSHINE: SKY     :PK WND
================================================================================
1   2   3   4   5  6A  6B    7    8   9   10  11  12  13   14  15   16   17  18
                                     12Z  AVG MX 2MIN
DY MAX MIN AVG DEP HDD CDD  WTR  SNW DPTH SPD SPD DIR MIN PSBL S-S WX    SPD DR
================================================================================

 1  78  53  66   8   0   1 0.61    M    M  1.8 12  90   M    M   5 1238    M  M
 2  67  48  58   0   7   0 0.06    M    M  9.4 18 360   M    M   5 3      25 310
 3  55  36  46 -11  19   0 0.04    M    M 13.1 23 320   M    M   2        36 340
 4  64  32  48  -9  17   0 0.00    M    M  2.0  9 220   M    M   3         M  M
 5  72  46  59   3   6   0 0.03    M    M 10.0 18 310   M    M   2        31 310
 6  77  48  63   7   2   0 0.00    M    M  6.2 15 270   M    M   2        24 280
 7  76  49  63   8   2   0 0.00    M    M  2.2  9 300   M    M   1        16 360
 8  71  44  58   3   7   0 0.00    M    M  3.5 12 140   M    M   4         M  M
 9  64  50  57   2   8   0 0.00    M    M 10.9 21  60   M    M   6        24  60
10  54  37  46  -8  19   0 0.00    M    M  6.2 16  40   M    M   4        22  50
11  61  34  48  -6  17   0 0.00    M    M  6.3 14 190   M    M   0        18 180
12  55  42  49  -5  16   0 0.11    M    M  8.1 16 330   M    M   4        25 210
13  63  43  53   0  12   0 0.11    M    M 15.1 27 350   M    M   3        40 340
14  66  38  52  -1  13   0 0.00    M    M  6.4 15 330   M    M   0        21 350
15  74  35  55   3  10   0 0.00    M    M  7.6 16 170   M    M   0        22 200
16  75  38  57   5   8   0 0.00    M    M  7.6 18 350   M    M   0        28 360
17  65  39  52   0  13   0 0.00    M    M  5.2 15 330   M    M   0        23 340
18  63  32  48  -3  17   0 0.00    M    M  1.9 13 170   M    M   0         M  M
19  71  40  56   5   9   0 0.00    M    M  3.0 12 220   M    M   0        17 230
20  75  41  58   8   7   0 0.00    M    M  0.0  M   M   M    M   0 8       M  M
21  75  44  60  10   5   0 0.00    M    M  8.7 20 160   M    M   0        27 170
22  65  47  56   6   9   0    T    M    M  5.2 14 200   M    M   5 123    20 190
23  63  43  53   4  12   0 0.00    M    M  1.0 10 200   M    M   5 12      M  M
24  84  46  65  16   0   0 0.00    M    M  2.5 10 300   M    M   0 18      M  M
25  78  40  59  11   6   0 0.00    M    M  3.5 13  90   M    M   0         M  M
26  78  47  63  15   2   0 0.00    M    M  0.4 10 100   M    M   0 1       M  M
27  67  40  54   7  11   0 0.00    M    M  9.4 22 360   M    M   3        29 340
28  60  30  45  -2  20   0 0.00    M    M  2.4 14 310   M    M   0        23 310
29  66  26  46   0  19   0 0.00    M    M  3.9 15 170   M    M   0        22 160
30  64  35  50   4  15   0 0.00    M    M 12.4 23 350   M    M   0        32 350
================================================================================
SM 2046 1223       308   1  0.96    M    175.9          M       54
================================================================================
AV 68.2 40.8                               5.9 FASTST   M    M   2    MAX(MPH)
                                 MISC ---->  # 27 350                 40    M
================================================================================
NOTES:
# LAST OF SEVERAL OCCURRENCES

COLUMN 17 PEAK WIND IN M.P.H.

PRELIMINARY LOCAL CLIMATOLOGICAL DATA (WS FORM: F-6) , PAGE 2

                                          STATION:  HOLDREGE
                                          MONTH:    OCTOBER
                                          YEAR:     2014
                                          LATITUDE:   40 27 N
                                          LONGITUDE:  99 20 W

[TEMPERATURE DATA]      [PRECIPITATION DATA]       SYMBOLS USED IN COLUMN 16

AVERAGE MONTHLY: 54.5   TOTAL FOR MONTH:   0.96    1 = FOG OR MIST
DPTR FM NORMAL:   2.4   DPTR FM NORMAL:   -0.98    2 = FOG REDUCING VISIBILITY
HIGHEST:    84 ON 24    GRTST 24HR  0.61 ON  1- 1      TO 1/4 MILE OR LESS
LOWEST:     26 ON 29                               3 = THUNDER
                        SNOW, ICE PELLETS, HAIL    4 = ICE PELLETS
                        TOTAL MONTH:    M          5 = HAIL
                        GRTST 24HR    M  ON   M    6 = FREEZING RAIN OR DRIZZLE
                        GRTST DEPTH:  M  ON   M    7 = DUSTSTORM OR SANDSTORM:
                                                       VSBY 1/2 MILE OR LESS
                                                   8 = SMOKE OR HAZE
[NO. OF DAYS WITH]      [WEATHER - DAYS WITH]      9 = BLOWING SNOW
                                                   X = TORNADO
MAX 32 OR BELOW:   0    0.01 INCH OR MORE:   6
MAX 90 OR ABOVE:   0    0.10 INCH OR MORE:   3
MIN 32 OR BELOW:   4    0.50 INCH OR MORE:   1
MIN  0 OR BELOW:   0    1.00 INCH OR MORE:   0

[HDD (BASE 65) ]
TOTAL THIS MO.   308    CLEAR  (SCALE 0-3)  20
DPTR FM NORMAL   -88    PTCLDY (SCALE 4-7)  10
TOTAL FM JUL 1   433    CLOUDY (SCALE 8-10)  0
DPTR FM NORMAL   -86

[CDD (BASE 65) ]
TOTAL THIS MO.     1
DPTR FM NORMAL    -6    [PRESSURE DATA]
TOTAL FM JAN 1   898    HIGHEST SLP M ON M
DPTR FM NORMAL   -15    LOWEST  SLP M ON M

[REMARKS]
