000
CXUS53 KBIS 200724
CF6HEI
PRELIMINARY LOCAL CLIMATOLOGICAL DATA (WS FORM: F-6)

                                          STATION:   HETTINGER ND
                                          MONTH:     OCTOBER
                                          YEAR:      2014
                                          LATITUDE:   46  0 N
                                          LONGITUDE: 102 39 W

  TEMPERATURE IN F:       :PCPN:    SNOW:  WIND      :SUNSHINE: SKY     :PK WND
================================================================================
1   2   3   4   5  6A  6B    7    8   9   10  11  12  13   14  15   16   17  18
                                     12Z  AVG MX 2MIN
DY MAX MIN AVG DEP HDD CDD  WTR  SNW DPTH SPD SPD DIR MIN PSBL S-S WX    SPD DR
================================================================================

 1  54  38  46  -3  19   0 0.00    M    M 13.7 24 280   M    M   8        30 280
 2  60  34  47  -2  18   0    T    M    M 16.4 32 310   M    M   5        42 310
 3  47  20  34 -14  31   0 0.00    M    M 18.7 36 300   M    M   4        46 310
 4  61  23  42  -6  23   0 0.00    M    M  5.7 17 310   M    M   7        23 320
 5  65  38  52   5  13   0    T    M    M 17.3 38 300   M    M   4        48 300
 6  65  40  53   6  12   0    T    M    M 16.0 29 290   M    M   5        46 280
 7  58  31  45  -2  20   0 0.00    M    M 14.0 31 310   M    M   2        37 320
 8  57  28  43  -3  22   0    T    M    M  7.7 18  70   M    M   5        22  80
 9  57  27  42  -4  23   0 0.00    M    M  4.5 12 140   M    M   3 8      15 140
10  60  23  42  -3  23   0 0.00    M    M  7.8 17 140   M    M   0        24 120
11  73  36  55  10  10   0 0.00    M    M  6.5 13 160   M    M   1 8      17 180
12  56  37  47   2  18   0 0.03    M    M 14.1 26 330   M    M   6 18     36 340
13  64  27  46   2  19   0 0.00    M    M  8.4 21 320   M    M   1        29 320
14  68  26  47   3  18   0 0.00    M    M  7.9 20 190   M    M   0        25 170
15  79  42  61  18   4   0 0.00    M    M  6.9 17 180   M    M   0        21 210
16  58  39  49   6  16   0 0.00    M    M 24.7 41 290   M    M   6        54 280
17  54  31  43   0  22   0 0.00    M    M  8.2 17 320   M    M   4 1      21 320
18  65  32  49   7  16   0 0.00    M    M  8.8 20 170   M    M   2 12     26 180
19  72  31  52  10  13   0 0.00    M    M  5.6 20 330   M    M   0        26 290
================================================================================
SM 1173  603       340   0  0.03    M    212.9          M       63
================================================================================
AV 61.7 31.7                              11.2 FASTST   M    M   3    MAX(MPH)
                                 MISC ---->  # 41 290               # 54  280
================================================================================
NOTES:
# LAST OF SEVERAL OCCURRENCES

COLUMN 17 PEAK WIND IN M.P.H.

PRELIMINARY LOCAL CLIMATOLOGICAL DATA (WS FORM: F-6) , PAGE 2

                                          STATION:  HETTINGER ND
                                          MONTH:    OCTOBER
                                          YEAR:     2014
                                          LATITUDE:   46  0 N
                                          LONGITUDE: 102 39 W

[TEMPERATURE DATA]      [PRECIPITATION DATA]       SYMBOLS USED IN COLUMN 16

AVERAGE MONTHLY: 46.7   TOTAL FOR MONTH:   0.03    1 = FOG OR MIST
DPTR FM NORMAL:   1.3   DPTR FM NORMAL:   -0.63    2 = FOG REDUCING VISIBILITY
HIGHEST:    79 ON 15    GRTST 24HR  0.49 ON 30- 1      TO 1/4 MILE OR LESS
LOWEST:     20 ON  3                               3 = THUNDER
                        SNOW, ICE PELLETS, HAIL    4 = ICE PELLETS
                        TOTAL MONTH:    M          5 = HAIL
                        GRTST 24HR    M  ON   M    6 = FREEZING RAIN OR DRIZZLE
                        GRTST DEPTH:  M  ON   M    7 = DUSTSTORM OR SANDSTORM:
                                                       VSBY 1/2 MILE OR LESS
                                                   8 = SMOKE OR HAZE
[NO. OF DAYS WITH]      [WEATHER - DAYS WITH]      9 = BLOWING SNOW
                                                   X = TORNADO
MAX 32 OR BELOW:   0    0.01 INCH OR MORE:   1
MAX 90 OR ABOVE:   0    0.10 INCH OR MORE:   0
MIN 32 OR BELOW:  11    0.50 INCH OR MORE:   0
MIN  0 OR BELOW:   0    1.00 INCH OR MORE:   0

[HDD (BASE 65) ]
TOTAL THIS MO.   340    CLEAR  (SCALE 0-3)   8
DPTR FM NORMAL   -32    PTCLDY (SCALE 4-7)  11
TOTAL FM JUL 1   735    CLOUDY (SCALE 8-10)  0
DPTR FM NORMAL    -8

[CDD (BASE 65) ]
TOTAL THIS MO.     0
DPTR FM NORMAL     0    [PRESSURE DATA]
TOTAL FM JAN 1   241    HIGHEST SLP  0.00 ON 16
DPTR FM NORMAL  -135    LOWEST  SLP 29.46 ON 16

[REMARKS]
