235
CXUS53 KBIS 250741
CF6HEI
PRELIMINARY LOCAL CLIMATOLOGICAL DATA (WS FORM: F-6)

                                          STATION:   HETTINGER ND
                                          MONTH:     JULY
                                          YEAR:      2016
                                          LATITUDE:   46  0 N
                                          LONGITUDE: 102 39 W

  TEMPERATURE IN F:       :PCPN:    SNOW:  WIND      :SUNSHINE: SKY     :PK WND
================================================================================
1   2   3   4   5  6A  6B    7    8   9   10  11  12  13   14  15   16   17  18
                                     12Z  AVG MX 2MIN
DY MAX MIN AVG DEP HDD CDD  WTR  SNW DPTH SPD SPD DIR MIN PSBL S-S WX    SPD DR
================================================================================

 1  79  52  66   0   0   1    T    M    M 13.5 23 140   M    M   4        28 150
 2  86  57  72   6   0   7    T    M    M 13.6 25 170   M    M   5 12     31 170
 3  95  60  78  12   0  13    T    M    M 10.5 24 210   M    M   4        31 190
 4  95  55  75   8   0  10    T    M    M  9.7 22  50   M    M   2        27 300
 5  86  51  69   2   0   4 0.00    M    M 10.8 26  40   M    M   0        34  30
 6  86  45  66  -1   0   1 0.12    M    M 10.3 54 350   M    M   2 13     71 360
 7  79  50  65  -2   0   0    T    M    M 11.4 28 300   M    M   2        35 300
 8  87  45  66  -2   0   1 0.00    M    M  8.7 18 120   M    M   0        25 120
 9  97  61  79  11   0  14    T    M    M  8.8 30 350   M    M   1 3      40 350
10  90  60  75   7   0  10 0.22    M    M 14.6 37 310   M    M   2 13     46 310
11  80  59  70   2   0   5    T    M    M 15.9 43 260   M    M   3 1      53 280
12  83  54  69   1   0   4 0.00    M    M 21.1 37 260   M    M   1        49 260
13  82  50  66  -2   0   1 0.00    M    M 15.3 31 300   M    M   2        42 290
14  79  50  65  -4   0   0 0.25    M    M  8.2 26 320   M    M   2 38     38 330
15  81  45  63  -6   2   0 0.00    M    M  6.0 15 140   M    M   1        19 150
16  84  54  69   0   0   4    T    M    M 11.3 22 120   M    M   3 3      28 120
17  83  54  69   0   0   4 0.00    M    M  9.1 21 300   M    M   1        24 300
18  92  57  75   6   0  10 0.00    M    M 12.6 24 130   M    M   0        33 130
19  99  67  83  14   0  18 0.00    M    M  9.4 16 180   M    M   0        20 140
20 105  67  86  17   0  21    T    M    M  7.6 23  50   M    M   0 38     28 160
21  97  69  83  13   0  18    T    M    M  9.9 18  90   M    M   0 3      24  90
22  97  61  79   9   0  14    T    M    M 14.5 30 100   M    M   3 123    38 110
23  88  52  70   0   0   5 0.00    M    M 15.2 32 330   M    M   2        37 340
24  90  49  70   0   0   5 0.00    M    M  6.8 15 320   M    M   1        19 330
================================================================================
SM 2120 1324         2 170  0.59    M    274.8          M       41
================================================================================
AV 88.3 55.2                              11.5 FASTST   M    M   2    MAX(MPH)
                                 MISC ---->  # 54 350               # 71  360
================================================================================
NOTES:
# LAST OF SEVERAL OCCURRENCES

COLUMN 17 PEAK WIND IN M.P.H.

PRELIMINARY LOCAL CLIMATOLOGICAL DATA (WS FORM: F-6) , PAGE 2

                                          STATION:  HETTINGER ND
                                          MONTH:    JULY
                                          YEAR:     2016
                                          LATITUDE:   46  0 N
                                          LONGITUDE: 102 39 W

[TEMPERATURE DATA]      [PRECIPITATION DATA]       SYMBOLS USED IN COLUMN 16

AVERAGE MONTHLY: 71.8   TOTAL FOR MONTH:   0.59    1 = FOG OR MIST
DPTR FM NORMAL:   3.5   DPTR FM NORMAL:   -1.29    2 = FOG REDUCING VISIBILITY
HIGHEST:   105 ON 20    GRTST 24HR  0.25 ON 14-14      TO 1/4 MILE OR LESS
LOWEST:     45 ON 15, 8                            3 = THUNDER
                        SNOW, ICE PELLETS, HAIL    4 = ICE PELLETS
                        TOTAL MONTH:    M          5 = HAIL
                        GRTST 24HR    M  ON   M    6 = FREEZING RAIN OR DRIZZLE
                        GRTST DEPTH:  M  ON   M    7 = DUSTSTORM OR SANDSTORM:
                                                       VSBY 1/2 MILE OR LESS
                                                   8 = SMOKE OR HAZE
[NO. OF DAYS WITH]      [WEATHER - DAYS WITH]      9 = BLOWING SNOW
                                                   X = TORNADO
MAX 32 OR BELOW:   0    0.01 INCH OR MORE:   3
MAX 90 OR ABOVE:  10    0.10 INCH OR MORE:   3
MIN 32 OR BELOW:   0    0.50 INCH OR MORE:   0
MIN  0 OR BELOW:   0    1.00 INCH OR MORE:   0

[HDD (BASE 65) ]
TOTAL THIS MO.     2    CLEAR  (SCALE 0-3)  20
DPTR FM NORMAL   -30    PTCLDY (SCALE 4-7)   4
TOTAL FM JUL 1     2    CLOUDY (SCALE 8-10)  0
DPTR FM NORMAL   -30

[CDD (BASE 65) ]
TOTAL THIS MO.   170
DPTR FM NORMAL    61    [PRESSURE DATA]
TOTAL FM JAN 1   287    HIGHEST SLP M ON M
DPTR FM NORMAL   128    LOWEST  SLP 29.46 ON M

[REMARKS]
